000
CDUS43 KFSD 220635
CLIHON


CLIMATE REPORT
NATIONAL WEATHER SERVICE SIOUX FALLS SD
1234 AM CST SUN FEB 22 2015


...................................

...THE HURON SD CLIMATE SUMMARY FOR FEBRUARY 21 2015...

CLIMATE NORMAL PERIOD 1981 TO 2010
CLIMATE RECORD PERIOD 1881 TO 2015


WEATHER ITEM   OBSERVED TIME   RECORD YEAR NORMAL DEPARTURE LAST
                VALUE   (LST)  VALUE       VALUE  FROM      YEAR
                                                  NORMAL
..................................................................
TEMPERATURE (F)
 YESTERDAY
  MAXIMUM         25   1222 AM  70    2000  34     -9       31
  MINIMUM         -2   1159 PM -22    1918  13    -15       13
  AVERAGE         12                        24    -12       22

PRECIPITATION (IN)
  YESTERDAY        T             0.15 1962   0.02  -0.02     0.00
                                      1957
  MONTH TO DATE    0.07                      0.42  -0.35     0.26
  SINCE DEC 1      1.12                      1.44  -0.32     1.42
  SINCE JAN 1      0.42                      0.92  -0.50     0.41

SNOWFALL (IN)
  YESTERDAY        T             3.8  1962   0.3   -0.3      0.0
  MONTH TO DATE    1.0                       5.4   -4.4      4.2
  SINCE DEC 1     10.7                      20.7  -10.0     17.7
  SINCE JUL 1     18.6                      29.0  -10.4     20.2
  SNOW DEPTH       0

DEGREE DAYS
 HEATING
  YESTERDAY       53                        41     12       43
  MONTH TO DATE  993                       936     57     1045
  SINCE DEC 1   3693                      3851   -158     4285
  SINCE JUL 1   5550                      5553     -3     5922

 COOLING
  YESTERDAY        0                         0      0        0
  MONTH TO DATE    0                         0      0        0
  SINCE DEC 1      0                         0      0        0
  SINCE JAN 1      0                         0      0        0
..................................................................


WIND (MPH)
  HIGHEST WIND SPEED    23   HIGHEST WIND DIRECTION     N (340)
  HIGHEST GUST SPEED    29   HIGHEST GUST DIRECTION     N (340)
  AVERAGE WIND SPEED    12.7


SKY COVER
  POSSIBLE SUNSHINE  MM
  AVERAGE SKY COVER 0.6


WEATHER CONDITIONS
 THE FOLLOWING WEATHER WAS RECORDED YESTERDAY.
  LIGHT SNOW
  FOG
  HAZE


RELATIVE HUMIDITY (PERCENT)
 HIGHEST    92           100 AM
 LOWEST     47           300 PM
 AVERAGE    70

..........................................................


THE HURON SD CLIMATE NORMALS FOR TODAY
                         NORMAL    RECORD    YEAR
 MAXIMUM TEMPERATURE (F)   34        67      2000
 MINIMUM TEMPERATURE (F)   14       -29      1962


SUNRISE AND SUNSET
FEBRUARY 22 2015......SUNRISE   722 AM CST   SUNSET   611 PM CST
FEBRUARY 23 2015......SUNRISE   720 AM CST   SUNSET   613 PM CST


-  INDICATES NEGATIVE NUMBERS.
R  INDICATES RECORD WAS SET OR TIED.
MM INDICATES DATA IS MISSING.
T  INDICATES TRACE AMOUNT.




$$
