000
CDUS43 KFSD 250635
CLIHON


CLIMATE REPORT
NATIONAL WEATHER SERVICE SIOUX FALLS SD
135 AM CDT THU JUN 25 2015


...................................

...THE HURON SD CLIMATE SUMMARY FOR JUNE 24 2015...

CLIMATE NORMAL PERIOD 1981 TO 2010
CLIMATE RECORD PERIOD 1881 TO 2015


WEATHER ITEM   OBSERVED TIME   RECORD YEAR NORMAL DEPARTURE LAST
                VALUE   (LST)  VALUE       VALUE  FROM      YEAR
                                                  NORMAL
..................................................................
TEMPERATURE (F)
 YESTERDAY
  MAXIMUM         82    433 PM 109    1988  83     -1       81
  MINIMUM         59    526 AM  43    1958  58      1       54
  AVERAGE         71                        70      1       68

PRECIPITATION (IN)
  YESTERDAY        0.00          2.46 1968   0.12  -0.12     0.01
  MONTH TO DATE    3.79                      3.27   0.52     1.61
  SINCE JUN 1      3.79                      3.27   0.52     1.61
  SINCE JAN 1      9.73                     11.25  -1.52     6.10

SNOWFALL (IN)
  YESTERDAY        0.0           0.0    MM   0.0    0.0      0.0
  MONTH TO DATE    T                         0.0    0.0      0.0
  SINCE JUN 1      T                         0.0    0.0      0.0
  SINCE JUL 1     22.8                      43.9  -21.1     28.6
  SNOW DEPTH       0

DEGREE DAYS
 HEATING
  YESTERDAY        0                         1     -1        0
  MONTH TO DATE   11                        47    -36       40
  SINCE JUN 1     11                        47    -36       40
  SINCE JUL 1   7505                      7668   -163     8327

 COOLING
  YESTERDAY        6                         6      0        3
  MONTH TO DATE  107                        92     15       57
  SINCE JUN 1    107                        92     15       57
  SINCE JAN 1    127                       125      2      119
..................................................................


WIND (MPH)
  HIGHEST WIND SPEED    15   HIGHEST WIND DIRECTION    SE (140)
  HIGHEST GUST SPEED    20   HIGHEST GUST DIRECTION    SE (120)
  AVERAGE WIND SPEED     6.1


SKY COVER
  POSSIBLE SUNSHINE  MM
  AVERAGE SKY COVER 0.0


WEATHER CONDITIONS
 THE FOLLOWING WEATHER WAS RECORDED YESTERDAY.
  NO SIGNIFICANT WEATHER WAS OBSERVED.


RELATIVE HUMIDITY (PERCENT)
 HIGHEST    90          1200 AM
 LOWEST     47           300 PM
 AVERAGE    69

..........................................................


THE HURON SD CLIMATE NORMALS FOR TODAY
                         NORMAL    RECORD    YEAR
 MAXIMUM TEMPERATURE (F)   83       109      1936
 MINIMUM TEMPERATURE (F)   59        39      1958


SUNRISE AND SUNSET
JUNE 25 2015..........SUNRISE   550 AM CDT   SUNSET   921 PM CDT
JUNE 26 2015..........SUNRISE   550 AM CDT   SUNSET   921 PM CDT


-  INDICATES NEGATIVE NUMBERS.
R  INDICATES RECORD WAS SET OR TIED.
MM INDICATES DATA IS MISSING.
T  INDICATES TRACE AMOUNT.




$$
