000
CDUS43 KFSD 102231
CLIHON


CLIMATE REPORT
NATIONAL WEATHER SERVICE SIOUX FALLS SD
429 PM CST SAT FEB 10 2018


...................................

...THE HURON SD CLIMATE SUMMARY FOR FEBRUARY 10 2018...
VALID TODAY AS OF 0400 PM LOCAL TIME.

CLIMATE NORMAL PERIOD 1981 TO 2010
CLIMATE RECORD PERIOD 1881 TO 2018


WEATHER ITEM   OBSERVED TIME   RECORD YEAR NORMAL DEPARTURE LAST
                VALUE   (LST)  VALUE       VALUE  FROM      YEAR
                                                  NORMAL
..................................................................
TEMPERATURE (F)
 TODAY
  MAXIMUM          7    325 PM  61    1951  30    -23       55
  MINIMUM        -17    821 AM -32    1884  10    -27       22
  AVERAGE         -5                        20    -25       39

PRECIPITATION (IN)
  TODAY            0.00          0.59 2013   0.02  -0.02     0.00
  MONTH TO DATE    0.29                      0.19   0.10      T
  SINCE DEC 1      1.17                      1.21  -0.04     1.97
  SINCE JAN 1      0.67                      0.69  -0.02     0.58

SNOWFALL (IN)
  TODAY            0.0           9.0  2013   0.3   -0.3      0.0
  MONTH TO DATE    3.7                       2.5    1.2       T
  SINCE DEC 1     16.7                      17.8   -1.1     17.0
  SINCE JUL 1     18.0                      26.1   -8.1     21.7
  SNOW DEPTH       3

DEGREE DAYS
 HEATING
  TODAY           70                        45     25       26
  MONTH TO DATE  600                       461    139      460
  SINCE DEC 1   3466                      3376     90     3455
  SINCE JUL 1   5031                      5078    -47     4663

 COOLING
  TODAY            0                         0      0        0
  MONTH TO DATE    0                         0      0        0
  SINCE DEC 1      0                         0      0        0
  SINCE JAN 1      0                         0      0        0
..................................................................


WIND (MPH)
  HIGHEST WIND SPEED    12   HIGHEST WIND DIRECTION     W (280)
  HIGHEST GUST SPEED    13   HIGHEST GUST DIRECTION    SW (220)
  AVERAGE WIND SPEED     7.2


SKY COVER
  POSSIBLE SUNSHINE  MM
  AVERAGE SKY COVER 0.1


WEATHER CONDITIONS
 THE FOLLOWING WEATHER WAS RECORDED TODAY.
  NO SIGNIFICANT WEATHER WAS OBSERVED.


RELATIVE HUMIDITY (PERCENT)
 HIGHEST    92           300 AM
 LOWEST     62           100 PM
 AVERAGE    77

..........................................................


THE HURON SD CLIMATE NORMALS FOR TOMORROW
                         NORMAL    RECORD    YEAR
 MAXIMUM TEMPERATURE (F)   31        64      1987
 MINIMUM TEMPERATURE (F)   10       -36      1899


SUNRISE AND SUNSET
FEBRUARY 10 2018......SUNRISE   740 AM CST   SUNSET   555 PM CST
FEBRUARY 11 2018......SUNRISE   738 AM CST   SUNSET   556 PM CST


-  INDICATES NEGATIVE NUMBERS.
R  INDICATES RECORD WAS SET OR TIED.
MM INDICATES DATA IS MISSING.
T  INDICATES TRACE AMOUNT.




$$
