000
CDUS43 KFSD 190636
CLIHON


CLIMATE REPORT
NATIONAL WEATHER SERVICE SIOUX FALLS SD
135 AM CDT TUE SEP 19 2017


...................................

...THE HURON SD CLIMATE SUMMARY FOR SEPTEMBER 18 2017...

CLIMATE NORMAL PERIOD 1981 TO 2010
CLIMATE RECORD PERIOD 1881 TO 2017


WEATHER ITEM   OBSERVED TIME   RECORD YEAR NORMAL DEPARTURE LAST
                VALUE   (LST)  VALUE       VALUE  FROM      YEAR
                                                  NORMAL
..................................................................
TEMPERATURE (F)
 YESTERDAY
  MAXIMUM         80    454 PM  96    1891  74      6       86
  MINIMUM         53    208 AM  27    1918  48      5       55
                                      1902
  AVERAGE         67                        61      6       71

PRECIPITATION (IN)
  YESTERDAY        0.00          1.87 1988   0.08  -0.08     0.00
  MONTH TO DATE    0.26                      1.56  -1.30     1.20
  SINCE SEP 1      0.26                      1.56  -1.30     1.20
  SINCE JAN 1     12.57                     18.82  -6.25    15.75

SNOWFALL (IN)
  YESTERDAY        0.0           T    1942   0.0    0.0      0.0
  MONTH TO DATE    0.0                       0.0    0.0      0.0
  SINCE SEP 1      0.0                       0.0    0.0      0.0
  SINCE JUL 1      0.0                       0.0    0.0      0.0
  SNOW DEPTH       0

DEGREE DAYS
 HEATING
  YESTERDAY        0                         6     -6        0
  MONTH TO DATE   50                        66    -16       42
  SINCE SEP 1     50                        66    -16       42
  SINCE JUL 1     59                        95    -36       59

 COOLING
  YESTERDAY        2                         2      0        6
  MONTH TO DATE   89                        59     30       49
  SINCE SEP 1     89                        59     30       49
  SINCE JAN 1    709                       728    -19      855
..................................................................


WIND (MPH)
  HIGHEST WIND SPEED    17   HIGHEST WIND DIRECTION     S (180)
  HIGHEST GUST SPEED    22   HIGHEST GUST DIRECTION     S (200)
  AVERAGE WIND SPEED    10.8


SKY COVER
  POSSIBLE SUNSHINE  MM
  AVERAGE SKY COVER 0.2


WEATHER CONDITIONS
 THE FOLLOWING WEATHER WAS RECORDED YESTERDAY.
  NO SIGNIFICANT WEATHER WAS OBSERVED.


RELATIVE HUMIDITY (PERCENT)
 HIGHEST    93          1100 PM
 LOWEST     42           400 PM
 AVERAGE    68

..........................................................


THE HURON SD CLIMATE NORMALS FOR TODAY
                         NORMAL    RECORD    YEAR
 MAXIMUM TEMPERATURE (F)   73       101      1895
 MINIMUM TEMPERATURE (F)   47        23      1991


SUNRISE AND SUNSET
SEPTEMBER 19 2017.....SUNRISE   717 AM CDT   SUNSET   735 PM CDT
SEPTEMBER 20 2017.....SUNRISE   718 AM CDT   SUNSET   733 PM CDT


-  INDICATES NEGATIVE NUMBERS.
R  INDICATES RECORD WAS SET OR TIED.
MM INDICATES DATA IS MISSING.
T  INDICATES TRACE AMOUNT.




$$
