000
CDUS43 KFSD 140633
CLIHON


CLIMATE REPORT
NATIONAL WEATHER SERVICE SIOUX FALLS SD
133 AM CDT SAT MAY 14 2016


...................................

...THE HURON SD CLIMATE SUMMARY FOR MAY 13 2016...

CLIMATE NORMAL PERIOD 1981 TO 2010
CLIMATE RECORD PERIOD 1881 TO 2016


WEATHER ITEM   OBSERVED TIME   RECORD YEAR NORMAL DEPARTURE LAST
                VALUE   (LST)  VALUE       VALUE  FROM      YEAR
                                                  NORMAL
..................................................................
TEMPERATURE (F)
 YESTERDAY
  MAXIMUM         48   1219 PM  95    1894  70    -22       76
  MINIMUM         32   1159 PM  25    1943  45    -13       52
  AVERAGE         40                        57    -17       64

PRECIPITATION (IN)
  YESTERDAY        0.06          3.20 1908   0.10  -0.04     0.01
  MONTH TO DATE    0.94                      1.21  -0.27     3.02
  SINCE MAR 1      6.15                      4.98   1.17     3.78
  SINCE JAN 1      7.02                      6.08   0.94     4.39

SNOWFALL (IN)
  YESTERDAY        0.0           T    1924   0.0    0.0      0.0
  MONTH TO DATE    0.0                       0.1   -0.1      0.0
  SINCE MAR 1      2.3                      13.0  -10.7      1.2
  SINCE JUL 1     33.0                      44.0  -11.0     22.8
  SNOW DEPTH       0

DEGREE DAYS
 HEATING
  YESTERDAY       25                         9     16        1
  MONTH TO DATE  114                       135    -21      115
  SINCE MAR 1   1390                      1681   -291     1416
  SINCE JUL 1   6466                      7513  -1047     7353

 COOLING
  YESTERDAY        0                         1     -1        0
  MONTH TO DATE   10                        10      0        3
  SINCE MAR 1     11                        14     -3        5
  SINCE JAN 1     11                        14     -3        5
..................................................................


WIND (MPH)
  HIGHEST WIND SPEED    31   HIGHEST WIND DIRECTION    NW (330)
  HIGHEST GUST SPEED    37   HIGHEST GUST DIRECTION    NW (320)
  AVERAGE WIND SPEED    16.6


SKY COVER
  POSSIBLE SUNSHINE  MM
  AVERAGE SKY COVER 0.8


WEATHER CONDITIONS
 THE FOLLOWING WEATHER WAS RECORDED YESTERDAY.
  LIGHT RAIN
  FOG


RELATIVE HUMIDITY (PERCENT)
 HIGHEST    92           700 AM
 LOWEST     49           400 PM
 AVERAGE    71

..........................................................


THE HURON SD CLIMATE NORMALS FOR TODAY
                         NORMAL    RECORD    YEAR
 MAXIMUM TEMPERATURE (F)   70        95      1894
 MINIMUM TEMPERATURE (F)   45        24      1888


SUNRISE AND SUNSET
MAY 14 2016...........SUNRISE   606 AM CDT   SUNSET   853 PM CDT
MAY 15 2016...........SUNRISE   605 AM CDT   SUNSET   854 PM CDT


-  INDICATES NEGATIVE NUMBERS.
R  INDICATES RECORD WAS SET OR TIED.
MM INDICATES DATA IS MISSING.
T  INDICATES TRACE AMOUNT.




$$
