000
CDUS43 KFSD 040632
CLIHON


CLIMATE REPORT
NATIONAL WEATHER SERVICE SIOUX FALLS SD
1232 AM CST THU FEB 4 2016


...................................

...THE HURON SD CLIMATE SUMMARY FOR FEBRUARY 3 2016...

CLIMATE NORMAL PERIOD 1981 TO 2010
CLIMATE RECORD PERIOD 1881 TO 2016


WEATHER ITEM   OBSERVED TIME   RECORD YEAR NORMAL DEPARTURE LAST
                VALUE   (LST)  VALUE       VALUE  FROM      YEAR
                                                  NORMAL
..................................................................
TEMPERATURE (F)
 YESTERDAY
  MAXIMUM         29    455 PM  59    1962  29      0       21
  MINIMUM         11    823 AM -31    1996   8      3        2
  AVERAGE         20                        18      2       12

PRECIPITATION (IN)
  YESTERDAY        0.00          0.50 1997   0.02  -0.02      T
  MONTH TO DATE    0.04                      0.06  -0.02     0.02
  SINCE DEC 1      1.61                      1.08   0.53     1.07
  SINCE JAN 1      0.33                      0.56  -0.23     0.37

SNOWFALL (IN)
  YESTERDAY        0.0           5.5  1997   0.3   -0.3       T
  MONTH TO DATE    0.6                       0.8   -0.2      0.4
  SINCE DEC 1     20.2                      16.1    4.1     10.1
  SINCE JUL 1     25.8                      24.4    1.4     18.0
  SNOW DEPTH       1

DEGREE DAYS
 HEATING
  YESTERDAY       45                        47     -2       53
  MONTH TO DATE  123                       141    -18      175
  SINCE DEC 1   2871                      3056   -185     2875
  SINCE JUL 1   4161                      4758   -597     4732

 COOLING
  YESTERDAY        0                         0      0        0
  MONTH TO DATE    0                         0      0        0
  SINCE DEC 1      0                         0      0        0
  SINCE JAN 1      0                         0      0        0
..................................................................


WIND (MPH)
  HIGHEST WIND SPEED    25   HIGHEST WIND DIRECTION     N (360)
  HIGHEST GUST SPEED    30   HIGHEST GUST DIRECTION     N (350)
  AVERAGE WIND SPEED    12.5


SKY COVER
  POSSIBLE SUNSHINE  MM
  AVERAGE SKY COVER 0.4


WEATHER CONDITIONS
 THE FOLLOWING WEATHER WAS RECORDED YESTERDAY.
  NO SIGNIFICANT WEATHER WAS OBSERVED.


RELATIVE HUMIDITY (PERCENT)
 HIGHEST    88          1100 PM
 LOWEST     63           400 PM
 AVERAGE    76

..........................................................


THE HURON SD CLIMATE NORMALS FOR TODAY
                         NORMAL    RECORD    YEAR
 MAXIMUM TEMPERATURE (F)   29        63      2005
 MINIMUM TEMPERATURE (F)    8       -32      1883


SUNRISE AND SUNSET
FEBRUARY  4 2016......SUNRISE   748 AM CST   SUNSET   546 PM CST
FEBRUARY  5 2016......SUNRISE   747 AM CST   SUNSET   547 PM CST


-  INDICATES NEGATIVE NUMBERS.
R  INDICATES RECORD WAS SET OR TIED.
MM INDICATES DATA IS MISSING.
T  INDICATES TRACE AMOUNT.




$$
