000
CDUS43 KFSD 160657
CLIHON


CLIMATE REPORT
NATIONAL WEATHER SERVICE SIOUX FALLS SD
157 AM CDT SAT MAY 16 2015


...................................

...THE HURON SD CLIMATE SUMMARY FOR MAY 15 2015...

CLIMATE NORMAL PERIOD 1981 TO 2010
CLIMATE RECORD PERIOD 1881 TO 2015


WEATHER ITEM   OBSERVED TIME   RECORD YEAR NORMAL DEPARTURE LAST
                VALUE   (LST)  VALUE       VALUE  FROM      YEAR
                                                  NORMAL
..................................................................
TEMPERATURE (F)
 YESTERDAY
  MAXIMUM         67    559 PM  96    1931  70     -3       55
                                      1894
  MINIMUM         52    641 AM  24    2014  46      6       24
                                      1959
  AVERAGE         60                        58      2       40

PRECIPITATION (IN)
  YESTERDAY        T             1.55 1962   0.09  -0.09     0.00
  MONTH TO DATE    3.10                      1.40   1.70     1.24
  SINCE MAR 1      3.86                      5.17  -1.31     3.12
  SINCE JAN 1      4.47                      6.27  -1.80     3.68

SNOWFALL (IN)
  YESTERDAY        0.0           T    1929   0.0    0.0      0.0
                                      1916
  MONTH TO DATE    0.0                       0.1   -0.1      0.0
  SINCE MAR 1      1.2                      13.0  -11.8      6.9
  SINCE JUL 1     22.8                      44.0  -21.2     28.6
  SNOW DEPTH       0

DEGREE DAYS
 HEATING
  YESTERDAY        5                         8     -3       25
  MONTH TO DATE  127                       151    -24      228
  SINCE MAR 1   1428                      1697   -269     1921
  SINCE JUL 1   7365                      7529   -164     8241

 COOLING
  YESTERDAY        0                         1     -1        0
  MONTH TO DATE    3                        12     -9        0
  SINCE MAR 1      5                        16    -11        0
  SINCE JAN 1      5                        16    -11        0
..................................................................


WIND (MPH)
  HIGHEST WIND SPEED    20   HIGHEST WIND DIRECTION     E (110)
  HIGHEST GUST SPEED    25   HIGHEST GUST DIRECTION    SE (120)
  AVERAGE WIND SPEED     9.5


SKY COVER
  POSSIBLE SUNSHINE  MM
  AVERAGE SKY COVER 0.9


WEATHER CONDITIONS
 THE FOLLOWING WEATHER WAS RECORDED YESTERDAY.
  LIGHT RAIN
  FOG


RELATIVE HUMIDITY (PERCENT)
 HIGHEST   100           400 AM
 LOWEST     68           500 PM
 AVERAGE    84

..........................................................


THE HURON SD CLIMATE NORMALS FOR TODAY
                         NORMAL    RECORD    YEAR
 MAXIMUM TEMPERATURE (F)   70        98      1934
 MINIMUM TEMPERATURE (F)   46        29      1929
                                             1891


SUNRISE AND SUNSET
MAY 16 2015...........SUNRISE   605 AM CDT   SUNSET   854 PM CDT
MAY 17 2015...........SUNRISE   604 AM CDT   SUNSET   855 PM CDT


-  INDICATES NEGATIVE NUMBERS.
R  INDICATES RECORD WAS SET OR TIED.
MM INDICATES DATA IS MISSING.
T  INDICATES TRACE AMOUNT.




$$
