986
CDUS43 KFSD 170616
CLIHON


CLIMATE REPORT
NATIONAL WEATHER SERVICE SIOUX FALLS SD
1214 AM CST FRI NOV 17 2017


...................................

...THE HURON SD CLIMATE SUMMARY FOR NOVEMBER 16 2017...

CLIMATE NORMAL PERIOD 1981 TO 2010
CLIMATE RECORD PERIOD 1881 TO 2017


WEATHER ITEM   OBSERVED TIME   RECORD YEAR NORMAL DEPARTURE LAST
                VALUE   (LST)  VALUE       VALUE  FROM      YEAR
                                                  NORMAL
..................................................................
TEMPERATURE (F)
 YESTERDAY
  MAXIMUM         43        MM  76    2001  43      0       62
  MINIMUM         15        MM  -8    1959  22     -7       32
                                      1955
  AVERAGE         29                        32     -3       47

PRECIPITATION (IN)
  YESTERDAY        0.00          0.75 1971   0.03  -0.03     0.00
  MONTH TO DATE    0.08                      0.52  -0.44      T
  SINCE SEP 1      7.83                      4.77   3.06     2.34
  SINCE JAN 1     20.14                     22.03  -1.89    16.89

SNOWFALL (IN)
  YESTERDAY        0.0           3.3  1996   0.3   -0.3      0.0
  MONTH TO DATE    1.3                       3.0   -1.7      0.0
  SINCE SEP 1      1.3                       4.1   -2.8      0.0
  SINCE JUL 1      1.3                       4.1   -2.8      0.0
  SNOW DEPTH       0

DEGREE DAYS
 HEATING
  YESTERDAY       36                        33      3       18
  MONTH TO DATE  538                       454     84      243
  SINCE SEP 1   1173                      1155     18      735
  SINCE JUL 1   1182                      1184     -2      752

 COOLING
  YESTERDAY        0                         0      0        0
  MONTH TO DATE    0                         0      0        0
  SINCE SEP 1    110                        73     37       81
  SINCE JAN 1    730                       742    -12      887
..................................................................


WIND (MPH)
  HIGHEST WIND SPEED    27   HIGHEST WIND DIRECTION    SE (150)
  HIGHEST GUST SPEED    45   HIGHEST GUST DIRECTION    SE (140)
  AVERAGE WIND SPEED    16.7


SKY COVER
  POSSIBLE SUNSHINE  MM
  AVERAGE SKY COVER 0.0


WEATHER CONDITIONS
 THE FOLLOWING WEATHER WAS RECORDED YESTERDAY.
  NO SIGNIFICANT WEATHER WAS OBSERVED.


RELATIVE HUMIDITY (PERCENT)
 HIGHEST    92           100 AM
 LOWEST     51           300 PM
 AVERAGE    72

..........................................................


THE HURON SD CLIMATE NORMALS FOR TODAY
                         NORMAL    RECORD    YEAR
 MAXIMUM TEMPERATURE (F)   42        71      1953
 MINIMUM TEMPERATURE (F)   22        -9      1891


SUNRISE AND SUNSET
NOVEMBER 17 2017......SUNRISE   732 AM CST   SUNSET   503 PM CST
NOVEMBER 18 2017......SUNRISE   733 AM CST   SUNSET   503 PM CST


-  INDICATES NEGATIVE NUMBERS.
R  INDICATES RECORD WAS SET OR TIED.
MM INDICATES DATA IS MISSING.
T  INDICATES TRACE AMOUNT.




$$
