000
CDUS43 KFSD 180636
CLIHON


CLIMATE REPORT
NATIONAL WEATHER SERVICE SIOUX FALLS SD
135 AM CDT FRI JUL 18 2014


...................................

...THE HURON SD CLIMATE SUMMARY FOR JULY 17 2014...

CLIMATE NORMAL PERIOD 1981 TO 2010
CLIMATE RECORD PERIOD 1881 TO 2014


WEATHER ITEM   OBSERVED TIME   RECORD YEAR NORMAL DEPARTURE LAST
                VALUE   (LST)  VALUE       VALUE  FROM      YEAR
                                                  NORMAL
..................................................................
TEMPERATURE (F)
 YESTERDAY
  MAXIMUM         80    447 PM 110    1936  87     -7       89
  MINIMUM         58    115 AM  45    1885  62     -4       70
  AVERAGE         69                        74     -5       80

PRECIPITATION (IN)
  YESTERDAY        0.00          2.31 1985   0.09  -0.09     0.00
  MONTH TO DATE    3.45                      1.50   1.95     1.71
  SINCE JUN 1      5.82                      5.43   0.39     5.17
  SINCE JAN 1     10.31                     13.41  -3.10    15.76

SNOWFALL (IN)
  YESTERDAY        0.0           0.0    MM   0.0    0.0      0.0
  MONTH TO DATE    0.0                       0.0    0.0      0.0
  SINCE JUN 1      0.0                       0.0    0.0      0.0
  SINCE JUL 1      0.0                       0.0    0.0      0.0
  SNOW DEPTH       0

DEGREE DAYS
 HEATING
  YESTERDAY        0                         0      0        0
  MONTH TO DATE   16                         0     16        0
  SINCE JUN 1     56                        51      5       66
  SINCE JUL 1     16                         0     16        0

 COOLING
  YESTERDAY        4                         9     -5       15
  MONTH TO DATE   93                       147    -54      188
  SINCE JUN 1    196                       280    -84      323
  SINCE JAN 1    258                       313    -55      361
..................................................................


WIND (MPH)
  HIGHEST WIND SPEED    18   HIGHEST WIND DIRECTION     S (160)
  HIGHEST GUST SPEED    27   HIGHEST GUST DIRECTION    SE (150)
  AVERAGE WIND SPEED     9.5


SKY COVER
  POSSIBLE SUNSHINE  MM
  AVERAGE SKY COVER 0.5


WEATHER CONDITIONS
 THE FOLLOWING WEATHER WAS RECORDED YESTERDAY.
  NO SIGNIFICANT WEATHER WAS OBSERVED.


RELATIVE HUMIDITY (PERCENT)
 HIGHEST    78           500 AM
 LOWEST     39           200 PM
 AVERAGE    59

..........................................................


THE HURON SD CLIMATE NORMALS FOR TODAY
                         NORMAL    RECORD    YEAR
 MAXIMUM TEMPERATURE (F)   87       107      1940
 MINIMUM TEMPERATURE (F)   62        48      2009


SUNRISE AND SUNSET
JULY 18 2014..........SUNRISE   605 AM CDT   SUNSET   912 PM CDT
JULY 19 2014..........SUNRISE   606 AM CDT   SUNSET   911 PM CDT


-  INDICATES NEGATIVE NUMBERS.
R  INDICATES RECORD WAS SET OR TIED.
MM INDICATES DATA IS MISSING.
T  INDICATES TRACE AMOUNT.




$$
