000
CDUS43 KFSD 030706
CLIHON


CLIMATE REPORT
NATIONAL WEATHER SERVICE SIOUX FALLS SD
206 AM CDT TUE OCT 3 2017


...................................

...THE HURON SD CLIMATE SUMMARY FOR OCTOBER 2 2017...

CLIMATE NORMAL PERIOD 1981 TO 2010
CLIMATE RECORD PERIOD 1881 TO 2017


WEATHER ITEM   OBSERVED TIME   RECORD YEAR NORMAL DEPARTURE LAST
                VALUE   (LST)  VALUE       VALUE  FROM      YEAR
                                                  NORMAL
..................................................................
TEMPERATURE (F)
 YESTERDAY
  MAXIMUM         60    235 PM  94    1997  67     -7       79
                                      1910
  MINIMUM         48    627 AM  15    1999  41      7       53
  AVERAGE         54                        54      0       66

PRECIPITATION (IN)
  YESTERDAY        0.29          1.23 1882   0.07   0.22     0.00
  MONTH TO DATE    0.85                      0.14   0.71     0.00
  SINCE SEP 1      6.82                      2.60   4.22     1.29
  SINCE JAN 1     19.13                     19.86  -0.73    15.84

SNOWFALL (IN)
  YESTERDAY        0.0           0.1  1999   0.0    0.0      0.0
  MONTH TO DATE    0.0                       0.0    0.0      0.0
  SINCE SEP 1      0.0                       0.0    0.0      0.0
  SINCE JUL 1      0.0                       0.0    0.0      0.0
  SNOW DEPTH       0

DEGREE DAYS
 HEATING
  YESTERDAY       11                        11      0        0
  MONTH TO DATE   11                        22    -11        3
  SINCE SEP 1    134                       189    -55      103
  SINCE JUL 1    143                       218    -75      120

 COOLING
  YESTERDAY        0                         0      0        1
  MONTH TO DATE    2                         0      2        1
  SINCE SEP 1    109                        69     40       77
  SINCE JAN 1    729                       738     -9      883
..................................................................


WIND (MPH)
  HIGHEST WIND SPEED    15   HIGHEST WIND DIRECTION     W (290)
  HIGHEST GUST SPEED    20   HIGHEST GUST DIRECTION    NE (60)
  AVERAGE WIND SPEED     6.7


SKY COVER
  POSSIBLE SUNSHINE  MM
  AVERAGE SKY COVER 0.6


WEATHER CONDITIONS
 THE FOLLOWING WEATHER WAS RECORDED YESTERDAY.
  HEAVY RAIN
  RAIN
  LIGHT RAIN
  FOG


RELATIVE HUMIDITY (PERCENT)
 HIGHEST   100           200 AM
 LOWEST     72           100 PM
 AVERAGE    86

..........................................................


THE HURON SD CLIMATE NORMALS FOR TODAY
                         NORMAL    RECORD    YEAR
 MAXIMUM TEMPERATURE (F)   67        94      1938
 MINIMUM TEMPERATURE (F)   41        25      1902
                                             1883


SUNRISE AND SUNSET
OCTOBER  3 2017.......SUNRISE   733 AM CDT   SUNSET   709 PM CDT
OCTOBER  4 2017.......SUNRISE   735 AM CDT   SUNSET   708 PM CDT


-  INDICATES NEGATIVE NUMBERS.
R  INDICATES RECORD WAS SET OR TIED.
MM INDICATES DATA IS MISSING.
T  INDICATES TRACE AMOUNT.




$$
