000
CDUS43 KFSD 230640
CLIHON


CLIMATE REPORT
NATIONAL WEATHER SERVICE SIOUX FALLS SD
139 AM CDT SAT APR 23 2016


...................................

...THE HURON SD CLIMATE SUMMARY FOR APRIL 22 2016...

CLIMATE NORMAL PERIOD 1981 TO 2010
CLIMATE RECORD PERIOD 1881 TO 2016


WEATHER ITEM   OBSERVED TIME   RECORD YEAR NORMAL DEPARTURE LAST
                VALUE   (LST)  VALUE       VALUE  FROM      YEAR
                                                  NORMAL
..................................................................
TEMPERATURE (F)
 YESTERDAY
  MAXIMUM         65    520 PM  92    1990  62      3       56
  MINIMUM         28    604 AM  19    2015  37     -9       19
  AVERAGE         47                        49     -2       38

PRECIPITATION (IN)
  YESTERDAY        0.00          1.70 1882   0.08  -0.08     0.00
  MONTH TO DATE    1.73                      1.61   0.12     0.53
  SINCE MAR 1      2.80                      3.07  -0.27     0.69
  SINCE JAN 1      3.67                      4.17  -0.50     1.30

SNOWFALL (IN)
  YESTERDAY        0.0           3.8  2013   0.1   -0.1      0.0
  MONTH TO DATE    T                         3.5   -3.5       T
  SINCE MAR 1      2.3                      12.4  -10.1      1.2
  SINCE JUL 1     33.0                      43.4  -10.4     22.8
  SNOW DEPTH       0

DEGREE DAYS
 HEATING
  YESTERDAY       18                        16      2       27
  MONTH TO DATE  409                       447    -38      357
  SINCE MAR 1   1156                      1434   -278     1215
  SINCE JUL 1   6232                      7266  -1034     7152

 COOLING
  YESTERDAY        0                         0      0        0
  MONTH TO DATE    0                         0      0        0
  SINCE MAR 1      0                         0      0        2
  SINCE JAN 1      0                         0      0        2
..................................................................


WIND (MPH)
  HIGHEST WIND SPEED    18   HIGHEST WIND DIRECTION    SE (140)
  HIGHEST GUST SPEED    33   HIGHEST GUST DIRECTION    SE (150)
  AVERAGE WIND SPEED     8.0


SKY COVER
  POSSIBLE SUNSHINE  MM
  AVERAGE SKY COVER 0.0


WEATHER CONDITIONS
 THE FOLLOWING WEATHER WAS RECORDED YESTERDAY.
  FOG


RELATIVE HUMIDITY (PERCENT)
 HIGHEST   100           300 AM
 LOWEST     34           400 PM
 AVERAGE    67

..........................................................


THE HURON SD CLIMATE NORMALS FOR TODAY
                         NORMAL    RECORD    YEAR
 MAXIMUM TEMPERATURE (F)   63        91      2009
 MINIMUM TEMPERATURE (F)   37         8      2013


SUNRISE AND SUNSET
APRIL 23 2016.........SUNRISE   635 AM CDT   SUNSET   828 PM CDT
APRIL 24 2016.........SUNRISE   633 AM CDT   SUNSET   829 PM CDT


-  INDICATES NEGATIVE NUMBERS.
R  INDICATES RECORD WAS SET OR TIED.
MM INDICATES DATA IS MISSING.
T  INDICATES TRACE AMOUNT.




$$
