000
CDUS43 KFSD 192256
CLIHON


CLIMATE REPORT
NATIONAL WEATHER SERVICE SIOUX FALLS SD
456 PM CST SAT NOV 19 2016


...................................

...THE HURON SD CLIMATE SUMMARY FOR NOVEMBER 19 2016...
VALID TODAY AS OF 0400 PM LOCAL TIME.

CLIMATE NORMAL PERIOD 1981 TO 2010
CLIMATE RECORD PERIOD 1881 TO 2016


WEATHER ITEM   OBSERVED TIME   RECORD YEAR NORMAL DEPARTURE LAST
                VALUE   (LST)  VALUE       VALUE  FROM      YEAR
                                                  NORMAL
..................................................................
TEMPERATURE (F)
 TODAY
  MAXIMUM         31    240 PM  72    1897  41    -10       39
  MINIMUM         12    802 AM  -8    1921  20     -8       20
  AVERAGE         22                        31     -9       30

PRECIPITATION (IN)
  TODAY            0.00          0.54 1930   0.03  -0.03     0.00
  MONTH TO DATE    0.15                      0.61  -0.46     1.02
  SINCE SEP 1      2.49                      4.86  -2.37     4.69
  SINCE JAN 1     17.04                     22.12  -5.08    23.88

SNOWFALL (IN)
  TODAY            0.0           5.0  2011   0.3   -0.3      0.0
  MONTH TO DATE    3.9                       3.9    0.0      0.0
  SINCE SEP 1      3.9                       5.0   -1.1       T
  SINCE JUL 1      3.9                       5.0   -1.1       T
  SNOW DEPTH       4

DEGREE DAYS
 HEATING
  TODAY           43                        34      9       35
  MONTH TO DATE  348                       555   -207      374
  SINCE SEP 1    840                      1256   -416      848
  SINCE JUL 1    857                      1285   -428      888

 COOLING
  TODAY            0                         0      0        0
  MONTH TO DATE    0                         0      0        0
  SINCE SEP 1     81                        73      8      141
  SINCE JAN 1    887                       742    145      797
..................................................................


WIND (MPH)
  HIGHEST WIND SPEED    13   HIGHEST WIND DIRECTION    NW (300)
  HIGHEST GUST SPEED    16   HIGHEST GUST DIRECTION    NW (330)
  AVERAGE WIND SPEED     6.8


SKY COVER
  POSSIBLE SUNSHINE  MM
  AVERAGE SKY COVER 0.0


WEATHER CONDITIONS
 THE FOLLOWING WEATHER WAS RECORDED TODAY.
  NO SIGNIFICANT WEATHER WAS OBSERVED.


RELATIVE HUMIDITY (PERCENT)
 HIGHEST   100           400 AM
 LOWEST     63           100 PM
 AVERAGE    82

..........................................................


THE HURON SD CLIMATE NORMALS FOR TOMORROW
                         NORMAL    RECORD    YEAR
 MAXIMUM TEMPERATURE (F)   40        77      1962
 MINIMUM TEMPERATURE (F)   20        -9      1985


SUNRISE AND SUNSET
NOVEMBER 19 2016......SUNRISE   735 AM CST   SUNSET   502 PM CST
NOVEMBER 20 2016......SUNRISE   736 AM CST   SUNSET   501 PM CST


-  INDICATES NEGATIVE NUMBERS.
R  INDICATES RECORD WAS SET OR TIED.
MM INDICATES DATA IS MISSING.
T  INDICATES TRACE AMOUNT.




$$
