000
CDUS43 KFSD 120623
CLIHON


CLIMATE REPORT
NATIONAL WEATHER SERVICE SIOUX FALLS SD
121 AM CDT SUN OCT 12 2014


...................................

...THE HURON SD CLIMATE SUMMARY FOR OCTOBER 11 2014...

CLIMATE NORMAL PERIOD 1981 TO 2010
CLIMATE RECORD PERIOD 1881 TO 2014


WEATHER ITEM   OBSERVED TIME   RECORD YEAR NORMAL DEPARTURE LAST
                VALUE   (LST)  VALUE       VALUE  FROM      YEAR
                                                  NORMAL
..................................................................
TEMPERATURE (F)
 YESTERDAY
  MAXIMUM         66    401 PM  91    1910  63      3       71
  MINIMUM         32    415 AM  19    2009  37     -5       49
  AVERAGE         49                        50     -1       60

PRECIPITATION (IN)
  YESTERDAY        0.00          1.25 1961   0.06  -0.06     0.02
  MONTH TO DATE    0.02                      0.71  -0.69     1.73
  SINCE SEP 1      1.12                      3.17  -2.05     3.14
  SINCE JAN 1     14.68                     20.43  -5.75    20.34

SNOWFALL (IN)
  YESTERDAY        0.0           0.1  2009   0.1   -0.1      0.0
  MONTH TO DATE    0.0                       0.2   -0.2      0.0
  SINCE SEP 1      0.0                       0.2   -0.2      0.0
  SINCE JUL 1      0.0                       0.2   -0.2      0.0
  SNOW DEPTH       0

DEGREE DAYS
 HEATING
  YESTERDAY       16                        15      1        5
  MONTH TO DATE  178                       143     35       88
  SINCE SEP 1    317                       310      7      141
  SINCE JUL 1    350                       339     11      163

 COOLING
  YESTERDAY        0                         0      0        0
  MONTH TO DATE    0                         0      0        0
  SINCE SEP 1     74                        69      5      160
  SINCE JAN 1    597                       738   -141      848
..................................................................


WIND (MPH)
  HIGHEST WIND SPEED    23   HIGHEST WIND DIRECTION     S (170)
  HIGHEST GUST SPEED    33   HIGHEST GUST DIRECTION     S (170)
  AVERAGE WIND SPEED    12.6


SKY COVER
  POSSIBLE SUNSHINE  MM
  AVERAGE SKY COVER 0.1


WEATHER CONDITIONS
 THE FOLLOWING WEATHER WAS RECORDED YESTERDAY.
  LIGHT RAIN
  LIGHT SNOW


RELATIVE HUMIDITY (PERCENT)
 HIGHEST    82           600 AM
 LOWEST     31           100 PM
 AVERAGE    57

..........................................................


THE HURON SD CLIMATE NORMALS FOR TODAY
                         NORMAL    RECORD    YEAR
 MAXIMUM TEMPERATURE (F)   63        86      1958
                                             1956
 MINIMUM TEMPERATURE (F)   37        13      1917


SUNRISE AND SUNSET
OCTOBER 12 2014.......SUNRISE   744 AM CDT   SUNSET   654 PM CDT
OCTOBER 13 2014.......SUNRISE   745 AM CDT   SUNSET   652 PM CDT


-  INDICATES NEGATIVE NUMBERS.
R  INDICATES RECORD WAS SET OR TIED.
MM INDICATES DATA IS MISSING.
T  INDICATES TRACE AMOUNT.




$$
