000
CDUS43 KFSD 300633
CLIHON


CLIMATE REPORT
NATIONAL WEATHER SERVICE SIOUX FALLS SD
132 AM CDT TUE JUN 30 2015


...................................

...THE HURON SD CLIMATE SUMMARY FOR JUNE 29 2015...

CLIMATE NORMAL PERIOD 1981 TO 2010
CLIMATE RECORD PERIOD 1881 TO 2015


WEATHER ITEM   OBSERVED TIME   RECORD YEAR NORMAL DEPARTURE LAST
                VALUE   (LST)  VALUE       VALUE  FROM      YEAR
                                                  NORMAL
..................................................................
TEMPERATURE (F)
 YESTERDAY
  MAXIMUM         87    435 PM 104    1931  84      3       85
  MINIMUM         59    539 AM  43    1985  60     -1       60
                                      1950
  AVERAGE         73                        72      1       73

PRECIPITATION (IN)
  YESTERDAY        0.00          1.15 1993   0.10  -0.10     0.00
  MONTH TO DATE    4.55                      3.83   0.72     2.37
  SINCE JUN 1      4.55                      3.83   0.72     2.37
  SINCE JAN 1     10.49                     11.81  -1.32     6.86

SNOWFALL (IN)
  YESTERDAY        0.0           0.0    MM   0.0    0.0      0.0
  MONTH TO DATE    T                         0.0    0.0      0.0
  SINCE JUN 1      T                         0.0    0.0      0.0
  SINCE JUL 1     22.8                      43.9  -21.1     28.6
  SNOW DEPTH       0

DEGREE DAYS
 HEATING
  YESTERDAY        0                         1     -1        0
  MONTH TO DATE   11                        52    -41       40
  SINCE JUN 1     11                        52    -41       40
  SINCE JUL 1   7505                      7673   -168     8327

 COOLING
  YESTERDAY        8                         7      1        8
  MONTH TO DATE  145                       126     19       97
  SINCE JUN 1    145                       126     19       97
  SINCE JAN 1    165                       159      6      159
..................................................................


WIND (MPH)
  HIGHEST WIND SPEED    15   HIGHEST WIND DIRECTION     N (340)
  HIGHEST GUST SPEED    19   HIGHEST GUST DIRECTION    NW (310)
  AVERAGE WIND SPEED     6.0


SKY COVER
  POSSIBLE SUNSHINE  MM
  AVERAGE SKY COVER 0.0


WEATHER CONDITIONS
 THE FOLLOWING WEATHER WAS RECORDED YESTERDAY.
  FOG
  HAZE


RELATIVE HUMIDITY (PERCENT)
 HIGHEST    97           300 AM
 LOWEST     43           400 PM
 AVERAGE    70

..........................................................


THE HURON SD CLIMATE NORMALS FOR TODAY
                         NORMAL    RECORD    YEAR
 MAXIMUM TEMPERATURE (F)   84       104      1931
 MINIMUM TEMPERATURE (F)   60        44      1892


SUNRISE AND SUNSET
JUNE 30 2015..........SUNRISE   552 AM CDT   SUNSET   921 PM CDT
JULY  1 2015..........SUNRISE   552 AM CDT   SUNSET   921 PM CDT


-  INDICATES NEGATIVE NUMBERS.
R  INDICATES RECORD WAS SET OR TIED.
MM INDICATES DATA IS MISSING.
T  INDICATES TRACE AMOUNT.




$$
