000
CDUS43 KFSD 032219
CLIHON


CLIMATE REPORT
NATIONAL WEATHER SERVICE SIOUX FALLS SD
518 PM CDT SUN SEP 3 2017


...................................

...THE HURON SD CLIMATE SUMMARY FOR SEPTEMBER 3 2017...
VALID TODAY AS OF 0500 PM LOCAL TIME.

CLIMATE NORMAL PERIOD 1981 TO 2010
CLIMATE RECORD PERIOD 1881 TO 2017


WEATHER ITEM   OBSERVED TIME   RECORD YEAR NORMAL DEPARTURE LAST
                VALUE   (LST)  VALUE       VALUE  FROM      YEAR
                                                  NORMAL
..................................................................
TEMPERATURE (F)
 TODAY
  MAXIMUM         89    356 PM 102    1893  80      9       83
  MINIMUM         57    608 AM  31    1974  55      2       62
  AVERAGE         73                        67      6       73

PRECIPITATION (IN)
  TODAY            0.00          1.00 1971   0.08  -0.08     0.00
  MONTH TO DATE    0.12                      0.24  -0.12     0.00
  SINCE SEP 1      0.12                      0.24  -0.12     0.00
  SINCE JAN 1     12.43                     17.50  -5.07    14.55

SNOWFALL (IN)
  TODAY            0.0           0.0    MM   0.0    0.0      0.0
  MONTH TO DATE    0.0                       0.0    0.0      0.0
  SINCE SEP 1      0.0                       0.0    0.0      0.0
  SINCE JUL 1      0.0                       0.0    0.0      0.0
  SNOW DEPTH       0

DEGREE DAYS
 HEATING
  TODAY            0                         2     -2        0
  MONTH TO DATE    0                         6     -6        0
  SINCE SEP 1      0                         6     -6        0
  SINCE JUL 1      9                        35    -26       17

 COOLING
  TODAY            8                         5      3        8
  MONTH TO DATE   21                        15      6       19
  SINCE SEP 1     21                        15      6       19
  SINCE JAN 1    641                       684    -43      825
..................................................................


WIND (MPH)
  HIGHEST WIND SPEED    16   HIGHEST WIND DIRECTION     S (180)
  HIGHEST GUST SPEED    21   HIGHEST GUST DIRECTION     S (180)
  AVERAGE WIND SPEED     8.4


SKY COVER
  POSSIBLE SUNSHINE  MM
  AVERAGE SKY COVER 0.0


WEATHER CONDITIONS
 THE FOLLOWING WEATHER WAS RECORDED TODAY.
  NO SIGNIFICANT WEATHER WAS OBSERVED.


RELATIVE HUMIDITY (PERCENT)
 HIGHEST    93           300 AM
 LOWEST     50           200 PM
 AVERAGE    72

..........................................................


THE HURON SD CLIMATE NORMALS FOR TOMORROW
                         NORMAL    RECORD    YEAR
 MAXIMUM TEMPERATURE (F)   80       100      2001
                                             1931
                                             1913
 MINIMUM TEMPERATURE (F)   54        34      1961
                                             1902


SUNRISE AND SUNSET
SEPTEMBER  3 2017.....SUNRISE   658 AM CDT   SUNSET   805 PM CDT
SEPTEMBER  4 2017.....SUNRISE   659 AM CDT   SUNSET   803 PM CDT


-  INDICATES NEGATIVE NUMBERS.
R  INDICATES RECORD WAS SET OR TIED.
MM INDICATES DATA IS MISSING.
T  INDICATES TRACE AMOUNT.




$$
