920
CDUS43 KFSD 020627
CLIHON


CLIMATE REPORT
NATIONAL WEATHER SERVICE SIOUX FALLS SD
1227 AM CST TUE FEB 2 2016


...................................

...THE HURON SD CLIMATE SUMMARY FOR FEBRUARY 1 2016...

CLIMATE NORMAL PERIOD 1981 TO 2010
CLIMATE RECORD PERIOD 1881 TO 2016


WEATHER ITEM   OBSERVED TIME   RECORD YEAR NORMAL DEPARTURE LAST
                VALUE   (LST)  VALUE       VALUE  FROM      YEAR
                                                  NORMAL
..................................................................
TEMPERATURE (F)
 YESTERDAY
  MAXIMUM         38    403 PM  59    1987  28     10       11
  MINIMUM         18    805 AM -33    1893   8     10       -8
  AVERAGE         28                        18     10        2

PRECIPITATION (IN)
  YESTERDAY        0.00          0.41 1922   0.02  -0.02     0.02
  MONTH TO DATE    0.00                      0.02  -0.02     0.02
  SINCE DEC 1      1.57                      1.04   0.53     1.07
  SINCE JAN 1      0.29                      0.52  -0.23     0.37

SNOWFALL (IN)
  YESTERDAY        0.0           5.5  1939   0.2   -0.2      0.4
  MONTH TO DATE    0.0                       0.2   -0.2      0.4
  SINCE DEC 1     19.6                      15.5    4.1     10.1
  SINCE JUL 1     25.2                      23.8    1.4     18.0
  SNOW DEPTH       T

DEGREE DAYS
 HEATING
  YESTERDAY       37                        47    -10       63
  MONTH TO DATE   37                        47    -10       63
  SINCE DEC 1   2785                      2962   -177     2763
  SINCE JUL 1   4075                      4664   -589     4620

 COOLING
  YESTERDAY        0                         0      0        0
  MONTH TO DATE    0                         0      0        0
  SINCE DEC 1      0                         0      0        0
  SINCE JAN 1      0                         0      0        0
..................................................................


WIND (MPH)
  HIGHEST WIND SPEED     8   HIGHEST WIND DIRECTION    NE (40)
  HIGHEST GUST SPEED     9   HIGHEST GUST DIRECTION     W (290)
  AVERAGE WIND SPEED     3.6


SKY COVER
  POSSIBLE SUNSHINE  MM
  AVERAGE SKY COVER 0.0


WEATHER CONDITIONS
 THE FOLLOWING WEATHER WAS RECORDED YESTERDAY.
  NO SIGNIFICANT WEATHER WAS OBSERVED.


RELATIVE HUMIDITY (PERCENT)
 HIGHEST   100           400 AM
 LOWEST     75           100 PM
 AVERAGE    88

..........................................................


THE HURON SD CLIMATE NORMALS FOR TODAY
                         NORMAL    RECORD    YEAR
 MAXIMUM TEMPERATURE (F)   28        65      1991
 MINIMUM TEMPERATURE (F)    8       -36      1905


SUNRISE AND SUNSET
FEBRUARY  2 2016......SUNRISE   750 AM CST   SUNSET   543 PM CST
FEBRUARY  3 2016......SUNRISE   749 AM CST   SUNSET   544 PM CST


-  INDICATES NEGATIVE NUMBERS.
R  INDICATES RECORD WAS SET OR TIED.
MM INDICATES DATA IS MISSING.
T  INDICATES TRACE AMOUNT.




$$
