000
CDUS43 KFSD 210708
CLIHON


CLIMATE REPORT
NATIONAL WEATHER SERVICE SIOUX FALLS SD
208 AM CDT MON JUL 21 2014


...................................

...THE HURON SD CLIMATE SUMMARY FOR JULY 20 2014...

CLIMATE NORMAL PERIOD 1981 TO 2010
CLIMATE RECORD PERIOD 1881 TO 2014


WEATHER ITEM   OBSERVED TIME   RECORD YEAR NORMAL DEPARTURE LAST
                VALUE   (LST)  VALUE       VALUE  FROM      YEAR
                                                  NORMAL
..................................................................
TEMPERATURE (F)
 YESTERDAY
  MAXIMUM         87    433 PM 111    1934  87      0       80
  MINIMUM         67    550 AM  46    1970  62      5       65
  AVERAGE         77                        74      3       73

PRECIPITATION (IN)
  YESTERDAY        0.00          1.69 2001   0.10  -0.10     0.07
  MONTH TO DATE    3.45                      1.78   1.67     1.78
  SINCE JUN 1      5.82                      5.71   0.11     5.24
  SINCE JAN 1     10.31                     13.69  -3.38    15.83

SNOWFALL (IN)
  YESTERDAY        0.0           0.0    MM   0.0    0.0      0.0
  MONTH TO DATE    0.0                       0.0    0.0      0.0
  SINCE JUN 1      0.0                       0.0    0.0      0.0
  SINCE JUL 1      0.0                       0.0    0.0      0.0
  SNOW DEPTH       0

DEGREE DAYS
 HEATING
  YESTERDAY        0                         0      0        0
  MONTH TO DATE   16                         0     16        0
  SINCE JUN 1     56                        51      5       66
  SINCE JUL 1     16                         0     16        0

 COOLING
  YESTERDAY       12                         9      3        8
  MONTH TO DATE  118                       174    -56      225
  SINCE JUN 1    221                       307    -86      360
  SINCE JAN 1    283                       340    -57      398
..................................................................


WIND (MPH)
  HIGHEST WIND SPEED    17   HIGHEST WIND DIRECTION     S (170)
  HIGHEST GUST SPEED    22   HIGHEST GUST DIRECTION    SE (150)
  AVERAGE WIND SPEED    10.2


SKY COVER
  POSSIBLE SUNSHINE  MM
  AVERAGE SKY COVER 0.1


WEATHER CONDITIONS
 THE FOLLOWING WEATHER WAS RECORDED YESTERDAY.
  FOG


RELATIVE HUMIDITY (PERCENT)
 HIGHEST    93           300 AM
 LOWEST     61           300 PM
 AVERAGE    77

..........................................................


THE HURON SD CLIMATE NORMALS FOR TODAY
                         NORMAL    RECORD    YEAR
 MAXIMUM TEMPERATURE (F)   87       110      1934
 MINIMUM TEMPERATURE (F)   62        43      1947


SUNRISE AND SUNSET
JULY 21 2014..........SUNRISE   608 AM CDT   SUNSET   910 PM CDT
JULY 22 2014..........SUNRISE   609 AM CDT   SUNSET   909 PM CDT


-  INDICATES NEGATIVE NUMBERS.
R  INDICATES RECORD WAS SET OR TIED.
MM INDICATES DATA IS MISSING.
T  INDICATES TRACE AMOUNT.




$$
