000
CDUS43 KFSD 092231
CLIHON


CLIMATE REPORT
NATIONAL WEATHER SERVICE SIOUX FALLS SD
526 PM CDT FRI JUN 9 2017


...................................

...THE HURON SD CLIMATE SUMMARY FOR JUNE 9 2017...
VALID TODAY AS OF 0500 PM LOCAL TIME.

CLIMATE NORMAL PERIOD 1981 TO 2010
CLIMATE RECORD PERIOD 1881 TO 2017


WEATHER ITEM   OBSERVED TIME   RECORD YEAR NORMAL DEPARTURE LAST
                VALUE   (LST)  VALUE       VALUE  FROM      YEAR
                                                  NORMAL
..................................................................
TEMPERATURE (F)
 TODAY
  MAXIMUM         94    354 PM 100    1956  77     17       95
  MINIMUM         64    541 AM  34    1989  54     10       63
  AVERAGE         79                        66     13       79

PRECIPITATION (IN)
  TODAY            0.00          1.65 1974   0.14  -0.14     0.00
  MONTH TO DATE    0.05                      1.26  -1.21     0.86
  SINCE JUN 1      0.05                      1.26  -1.21     0.86
  SINCE JAN 1      4.14                      9.24  -5.10     9.67

SNOWFALL (IN)
  TODAY            0.0           0.0    MM   0.0    0.0      0.0
  MONTH TO DATE    0.0                       0.0    0.0      0.0
  SINCE JUN 1      0.0                       0.0    0.0      0.0
  SINCE JUL 1     35.9                      43.9   -8.0     33.0
  SNOW DEPTH       0

DEGREE DAYS
 HEATING
  TODAY            0                         2     -2        0
  MONTH TO DATE    1                        27    -26       17
  SINCE JUN 1      1                        27    -26       17
  SINCE JUL 1   6881                      7648   -767     6569

 COOLING
  TODAY           14                         3     11       14
  MONTH TO DATE   69                        22     47       31
  SINCE JUN 1     69                        22     47       31
  SINCE JAN 1     90                        55     35       62
..................................................................


WIND (MPH)
  HIGHEST WIND SPEED    29   HIGHEST WIND DIRECTION     S (180)
  HIGHEST GUST SPEED    39   HIGHEST GUST DIRECTION     S (160)
  AVERAGE WIND SPEED    14.1


SKY COVER
  POSSIBLE SUNSHINE  MM
  AVERAGE SKY COVER 0.0


WEATHER CONDITIONS
 THE FOLLOWING WEATHER WAS RECORDED TODAY.
  NO SIGNIFICANT WEATHER WAS OBSERVED.


RELATIVE HUMIDITY (PERCENT)
 HIGHEST    67           600 AM
 LOWEST     26           300 PM
 AVERAGE    47

..........................................................


THE HURON SD CLIMATE NORMALS FOR TOMORROW
                         NORMAL    RECORD    YEAR
 MAXIMUM TEMPERATURE (F)   78       102      1933
 MINIMUM TEMPERATURE (F)   54        36      1964


SUNRISE AND SUNSET
JUNE  9 2017..........SUNRISE   549 AM CDT   SUNSET   916 PM CDT
JUNE 10 2017..........SUNRISE   548 AM CDT   SUNSET   917 PM CDT


-  INDICATES NEGATIVE NUMBERS.
R  INDICATES RECORD WAS SET OR TIED.
MM INDICATES DATA IS MISSING.
T  INDICATES TRACE AMOUNT.




$$
