000
CDUS43 KFSD 110638
CLIHON


CLIMATE REPORT
NATIONAL WEATHER SERVICE SIOUX FALLS SD
136 AM CDT MON JUL 11 2016


...................................

...THE HURON SD CLIMATE SUMMARY FOR JULY 10 2016...

CLIMATE NORMAL PERIOD 1981 TO 2010
CLIMATE RECORD PERIOD 1881 TO 2016


WEATHER ITEM   OBSERVED TIME   RECORD YEAR NORMAL DEPARTURE LAST
                VALUE   (LST)  VALUE       VALUE  FROM      YEAR
                                                  NORMAL
..................................................................
TEMPERATURE (F)
 YESTERDAY
  MAXIMUM         86    448 PM 112    1966  86      0       85
  MINIMUM         69    509 AM  45    1945  61      8       62
                                      1889
  AVERAGE         78                        74      4       74

PRECIPITATION (IN)
  YESTERDAY        0.00          1.31 1913   0.09  -0.09     0.00
  MONTH TO DATE    0.48                      0.86  -0.38     1.14
  SINCE JUN 1      2.39                      4.79  -2.40     5.74
  SINCE JAN 1     11.20                     12.77  -1.57    11.68

SNOWFALL (IN)
  YESTERDAY        0.0           0.0    MM   0.0    0.0      0.0
  MONTH TO DATE    0.0                       0.0    0.0      0.0
  SINCE JUN 1      0.0                       0.0    0.0       T
  SINCE JUL 1      0.0                       0.0    0.0      0.0
  SNOW DEPTH       0

DEGREE DAYS
 HEATING
  YESTERDAY        0                         0      0        0
  MONTH TO DATE    6                         0      6        4
  SINCE JUN 1     23                        51    -28       15
  SINCE JUL 1      6                         0      6        4

 COOLING
  YESTERDAY       13                         9      4        9
  MONTH TO DATE   77                        84     -7       50
  SINCE JUN 1    305                       217     88      200
  SINCE JAN 1    336                       250     86      220
..................................................................


WIND (MPH)
  HIGHEST WIND SPEED    33   HIGHEST WIND DIRECTION     S (160)
  HIGHEST GUST SPEED    46   HIGHEST GUST DIRECTION     S (160)
  AVERAGE WIND SPEED    17.9


SKY COVER
  POSSIBLE SUNSHINE  MM
  AVERAGE SKY COVER 0.4


WEATHER CONDITIONS
 THE FOLLOWING WEATHER WAS RECORDED YESTERDAY.
  THUNDERSTORM


RELATIVE HUMIDITY (PERCENT)
 HIGHEST    85          1200 AM
 LOWEST     51          1200 PM
 AVERAGE    68

..........................................................


THE HURON SD CLIMATE NORMALS FOR TODAY
                         NORMAL    RECORD    YEAR
 MAXIMUM TEMPERATURE (F)   86       110      1966
 MINIMUM TEMPERATURE (F)   61        46      1975


SUNRISE AND SUNSET
JULY 11 2016..........SUNRISE   600 AM CDT   SUNSET   917 PM CDT
JULY 12 2016..........SUNRISE   601 AM CDT   SUNSET   916 PM CDT


-  INDICATES NEGATIVE NUMBERS.
R  INDICATES RECORD WAS SET OR TIED.
MM INDICATES DATA IS MISSING.
T  INDICATES TRACE AMOUNT.




$$
