000
CDUS43 KFSD 302224
CLIHON


CLIMATE REPORT
NATIONAL WEATHER SERVICE SIOUX FALLS SD
423 PM CST THU NOV 30 2017


...................................

...THE HURON SD CLIMATE SUMMARY FOR NOVEMBER 30 2017...
VALID TODAY AS OF 0400 PM LOCAL TIME.

CLIMATE NORMAL PERIOD 1981 TO 2010
CLIMATE RECORD PERIOD 1881 TO 2017


WEATHER ITEM   OBSERVED TIME   RECORD YEAR NORMAL DEPARTURE LAST
                VALUE   (LST)  VALUE       VALUE  FROM      YEAR
                                                  NORMAL
..................................................................
TEMPERATURE (F)
 TODAY
  MAXIMUM         55    224 PM  63    1932  34     21       32
  MINIMUM         26    630 AM -21    1964  15     11       30
  AVERAGE         41                        24     17       31

PRECIPITATION (IN)
  TODAY            0.00          0.90 1981   0.02  -0.02     0.03
  MONTH TO DATE    0.08                      0.87  -0.79     1.24
  SINCE SEP 1      7.83                      5.12   2.71     3.58
  SINCE JAN 1     20.14                     22.38  -2.24    18.13

SNOWFALL (IN)
  TODAY            0.0           6.8  1981   0.3   -0.3      0.3
  MONTH TO DATE    1.3                       7.2   -5.9      4.7
  SINCE SEP 1      1.3                       8.3   -7.0      4.7
  SINCE JUL 1      1.3                       8.3   -7.0      4.7
  SNOW DEPTH       0

DEGREE DAYS
 HEATING
  TODAY           24                        40    -16       34
  MONTH TO DATE  921                       970    -49      699
  SINCE SEP 1   1556                      1673   -117     1191
  SINCE JUL 1   1565                      1702   -137     1208

 COOLING
  TODAY            0                         0      0        0
  MONTH TO DATE    0                         0      0        0
  SINCE SEP 1    110                        73     37       81
  SINCE JAN 1    730                       742    -12      887
..................................................................


WIND (MPH)
  HIGHEST WIND SPEED    22   HIGHEST WIND DIRECTION     W (290)
  HIGHEST GUST SPEED    29   HIGHEST GUST DIRECTION     W (290)
  AVERAGE WIND SPEED    11.0


SKY COVER
  POSSIBLE SUNSHINE  MM
  AVERAGE SKY COVER 0.0


WEATHER CONDITIONS
 THE FOLLOWING WEATHER WAS RECORDED TODAY.
  NO SIGNIFICANT WEATHER WAS OBSERVED.


RELATIVE HUMIDITY (PERCENT)
 HIGHEST    75           700 AM
 LOWEST     24           300 PM
 AVERAGE    50

..........................................................


THE HURON SD CLIMATE NORMALS FOR TOMORROW
                         NORMAL    RECORD    YEAR
 MAXIMUM TEMPERATURE (F)   34        66      1998
 MINIMUM TEMPERATURE (F)   14       -16      1893


SUNRISE AND SUNSET
NOVEMBER 30 2017......SUNRISE   748 AM CST   SUNSET   455 PM CST
DECEMBER  1 2017......SUNRISE   749 AM CST   SUNSET   455 PM CST


-  INDICATES NEGATIVE NUMBERS.
R  INDICATES RECORD WAS SET OR TIED.
MM INDICATES DATA IS MISSING.
T  INDICATES TRACE AMOUNT.




$$
