000
CDUS43 KFSD 240637
CLIHON


CLIMATE REPORT
NATIONAL WEATHER SERVICE SIOUX FALLS SD
136 AM CDT WED SEP 24 2014


...................................

...THE HURON SD CLIMATE SUMMARY FOR SEPTEMBER 23 2014...

CLIMATE NORMAL PERIOD 1981 TO 2010
CLIMATE RECORD PERIOD 1881 TO 2014


WEATHER ITEM   OBSERVED TIME   RECORD YEAR NORMAL DEPARTURE LAST
                VALUE   (LST)  VALUE       VALUE  FROM      YEAR
                                                  NORMAL
..................................................................
TEMPERATURE (F)
 YESTERDAY
  MAXIMUM         63   1112 PM  98    1892  71     -8       81
  MINIMUM         56   1136 AM  23    1989  45     11       60
  AVERAGE         60                        58      2       71

PRECIPITATION (IN)
  YESTERDAY        0.47          1.17 1920   0.07   0.40      T
  MONTH TO DATE    0.75                      1.94  -1.19     0.22
  SINCE SEP 1      0.75                      1.94  -1.19     0.22
  SINCE JAN 1     14.31                     19.20  -4.89    17.42

SNOWFALL (IN)
  YESTERDAY        0.0           T    1965   0.0    0.0      0.0
  MONTH TO DATE    0.0                       0.0    0.0      0.0
  SINCE SEP 1      0.0                       0.0    0.0      0.0
  SINCE JUL 1      0.0                       0.0    0.0      0.0
  SNOW DEPTH       0

DEGREE DAYS
 HEATING
  YESTERDAY        5                         8     -3        0
  MONTH TO DATE  137                       101     36       42
  SINCE SEP 1    137                       101     36       42
  SINCE JUL 1    170                       130     40       64

 COOLING
  YESTERDAY        0                         1     -1        6
  MONTH TO DATE   41                        64    -23      141
  SINCE SEP 1     41                        64    -23      141
  SINCE JAN 1    564                       733   -169      829
..................................................................


WIND (MPH)
  HIGHEST WIND SPEED    21   HIGHEST WIND DIRECTION     S (160)
  HIGHEST GUST SPEED    33   HIGHEST GUST DIRECTION    SE (150)
  AVERAGE WIND SPEED    11.6


SKY COVER
  POSSIBLE SUNSHINE  MM
  AVERAGE SKY COVER 0.9


WEATHER CONDITIONS
 THE FOLLOWING WEATHER WAS RECORDED YESTERDAY.
  HEAVY RAIN
  RAIN
  LIGHT RAIN
  FOG


RELATIVE HUMIDITY (PERCENT)
 HIGHEST    93           900 AM
 LOWEST     65          1200 AM
 AVERAGE    79

..........................................................


THE HURON SD CLIMATE NORMALS FOR TODAY
                         NORMAL    RECORD    YEAR
 MAXIMUM TEMPERATURE (F)   71        94      1935
 MINIMUM TEMPERATURE (F)   45        23      2000


SUNRISE AND SUNSET
SEPTEMBER 24 2014.....SUNRISE   722 AM CDT   SUNSET   726 PM CDT
SEPTEMBER 25 2014.....SUNRISE   724 AM CDT   SUNSET   725 PM CDT


-  INDICATES NEGATIVE NUMBERS.
R  INDICATES RECORD WAS SET OR TIED.
MM INDICATES DATA IS MISSING.
T  INDICATES TRACE AMOUNT.




$$
