000
CDUS43 KFSD 112234
CLIHON


CLIMATE REPORT
NATIONAL WEATHER SERVICE SIOUX FALLS SD
533 PM CDT WED MAY 11 2016


...................................

...THE HURON SD CLIMATE SUMMARY FOR MAY 11 2016...
VALID TODAY AS OF 0500 PM LOCAL TIME.

CLIMATE NORMAL PERIOD 1981 TO 2010
CLIMATE RECORD PERIOD 1881 TO 2016


WEATHER ITEM   OBSERVED TIME   RECORD YEAR NORMAL DEPARTURE LAST
                VALUE   (LST)  VALUE       VALUE  FROM      YEAR
                                                  NORMAL
..................................................................
TEMPERATURE (F)
 TODAY
  MAXIMUM         66    159 PM  93    1906  69     -3       49
  MINIMUM         49    604 AM  20    1946  44      5       35
  AVERAGE         58                        57      1       42

PRECIPITATION (IN)
  TODAY            0.00          1.48 1998   0.09  -0.09     0.01
  MONTH TO DATE    0.88                      1.02  -0.14     3.01
  SINCE MAR 1      6.09                      4.79   1.30     3.77
  SINCE JAN 1      6.96                      5.89   1.07     4.38

SNOWFALL (IN)
  TODAY            0.0           2.0  1905   0.0    0.0      0.0
  MONTH TO DATE    0.0                       0.1   -0.1      0.0
  SINCE MAR 1      2.3                      13.0  -10.7      1.2
  SINCE JUL 1     33.0                      44.0  -11.0     22.8
  SNOW DEPTH       0

DEGREE DAYS
 HEATING
  TODAY            7                         9     -2       23
  MONTH TO DATE   78                       117    -39       97
  SINCE MAR 1   1354                      1663   -309     1398
  SINCE JUL 1   6430                      7495  -1065     7335

 COOLING
  TODAY            0                         1     -1        0
  MONTH TO DATE   10                         8      2        3
  SINCE MAR 1     11                        12     -1        5
  SINCE JAN 1     11                        12     -1        5
..................................................................


WIND (MPH)
  HIGHEST WIND SPEED    30   HIGHEST WIND DIRECTION     W (280)
  HIGHEST GUST SPEED    36   HIGHEST GUST DIRECTION     W (280)
  AVERAGE WIND SPEED     8.7


SKY COVER
  POSSIBLE SUNSHINE  MM
  AVERAGE SKY COVER 0.5


WEATHER CONDITIONS
 THE FOLLOWING WEATHER WAS RECORDED TODAY.
  NO SIGNIFICANT WEATHER WAS OBSERVED.


RELATIVE HUMIDITY (PERCENT)
 HIGHEST    96           300 AM
 LOWEST     37           100 PM
 AVERAGE    67

..........................................................


THE HURON SD CLIMATE NORMALS FOR TOMORROW
                         NORMAL    RECORD    YEAR
 MAXIMUM TEMPERATURE (F)   69        88      1988
                                             1940
                                             1915
 MINIMUM TEMPERATURE (F)   45        20      1946


SUNRISE AND SUNSET
MAY 11 2016...........SUNRISE   610 AM CDT   SUNSET   849 PM CDT
MAY 12 2016...........SUNRISE   608 AM CDT   SUNSET   851 PM CDT


-  INDICATES NEGATIVE NUMBERS.
R  INDICATES RECORD WAS SET OR TIED.
MM INDICATES DATA IS MISSING.
T  INDICATES TRACE AMOUNT.




$$
