000
CDUS43 KFSD 070630
CLIHON


CLIMATE REPORT
NATIONAL WEATHER SERVICE SIOUX FALLS SD
130 AM CDT WED JUN 7 2017


...................................

...THE HURON SD CLIMATE SUMMARY FOR JUNE 6 2017...

CLIMATE NORMAL PERIOD 1981 TO 2010
CLIMATE RECORD PERIOD 1881 TO 2017


WEATHER ITEM   OBSERVED TIME   RECORD YEAR NORMAL DEPARTURE LAST
                VALUE   (LST)  VALUE       VALUE  FROM      YEAR
                                                  NORMAL
..................................................................
TEMPERATURE (F)
 YESTERDAY
  MAXIMUM         90        MM  98    1987  76     14       73
  MINIMUM         59        MM  32    1897  53      6       49
  AVERAGE         75                        65     10       61

PRECIPITATION (IN)
  YESTERDAY        0.05          3.60 1896   0.14  -0.09     0.00
  MONTH TO DATE    0.05                      0.84  -0.79     0.86
  SINCE JUN 1      0.05                      0.84  -0.79     0.86
  SINCE JAN 1      4.14                      8.82  -4.68     9.67

SNOWFALL (IN)
  YESTERDAY        0.0           0.0    MM   0.0    0.0      0.0
  MONTH TO DATE    0.0                       0.0    0.0      0.0
  SINCE JUN 1      0.0                       0.0    0.0      0.0
  SINCE JUL 1     35.9                      43.9   -8.0     33.0
  SNOW DEPTH       0

DEGREE DAYS
 HEATING
  YESTERDAY        0                         3     -3        4
  MONTH TO DATE    1                        20    -19       12
  SINCE JUN 1      1                        20    -19       12
  SINCE JUL 1   6881                      7641   -760     6564

 COOLING
  YESTERDAY       10                         3      7        0
  MONTH TO DATE   43                        13     30        7
  SINCE JUN 1     43                        13     30        7
  SINCE JAN 1     64                        46     18       38
..................................................................


WIND (MPH)
  HIGHEST WIND SPEED    15   HIGHEST WIND DIRECTION    NW (300)
  HIGHEST GUST SPEED    18   HIGHEST GUST DIRECTION    SE (140)
  AVERAGE WIND SPEED     7.4


SKY COVER
  POSSIBLE SUNSHINE  MM
  AVERAGE SKY COVER 0.3


WEATHER CONDITIONS
 THE FOLLOWING WEATHER WAS RECORDED YESTERDAY.
  THUNDERSTORM
  LIGHT RAIN


RELATIVE HUMIDITY (PERCENT)
 HIGHEST   100          1100 PM
 LOWEST     34          1200 PM
 AVERAGE    67

..........................................................


THE HURON SD CLIMATE NORMALS FOR TODAY
                         NORMAL    RECORD    YEAR
 MAXIMUM TEMPERATURE (F)   77        95      1952
 MINIMUM TEMPERATURE (F)   53        32      1901


SUNRISE AND SUNSET
JUNE  7 2017..........SUNRISE   549 AM CDT   SUNSET   915 PM CDT
JUNE  8 2017..........SUNRISE   549 AM CDT   SUNSET   915 PM CDT


-  INDICATES NEGATIVE NUMBERS.
R  INDICATES RECORD WAS SET OR TIED.
MM INDICATES DATA IS MISSING.
T  INDICATES TRACE AMOUNT.




$$
