000
CDUS43 KFSD 082220
CLIHON


CLIMATE REPORT
NATIONAL WEATHER SERVICE SIOUX FALLS SD
519 PM CDT SAT APR 8 2017


...................................

...THE HURON SD CLIMATE SUMMARY FOR APRIL 8 2017...
VALID TODAY AS OF 0500 PM LOCAL TIME.

CLIMATE NORMAL PERIOD 1981 TO 2010
CLIMATE RECORD PERIOD 1881 TO 2017


WEATHER ITEM   OBSERVED TIME   RECORD YEAR NORMAL DEPARTURE LAST
                VALUE   (LST)  VALUE       VALUE  FROM      YEAR
                                                  NORMAL
..................................................................
TEMPERATURE (F)
 TODAY
  MAXIMUM         79    245 PM  94    1887  55     24       44
  MINIMUM         48    627 AM   7    2007  31     17       23
  AVERAGE         64                        43     21       34

PRECIPITATION (IN)
  TODAY            0.00          0.93 1941   0.08  -0.08     0.00
  MONTH TO DATE    0.18                      0.54  -0.36     0.05
  SINCE MAR 1      0.95                      2.00  -1.05     1.12
  SINCE JAN 1      1.75                      3.10  -1.35     1.99

SNOWFALL (IN)
  TODAY            0.0           4.1  1904   0.2   -0.2      0.0
  MONTH TO DATE    0.0                       1.5   -1.5       T
  SINCE MAR 1     13.9                      10.4    3.5      2.3
  SINCE JUL 1     35.9                      41.4   -5.5     33.0
  SNOW DEPTH       0

DEGREE DAYS
 HEATING
  TODAY            1                        22    -21       31
  MONTH TO DATE  123                       187    -64      190
  SINCE MAR 1   1070                      1174   -104      937
  SINCE JUL 1   6219                      7006   -787     6013

 COOLING
  TODAY            0                         0      0        0
  MONTH TO DATE    0                         0      0        0
  SINCE MAR 1      0                         0      0        0
  SINCE JAN 1      0                         0      0        0
..................................................................


WIND (MPH)
  HIGHEST WIND SPEED    23   HIGHEST WIND DIRECTION    NW (300)
  HIGHEST GUST SPEED    27   HIGHEST GUST DIRECTION     W (290)
  AVERAGE WIND SPEED    14.0


SKY COVER
  POSSIBLE SUNSHINE  MM
  AVERAGE SKY COVER 0.0


WEATHER CONDITIONS
 THE FOLLOWING WEATHER WAS RECORDED TODAY.
  NO SIGNIFICANT WEATHER WAS OBSERVED.


RELATIVE HUMIDITY (PERCENT)
 HIGHEST    86           700 AM
 LOWEST     29           400 PM
 AVERAGE    58

..........................................................


THE HURON SD CLIMATE NORMALS FOR TOMORROW
                         NORMAL    RECORD    YEAR
 MAXIMUM TEMPERATURE (F)   56        91      1977
 MINIMUM TEMPERATURE (F)   31        10      1997
                                             1959


SUNRISE AND SUNSET
APRIL  8 2017.........SUNRISE   701 AM CDT   SUNSET   809 PM CDT
APRIL  9 2017.........SUNRISE   659 AM CDT   SUNSET   810 PM CDT


-  INDICATES NEGATIVE NUMBERS.
R  INDICATES RECORD WAS SET OR TIED.
MM INDICATES DATA IS MISSING.
T  INDICATES TRACE AMOUNT.




$$
