000
CDUS43 KFSD 012239
CLIHON


CLIMATE REPORT
NATIONAL WEATHER SERVICE SIOUX FALLS SD
539 PM CDT WED NOV 1 2017


...................................

...THE HURON SD CLIMATE SUMMARY FOR NOVEMBER 1 2017...
VALID TODAY AS OF 0500 PM LOCAL TIME.

CLIMATE NORMAL PERIOD 1981 TO 2010
CLIMATE RECORD PERIOD 1881 TO 2017


WEATHER ITEM   OBSERVED TIME   RECORD YEAR NORMAL DEPARTURE LAST
                VALUE   (LST)  VALUE       VALUE  FROM      YEAR
                                                  NORMAL
..................................................................
TEMPERATURE (F)
 TODAY
  MAXIMUM         47    359 PM  78    1990  52     -5       63
  MINIMUM         31    755 AM   1    1935  29      2       36
  AVERAGE         39                        41     -2       50

PRECIPITATION (IN)
  TODAY            T             1.18 1957   0.04  -0.04     0.00
  MONTH TO DATE    T                         0.04  -0.04     0.00
  SINCE SEP 1      7.75                      4.29   3.46     2.34
  SINCE JAN 1     20.06                     21.55  -1.49    16.89

SNOWFALL (IN)
  TODAY            T             5.9  1920   0.1   -0.1      0.0
  MONTH TO DATE    T                         0.1   -0.1      0.0
  SINCE SEP 1      T                         1.2   -1.2      0.0
  SINCE JUL 1      T                         1.2   -1.2      0.0
  SNOW DEPTH       0

DEGREE DAYS
 HEATING
  TODAY           26                        24      2       15
  MONTH TO DATE   26                        24      2       15
  SINCE SEP 1    661                       725    -64      507
  SINCE JUL 1    670                       754    -84      524

 COOLING
  TODAY            0                         0      0        0
  MONTH TO DATE    0                         0      0        0
  SINCE SEP 1    110                        73     37       81
  SINCE JAN 1    730                       742    -12      887
..................................................................


WIND (MPH)
  HIGHEST WIND SPEED    22   HIGHEST WIND DIRECTION     S (180)
  HIGHEST GUST SPEED    29   HIGHEST GUST DIRECTION     S (170)
  AVERAGE WIND SPEED    12.1


SKY COVER
  POSSIBLE SUNSHINE  MM
  AVERAGE SKY COVER 0.7


WEATHER CONDITIONS
 THE FOLLOWING WEATHER WAS RECORDED TODAY.
  LIGHT SNOW
  FOG


RELATIVE HUMIDITY (PERCENT)
 HIGHEST    85           600 AM
 LOWEST     53           100 PM
 AVERAGE    69

..........................................................


THE HURON SD CLIMATE NORMALS FOR TOMORROW
                         NORMAL    RECORD    YEAR
 MAXIMUM TEMPERATURE (F)   52        74      1965
                                             1964
 MINIMUM TEMPERATURE (F)   29         0      1911


SUNRISE AND SUNSET
NOVEMBER  1 2017......SUNRISE   810 AM CDT   SUNSET   622 PM CDT
NOVEMBER  2 2017......SUNRISE   812 AM CDT   SUNSET   620 PM CDT


-  INDICATES NEGATIVE NUMBERS.
R  INDICATES RECORD WAS SET OR TIED.
MM INDICATES DATA IS MISSING.
T  INDICATES TRACE AMOUNT.




$$
