158
CDUS43 KFSD 210633
CLIHON


CLIMATE REPORT
NATIONAL WEATHER SERVICE SIOUX FALLS SD
131 AM CDT THU APR 21 2016


...................................

...THE HURON SD CLIMATE SUMMARY FOR APRIL 20 2016...

CLIMATE NORMAL PERIOD 1981 TO 2010
CLIMATE RECORD PERIOD 1881 TO 2016


WEATHER ITEM   OBSERVED TIME   RECORD YEAR NORMAL DEPARTURE LAST
                VALUE   (LST)  VALUE       VALUE  FROM      YEAR
                                                  NORMAL
..................................................................
TEMPERATURE (F)
 YESTERDAY
  MAXIMUM         61    452 PM  96    1980  61      0       55
  MINIMUM         44    416 AM  15    1966  36      8       26
  AVERAGE         53                        49      4       41

PRECIPITATION (IN)
  YESTERDAY        0.00          1.34 2004   0.08  -0.08     0.00
  MONTH TO DATE    1.73                      1.45   0.28     0.53
  SINCE MAR 1      2.80                      2.91  -0.11     0.69
  SINCE JAN 1      3.67                      4.01  -0.34     1.30

SNOWFALL (IN)
  YESTERDAY        0.0           1.5  1927   0.2   -0.2      0.0
  MONTH TO DATE    T                         3.3   -3.3       T
  SINCE MAR 1      2.3                      12.2   -9.9      1.2
  SINCE JUL 1     33.0                      43.2  -10.2     22.8
  SNOW DEPTH       0

DEGREE DAYS
 HEATING
  YESTERDAY       12                        17     -5       24
  MONTH TO DATE  377                       415    -38      303
  SINCE MAR 1   1124                      1402   -278     1161
  SINCE JUL 1   6200                      7234  -1034     7098

 COOLING
  YESTERDAY        0                         0      0        0
  MONTH TO DATE    0                         0      0        0
  SINCE MAR 1      0                         0      0        2
  SINCE JAN 1      0                         0      0        2
..................................................................


WIND (MPH)
  HIGHEST WIND SPEED    16   HIGHEST WIND DIRECTION     N (340)
  HIGHEST GUST SPEED    27   HIGHEST GUST DIRECTION     N (340)
  AVERAGE WIND SPEED     6.1


SKY COVER
  POSSIBLE SUNSHINE  MM
  AVERAGE SKY COVER 0.8


WEATHER CONDITIONS
 THE FOLLOWING WEATHER WAS RECORDED YESTERDAY.
  FOG
  FOG W/VISIBILITY <= 1/4 MILE


RELATIVE HUMIDITY (PERCENT)
 HIGHEST   100           300 AM
 LOWEST     60           500 PM
 AVERAGE    80

..........................................................


THE HURON SD CLIMATE NORMALS FOR TODAY
                         NORMAL    RECORD    YEAR
 MAXIMUM TEMPERATURE (F)   62        97      1980
 MINIMUM TEMPERATURE (F)   36        13      1927


SUNRISE AND SUNSET
APRIL 21 2016.........SUNRISE   638 AM CDT   SUNSET   825 PM CDT
APRIL 22 2016.........SUNRISE   637 AM CDT   SUNSET   827 PM CDT


-  INDICATES NEGATIVE NUMBERS.
R  INDICATES RECORD WAS SET OR TIED.
MM INDICATES DATA IS MISSING.
T  INDICATES TRACE AMOUNT.




$$
