000
CDUS43 KFSD 080629
CLIHON


CLIMATE REPORT
NATIONAL WEATHER SERVICE SIOUX FALLS SD
126 AM CDT MON MAY 8 2017


...................................

...THE HURON SD CLIMATE SUMMARY FOR MAY 7 2017...

CLIMATE NORMAL PERIOD 1981 TO 2010
CLIMATE RECORD PERIOD 1881 TO 2017


WEATHER ITEM   OBSERVED TIME   RECORD YEAR NORMAL DEPARTURE LAST
                VALUE   (LST)  VALUE       VALUE  FROM      YEAR
                                                  NORMAL
..................................................................
TEMPERATURE (F)
 YESTERDAY
  MAXIMUM         87    404 PM  94    1916  68     19       70
  MINIMUM         50   1256 AM  20    1976  43      7       44
                                      1943
  AVERAGE         69                        55     14       57

PRECIPITATION (IN)
  YESTERDAY        0.00          1.09 1978   0.09  -0.09     0.00
  MONTH TO DATE    0.01                      0.64  -0.63      T
  SINCE MAR 1      1.96                      4.41  -2.45     5.21
  SINCE JAN 1      2.76                      5.51  -2.75     6.08

SNOWFALL (IN)
  YESTERDAY        0.0           0.5  1907   0.0    0.0      0.0
  MONTH TO DATE    0.0                       0.1   -0.1      0.0
  SINCE MAR 1     13.9                      13.0    0.9      2.3
  SINCE JUL 1     35.9                      44.0   -8.1     33.0
  SNOW DEPTH       0

DEGREE DAYS
 HEATING
  YESTERDAY        0                        10    -10        8
  MONTH TO DATE   60                        79    -19       60
  SINCE MAR 1   1550                      1625    -75     1336
  SINCE JUL 1   6699                      7457   -758     6412

 COOLING
  YESTERDAY        4                         1      3        0
  MONTH TO DATE    4                         4      0       10
  SINCE MAR 1      4                         8     -4       11
  SINCE JAN 1      4                         8     -4       11
..................................................................


WIND (MPH)
  HIGHEST WIND SPEED    25   HIGHEST WIND DIRECTION     S (160)
  HIGHEST GUST SPEED    34   HIGHEST GUST DIRECTION     S (160)
  AVERAGE WIND SPEED    16.0


SKY COVER
  POSSIBLE SUNSHINE  MM
  AVERAGE SKY COVER 0.0


WEATHER CONDITIONS
 THE FOLLOWING WEATHER WAS RECORDED YESTERDAY.
  NO SIGNIFICANT WEATHER WAS OBSERVED.


RELATIVE HUMIDITY (PERCENT)
 HIGHEST    74           100 AM
 LOWEST     27           400 PM
 AVERAGE    51

..........................................................


THE HURON SD CLIMATE NORMALS FOR TODAY
                         NORMAL    RECORD    YEAR
 MAXIMUM TEMPERATURE (F)   68       101      1934
 MINIMUM TEMPERATURE (F)   43        22      1980


SUNRISE AND SUNSET
MAY  8 2017...........SUNRISE   614 AM CDT   SUNSET   846 PM CDT
MAY  9 2017...........SUNRISE   612 AM CDT   SUNSET   847 PM CDT


-  INDICATES NEGATIVE NUMBERS.
R  INDICATES RECORD WAS SET OR TIED.
MM INDICATES DATA IS MISSING.
T  INDICATES TRACE AMOUNT.




$$
