000
CDUS43 KFSD 172219
CLIHON


CLIMATE REPORT
NATIONAL WEATHER SERVICE SIOUX FALLS SD
418 PM CST THU NOV 17 2016


...................................

...THE HURON SD CLIMATE SUMMARY FOR NOVEMBER 17 2016...
VALID TODAY AS OF 0400 PM LOCAL TIME.

CLIMATE NORMAL PERIOD 1981 TO 2010
CLIMATE RECORD PERIOD 1881 TO 2016


WEATHER ITEM   OBSERVED TIME   RECORD YEAR NORMAL DEPARTURE LAST
                VALUE   (LST)  VALUE       VALUE  FROM      YEAR
                                                  NORMAL
..................................................................
TEMPERATURE (F)
 TODAY
  MAXIMUM         44    218 PM  71    1953  42      2       51
  MINIMUM         37    751 AM  -9    1891  22     15       35
  AVERAGE         41                        32      9       43

PRECIPITATION (IN)
  TODAY            0.00          0.72 1952   0.03  -0.03     0.52
  MONTH TO DATE    T                         0.55  -0.55     1.01
  SINCE SEP 1      2.34                      4.80  -2.46     4.68
  SINCE JAN 1     16.89                     22.06  -5.17    23.87

SNOWFALL (IN)
  TODAY            0.0           4.4  1986   0.3   -0.3      0.0
  MONTH TO DATE    0.0                       3.3   -3.3      0.0
  SINCE SEP 1      0.0                       4.4   -4.4       T
  SINCE JUL 1      0.0                       4.4   -4.4       T
  SNOW DEPTH       0

DEGREE DAYS
 HEATING
  TODAY           24                        33     -9       22
  MONTH TO DATE  267                       487   -220      314
  SINCE SEP 1    759                      1188   -429      788
  SINCE JUL 1    776                      1217   -441      828

 COOLING
  TODAY            0                         0      0        0
  MONTH TO DATE    0                         0      0        0
  SINCE SEP 1     81                        73      8      141
  SINCE JAN 1    887                       742    145      797
..................................................................


WIND (MPH)
  HIGHEST WIND SPEED    32   HIGHEST WIND DIRECTION     N (360)
  HIGHEST GUST SPEED    41   HIGHEST GUST DIRECTION     N (360)
  AVERAGE WIND SPEED    19.4


SKY COVER
  POSSIBLE SUNSHINE  MM
  AVERAGE SKY COVER 0.2


WEATHER CONDITIONS
 THE FOLLOWING WEATHER WAS RECORDED TODAY.
  NO SIGNIFICANT WEATHER WAS OBSERVED.


RELATIVE HUMIDITY (PERCENT)
 HIGHEST    82           600 AM
 LOWEST     65           100 PM
 AVERAGE    74

..........................................................


THE HURON SD CLIMATE NORMALS FOR TOMORROW
                         NORMAL    RECORD    YEAR
 MAXIMUM TEMPERATURE (F)   41        74      1908
 MINIMUM TEMPERATURE (F)   21        -5      1891


SUNRISE AND SUNSET
NOVEMBER 17 2016......SUNRISE   732 AM CST   SUNSET   503 PM CST
NOVEMBER 18 2016......SUNRISE   733 AM CST   SUNSET   502 PM CST


-  INDICATES NEGATIVE NUMBERS.
R  INDICATES RECORD WAS SET OR TIED.
MM INDICATES DATA IS MISSING.
T  INDICATES TRACE AMOUNT.




$$
