000
CDUS43 KFSD 190624
CLIHON


CLIMATE REPORT
NATIONAL WEATHER SERVICE SIOUX FALLS SD
124 AM CDT THU MAR 19 2015


...................................

...THE HURON SD CLIMATE SUMMARY FOR MARCH 18 2015...

CLIMATE NORMAL PERIOD 1981 TO 2010
CLIMATE RECORD PERIOD 1881 TO 2015


WEATHER ITEM   OBSERVED TIME   RECORD YEAR NORMAL DEPARTURE LAST
                VALUE   (LST)  VALUE       VALUE  FROM      YEAR
                                                  NORMAL
..................................................................
TEMPERATURE (F)
 YESTERDAY
  MAXIMUM         46    330 PM  88    2012  45      1       36
  MINIMUM         36    740 AM -13    1923  24     12       29
  AVERAGE         41                        34      7       33

PRECIPITATION (IN)
  YESTERDAY        0.00          0.74 1903   0.05  -0.05     0.01
  MONTH TO DATE    0.13                      0.70  -0.57     0.37
  SINCE MAR 1      0.13                      0.70  -0.57     0.37
  SINCE JAN 1      0.74                      1.80  -1.06     0.93

SNOWFALL (IN)
  YESTERDAY        0.0           5.2  1963   0.2   -0.2       T
  MONTH TO DATE    1.2                       5.7   -4.5      3.5
  SINCE MAR 1      1.2                       5.7   -4.5      3.5
  SINCE JUL 1     22.8                      36.7  -13.9     25.2
  SNOW DEPTH       0

DEGREE DAYS
 HEATING
  YESTERDAY       24                        31     -7       32
  MONTH TO DATE  527                       623    -96      678
  SINCE MAR 1    527                       623    -96      678
  SINCE JUL 1   6464                      6455      9     6998

 COOLING
  YESTERDAY        0                         0      0        0
  MONTH TO DATE    2                         0      2        0
  SINCE MAR 1      2                         0      2        0
  SINCE JAN 1      2                         0      2        0
..................................................................


WIND (MPH)
  HIGHEST WIND SPEED    21   HIGHEST WIND DIRECTION    SE (150)
  HIGHEST GUST SPEED    27   HIGHEST GUST DIRECTION    SE (120)
  AVERAGE WIND SPEED    11.7


SKY COVER
  POSSIBLE SUNSHINE  MM
  AVERAGE SKY COVER 1.0


WEATHER CONDITIONS
 THE FOLLOWING WEATHER WAS RECORDED YESTERDAY.
  NO SIGNIFICANT WEATHER WAS OBSERVED.


RELATIVE HUMIDITY (PERCENT)
 HIGHEST    59           700 AM
 LOWEST     37           200 PM
 AVERAGE    48

..........................................................


THE HURON SD CLIMATE NORMALS FOR TODAY
                         NORMAL    RECORD    YEAR
 MAXIMUM TEMPERATURE (F)   45        78      2004
 MINIMUM TEMPERATURE (F)   24        -8      1893


SUNRISE AND SUNSET
MARCH 19 2015.........SUNRISE   738 AM CDT   SUNSET   744 PM CDT
MARCH 20 2015.........SUNRISE   736 AM CDT   SUNSET   745 PM CDT


-  INDICATES NEGATIVE NUMBERS.
R  INDICATES RECORD WAS SET OR TIED.
MM INDICATES DATA IS MISSING.
T  INDICATES TRACE AMOUNT.




$$
