000
CDUS43 KFSD 140631
CLIHON


CLIMATE REPORT
NATIONAL WEATHER SERVICE SIOUX FALLS SD
129 AM CDT WED JUN 14 2017


...................................

...THE HURON SD CLIMATE SUMMARY FOR JUNE 13 2017...

CLIMATE NORMAL PERIOD 1981 TO 2010
CLIMATE RECORD PERIOD 1881 TO 2017


WEATHER ITEM   OBSERVED TIME   RECORD YEAR NORMAL DEPARTURE LAST
                VALUE   (LST)  VALUE       VALUE  FROM      YEAR
                                                  NORMAL
..................................................................
TEMPERATURE (F)
 YESTERDAY
  MAXIMUM         89    324 PM 106    1956  79     10       85
  MINIMUM         61    858 PM  39    1969  55      6       63
                                      1942
  AVERAGE         75                        67      8       74

PRECIPITATION (IN)
  YESTERDAY        0.79          3.68 2001   0.14   0.65     0.00
  MONTH TO DATE    2.09                      1.82   0.27     0.99
  SINCE JUN 1      2.09                      1.82   0.27     0.99
  SINCE JAN 1      6.18                      9.80  -3.62     9.80

SNOWFALL (IN)
  YESTERDAY        0.0           0.0    MM   0.0    0.0      0.0
  MONTH TO DATE    0.0                       0.0    0.0      0.0
  SINCE JUN 1      0.0                       0.0    0.0      0.0
  SINCE JUL 1     35.9                      43.9   -8.0     33.0
  SNOW DEPTH       0

DEGREE DAYS
 HEATING
  YESTERDAY        0                         2     -2        0
  MONTH TO DATE    1                        35    -34       17
  SINCE JUN 1      1                        35    -34       17
  SINCE JUL 1   6881                      7656   -775     6569

 COOLING
  YESTERDAY       10                         4      6        9
  MONTH TO DATE  109                        36     73       91
  SINCE JUN 1    109                        36     73       91
  SINCE JAN 1    130                        69     61      122
..................................................................


WIND (MPH)
  HIGHEST WIND SPEED    43   HIGHEST WIND DIRECTION    SW (220)
  HIGHEST GUST SPEED    57   HIGHEST GUST DIRECTION    SW (220)
  AVERAGE WIND SPEED    12.3


SKY COVER
  POSSIBLE SUNSHINE  MM
  AVERAGE SKY COVER 0.4


WEATHER CONDITIONS
 THE FOLLOWING WEATHER WAS RECORDED YESTERDAY.
  THUNDERSTORM
  HEAVY RAIN
  RAIN
  LIGHT RAIN
  FOG


RELATIVE HUMIDITY (PERCENT)
 HIGHEST   100           800 PM
 LOWEST     55           300 PM
 AVERAGE    78

..........................................................


THE HURON SD CLIMATE NORMALS FOR TODAY
                         NORMAL    RECORD    YEAR
 MAXIMUM TEMPERATURE (F)   79       106      1979
 MINIMUM TEMPERATURE (F)   56        35      1969


SUNRISE AND SUNSET
JUNE 14 2017..........SUNRISE   548 AM CDT   SUNSET   919 PM CDT
JUNE 15 2017..........SUNRISE   548 AM CDT   SUNSET   919 PM CDT


-  INDICATES NEGATIVE NUMBERS.
R  INDICATES RECORD WAS SET OR TIED.
MM INDICATES DATA IS MISSING.
T  INDICATES TRACE AMOUNT.




$$
