000
CDUS43 KFSD 120653
CLIHON


CLIMATE REPORT
NATIONAL WEATHER SERVICE SIOUX FALLS SD
152 AM CDT FRI AUG 12 2016


...................................

...THE HURON SD CLIMATE SUMMARY FOR AUGUST 11 2016...

CLIMATE NORMAL PERIOD 1981 TO 2010
CLIMATE RECORD PERIOD 1881 TO 2016


WEATHER ITEM   OBSERVED TIME   RECORD YEAR NORMAL DEPARTURE LAST
                VALUE   (LST)  VALUE       VALUE  FROM      YEAR
                                                  NORMAL
..................................................................
TEMPERATURE (F)
 YESTERDAY
  MAXIMUM         86    511 PM 105    1965  85      1       87
  MINIMUM         65    916 PM  37    1902  60      5       60
  AVERAGE         76                        73      3       74

PRECIPITATION (IN)
  YESTERDAY        0.46          1.05 1932   0.08   0.38     0.00
  MONTH TO DATE    1.97                      1.01   0.96     0.29
  SINCE JUN 1      4.88                      7.86  -2.98     8.50
  SINCE JAN 1     13.69                     15.84  -2.15    14.44

SNOWFALL (IN)
  YESTERDAY        0.0           0.0    MM   0.0    0.0      0.0
  MONTH TO DATE    0.0                       0.0    0.0      0.0
  SINCE JUN 1      0.0                       0.0    0.0       T
  SINCE JUL 1      0.0                       0.0    0.0      0.0
  SNOW DEPTH       0

DEGREE DAYS
 HEATING
  YESTERDAY        0                         0      0        0
  MONTH TO DATE    0                         0      0        0
  SINCE JUN 1     23                        59    -36       15
  SINCE JUL 1      6                         8     -2        4

 COOLING
  YESTERDAY       11                         8      3        9
  MONTH TO DATE  120                        94     26       92
  SINCE JUN 1    642                       504    138      524
  SINCE JAN 1    673                       537    136      544
..................................................................


WIND (MPH)
  HIGHEST WIND SPEED    48   HIGHEST WIND DIRECTION     N (350)
  HIGHEST GUST SPEED    60   HIGHEST GUST DIRECTION     N (350)
  AVERAGE WIND SPEED     8.9


SKY COVER
  POSSIBLE SUNSHINE  MM
  AVERAGE SKY COVER 0.4


WEATHER CONDITIONS
 THE FOLLOWING WEATHER WAS RECORDED YESTERDAY.
  THUNDERSTORM
  RAIN
  LIGHT RAIN
  FOG


RELATIVE HUMIDITY (PERCENT)
 HIGHEST    93          1100 PM
 LOWEST     61           500 PM
 AVERAGE    77

..........................................................


THE HURON SD CLIMATE NORMALS FOR TODAY
                         NORMAL    RECORD    YEAR
 MAXIMUM TEMPERATURE (F)   85       103      1965
 MINIMUM TEMPERATURE (F)   60        38      1964


SUNRISE AND SUNSET
AUGUST 12 2016........SUNRISE   633 AM CDT   SUNSET   842 PM CDT
AUGUST 13 2016........SUNRISE   634 AM CDT   SUNSET   840 PM CDT


-  INDICATES NEGATIVE NUMBERS.
R  INDICATES RECORD WAS SET OR TIED.
MM INDICATES DATA IS MISSING.
T  INDICATES TRACE AMOUNT.




$$
