000
CDUS43 KFSD 192232
CLIHON


CLIMATE REPORT
NATIONAL WEATHER SERVICE SIOUX FALLS SD
532 PM CDT WED AUG 19 2015


...................................

...THE HURON SD CLIMATE SUMMARY FOR AUGUST 19 2015...
VALID TODAY AS OF 0500 PM LOCAL TIME.

CLIMATE NORMAL PERIOD 1981 TO 2010
CLIMATE RECORD PERIOD 1881 TO 2015


WEATHER ITEM   OBSERVED TIME   RECORD YEAR NORMAL DEPARTURE LAST
                VALUE   (LST)  VALUE       VALUE  FROM      YEAR
                                                  NORMAL
..................................................................
TEMPERATURE (F)
 TODAY
  MAXIMUM         72    352 PM 102    1976  84    -12       89
  MINIMUM         51    331 AM  40    1967  59     -8       55
                                      1890
  AVERAGE         62                        71     -9       72

PRECIPITATION (IN)
  TODAY            0.18          1.65 1886   0.07   0.11     0.00
  MONTH TO DATE    4.97                      1.60   3.37     0.69
  SINCE JUN 1     13.18                      8.45   4.73     6.73
  SINCE JAN 1     19.12                     16.43   2.69    11.22

SNOWFALL (IN)
  TODAY            0.0           0.0    MM   0.0    0.0      0.0
  MONTH TO DATE    0.0                       0.0    0.0      0.0
  SINCE JUN 1      T                         0.0    0.0      0.0
  SINCE JUL 1      0.0                       0.0    0.0      0.0
  SNOW DEPTH       0

DEGREE DAYS
 HEATING
  TODAY            3                         1      2        0
  MONTH TO DATE   15                         3     12        1
  SINCE JUN 1     30                        62    -32       64
  SINCE JUL 1     19                        11      8       24

 COOLING
  TODAY            0                         7     -7        7
  MONTH TO DATE  153                       154     -1      111
  SINCE JUN 1    585                       564     21      391
  SINCE JAN 1    605                       597      8      453
..................................................................


WIND (MPH)
  HIGHEST WIND SPEED    30   HIGHEST WIND DIRECTION     N (340)
  HIGHEST GUST SPEED    40   HIGHEST GUST DIRECTION     N (350)
  AVERAGE WIND SPEED    17.8


SKY COVER
  POSSIBLE SUNSHINE  MM
  AVERAGE SKY COVER 0.6


WEATHER CONDITIONS
 THE FOLLOWING WEATHER WAS RECORDED TODAY.
  RAIN
  LIGHT RAIN


RELATIVE HUMIDITY (PERCENT)
 HIGHEST    96           200 AM
 LOWEST     41           400 PM
 AVERAGE    69

..........................................................


THE HURON SD CLIMATE NORMALS FOR TOMORROW
                         NORMAL    RECORD    YEAR
 MAXIMUM TEMPERATURE (F)   84       102      1955
 MINIMUM TEMPERATURE (F)   59        38      1950


SUNRISE AND SUNSET
AUGUST 19 2015........SUNRISE   640 AM CDT   SUNSET   832 PM CDT
AUGUST 20 2015........SUNRISE   641 AM CDT   SUNSET   830 PM CDT


-  INDICATES NEGATIVE NUMBERS.
R  INDICATES RECORD WAS SET OR TIED.
MM INDICATES DATA IS MISSING.
T  INDICATES TRACE AMOUNT.




$$
