000
CDUS43 KFSD 052229
CLIHON


CLIMATE REPORT
NATIONAL WEATHER SERVICE SIOUX FALLS SD
429 PM CST SUN FEB 5 2017


...................................

...THE HURON SD CLIMATE SUMMARY FOR FEBRUARY 5 2017...
VALID TODAY AS OF 0400 PM LOCAL TIME.

CLIMATE NORMAL PERIOD 1981 TO 2010
CLIMATE RECORD PERIOD 1881 TO 2017


WEATHER ITEM   OBSERVED TIME   RECORD YEAR NORMAL DEPARTURE LAST
                VALUE   (LST)  VALUE       VALUE  FROM      YEAR
                                                  NORMAL
..................................................................
TEMPERATURE (F)
 TODAY
  MAXIMUM         28    357 PM  60    1991  29     -1       34
  MINIMUM          9    809 AM -30    1936   8      1       18
                                      1899
  AVERAGE         19                        19      0       26

PRECIPITATION (IN)
  TODAY            0.00          0.66 1946   0.02  -0.02     0.01
  MONTH TO DATE    T                         0.09  -0.09     0.06
  SINCE DEC 1      1.97                      1.11   0.86     1.63
  SINCE JAN 1      0.58                      0.59  -0.01     0.35

SNOWFALL (IN)
  TODAY            0.0           6.4  1946   0.3   -0.3       T
                                      1911
  MONTH TO DATE    T                         1.3   -1.3      0.7
  SINCE DEC 1     17.0                      16.6    0.4     20.3
  SINCE JUL 1     21.7                      24.9   -3.2     25.9
  SNOW DEPTH       T

DEGREE DAYS
 HEATING
  TODAY           46                        46      0       39
  MONTH TO DATE  233                       233      0      203
  SINCE DEC 1   3228                      3148     80     2951
  SINCE JUL 1   4436                      4850   -414     4241

 COOLING
  TODAY            0                         0      0        0
  MONTH TO DATE    0                         0      0        0
  SINCE DEC 1      0                         0      0        0
  SINCE JAN 1      0                         0      0        0
..................................................................


WIND (MPH)
  HIGHEST WIND SPEED    18   HIGHEST WIND DIRECTION     S (170)
  HIGHEST GUST SPEED    25   HIGHEST GUST DIRECTION    SE (140)
  AVERAGE WIND SPEED     8.2


SKY COVER
  POSSIBLE SUNSHINE  MM
  AVERAGE SKY COVER 0.1


WEATHER CONDITIONS
 THE FOLLOWING WEATHER WAS RECORDED TODAY.
  NO SIGNIFICANT WEATHER WAS OBSERVED.


RELATIVE HUMIDITY (PERCENT)
 HIGHEST    92           300 AM
 LOWEST     63           300 PM
 AVERAGE    78

..........................................................


THE HURON SD CLIMATE NORMALS FOR TOMORROW
                         NORMAL    RECORD    YEAR
 MAXIMUM TEMPERATURE (F)   29        61      1987
 MINIMUM TEMPERATURE (F)    9       -30      1889


SUNRISE AND SUNSET
FEBRUARY  5 2017......SUNRISE   746 AM CST   SUNSET   548 PM CST
FEBRUARY  6 2017......SUNRISE   745 AM CST   SUNSET   550 PM CST


-  INDICATES NEGATIVE NUMBERS.
R  INDICATES RECORD WAS SET OR TIED.
MM INDICATES DATA IS MISSING.
T  INDICATES TRACE AMOUNT.




$$
