000
CDUS43 KFSD 130640
CLIHON


CLIMATE REPORT
NATIONAL WEATHER SERVICE SIOUX FALLS SD
1238 AM CST SAT DEC 13 2014


...................................

...THE HURON SD CLIMATE SUMMARY FOR DECEMBER 12 2014...

CLIMATE NORMAL PERIOD 1981 TO 2010
CLIMATE RECORD PERIOD 1881 TO 2014


WEATHER ITEM   OBSERVED TIME   RECORD YEAR NORMAL DEPARTURE LAST
                VALUE   (LST)  VALUE       VALUE  FROM      YEAR
                                                  NORMAL
..................................................................
TEMPERATURE (F)
 YESTERDAY
  MAXIMUM         52    308 PM  57    1924  29     23       31
  MINIMUM         30   1243 AM -23    1917  10     20        0
                                      1903
  AVERAGE         41                        20     21       16

PRECIPITATION (IN)
  YESTERDAY        0.00          0.37 1937   0.02  -0.02     0.00
  MONTH TO DATE    0.00                      0.21  -0.21     0.45
  SINCE DEC 1      0.00                      0.21  -0.21     0.45
  SINCE JAN 1     15.68                     22.59  -6.91    24.63

SNOWFALL (IN)
  YESTERDAY        0.0           4.5  1968   0.2   -0.2      0.0
  MONTH TO DATE    0.0                       3.1   -3.1      4.9
  SINCE DEC 1      0.0                       3.1   -3.1      4.9
  SINCE JUL 1      7.9                      11.4   -3.5      7.4
  SNOW DEPTH       0

DEGREE DAYS
 HEATING
  YESTERDAY       24                        45    -21       49
  MONTH TO DATE  460                       519    -59      659
  SINCE DEC 1    460                       519    -59      659
  SINCE JUL 1   2317                      2221     96     2296

 COOLING
  YESTERDAY        0                         0      0        0
  MONTH TO DATE    0                         0      0        0
  SINCE DEC 1      0                         0      0        0
  SINCE JAN 1    597                       742   -145      848
..................................................................


WIND (MPH)
  HIGHEST WIND SPEED    24   HIGHEST WIND DIRECTION     S (170)
  HIGHEST GUST SPEED    30   HIGHEST GUST DIRECTION     S (170)
  AVERAGE WIND SPEED    15.2


SKY COVER
  POSSIBLE SUNSHINE  MM
  AVERAGE SKY COVER 0.5


WEATHER CONDITIONS
 THE FOLLOWING WEATHER WAS RECORDED YESTERDAY.
  FOG
  HAZE


RELATIVE HUMIDITY (PERCENT)
 HIGHEST   100           100 AM
 LOWEST     59           300 PM
 AVERAGE    80

..........................................................


THE HURON SD CLIMATE NORMALS FOR TODAY
                         NORMAL    RECORD    YEAR
 MAXIMUM TEMPERATURE (F)   29        61      1921
 MINIMUM TEMPERATURE (F)   10       -31      1903


SUNRISE AND SUNSET
DECEMBER 13 2014......SUNRISE   800 AM CST   SUNSET   454 PM CST
DECEMBER 14 2014......SUNRISE   801 AM CST   SUNSET   454 PM CST


-  INDICATES NEGATIVE NUMBERS.
R  INDICATES RECORD WAS SET OR TIED.
MM INDICATES DATA IS MISSING.
T  INDICATES TRACE AMOUNT.




$$
