000
CDUS43 KFSD 290630
CLIHON


CLIMATE REPORT
NATIONAL WEATHER SERVICE SIOUX FALLS SD
128 AM CDT FRI APR 29 2016


...................................

...THE HURON SD CLIMATE SUMMARY FOR APRIL 28 2016...

CLIMATE NORMAL PERIOD 1981 TO 2010
CLIMATE RECORD PERIOD 1881 TO 2016


WEATHER ITEM   OBSERVED TIME   RECORD YEAR NORMAL DEPARTURE LAST
                VALUE   (LST)  VALUE       VALUE  FROM      YEAR
                                                  NORMAL
..................................................................
TEMPERATURE (F)
 YESTERDAY
  MAXIMUM         44    324 PM  94    1910  65    -21       68
  MINIMUM         37   1159 PM  20    2005  39     -2       38
                                      1958
  AVERAGE         41                        52    -11       53

PRECIPITATION (IN)
  YESTERDAY        0.07          1.15 2014   0.09  -0.02     0.00
  MONTH TO DATE    4.14                      2.13   2.01     0.57
  SINCE MAR 1      5.21                      3.59   1.62     0.73
  SINCE JAN 1      6.08                      4.69   1.39     1.34

SNOWFALL (IN)
  YESTERDAY        0.0           6.2  1994   0.0    0.0      0.0
  MONTH TO DATE    T                         3.9   -3.9       T
  SINCE MAR 1      2.3                      12.8  -10.5      1.2
  SINCE JUL 1     33.0                      43.8  -10.8     22.8
  SNOW DEPTH       0

DEGREE DAYS
 HEATING
  YESTERDAY       24                        13     11       12
  MONTH TO DATE  491                       533    -42      426
  SINCE MAR 1   1238                      1520   -282     1284
  SINCE JUL 1   6314                      7352  -1038     7221

 COOLING
  YESTERDAY        0                         0      0        0
  MONTH TO DATE    1                         0      1        0
  SINCE MAR 1      1                         0      1        2
  SINCE JAN 1      1                         0      1        2
..................................................................


WIND (MPH)
  HIGHEST WIND SPEED    15   HIGHEST WIND DIRECTION    NE (30)
  HIGHEST GUST SPEED    24   HIGHEST GUST DIRECTION     N (350)
  AVERAGE WIND SPEED     9.9


SKY COVER
  POSSIBLE SUNSHINE  MM
  AVERAGE SKY COVER 1.0


WEATHER CONDITIONS
 THE FOLLOWING WEATHER WAS RECORDED YESTERDAY.
  LIGHT RAIN
  FOG


RELATIVE HUMIDITY (PERCENT)
 HIGHEST    93           100 AM
 LOWEST     73           600 PM
 AVERAGE    83

..........................................................


THE HURON SD CLIMATE NORMALS FOR TODAY
                         NORMAL    RECORD    YEAR
 MAXIMUM TEMPERATURE (F)   65        91      1934
 MINIMUM TEMPERATURE (F)   40        20      1958
                                             1907


SUNRISE AND SUNSET
APRIL 29 2016.........SUNRISE   626 AM CDT   SUNSET   835 PM CDT
APRIL 30 2016.........SUNRISE   624 AM CDT   SUNSET   836 PM CDT


-  INDICATES NEGATIVE NUMBERS.
R  INDICATES RECORD WAS SET OR TIED.
MM INDICATES DATA IS MISSING.
T  INDICATES TRACE AMOUNT.




$$
