000
CDUS43 KFSD 270644
CLIHON


CLIMATE REPORT
NATIONAL WEATHER SERVICE SIOUX FALLS SD
144 AM CDT FRI MAY 27 2016


...................................

...THE HURON SD CLIMATE SUMMARY FOR MAY 26 2016...

CLIMATE NORMAL PERIOD 1981 TO 2010
CLIMATE RECORD PERIOD 1881 TO 2016


WEATHER ITEM   OBSERVED TIME   RECORD YEAR NORMAL DEPARTURE LAST
                VALUE   (LST)  VALUE       VALUE  FROM      YEAR
                                                  NORMAL
..................................................................
TEMPERATURE (F)
 YESTERDAY
  MAXIMUM         78    405 PM  95    1931  73      5       78
  MINIMUM         48    427 AM  28    1992  50     -2       52
  AVERAGE         63                        61      2       65

PRECIPITATION (IN)
  YESTERDAY        0.00          1.91 2013   0.10  -0.10     0.00
  MONTH TO DATE    1.95                      2.55  -0.60     4.54
  SINCE MAR 1      7.16                      6.32   0.84     5.30
  SINCE JAN 1      8.03                      7.42   0.61     5.91

SNOWFALL (IN)
  YESTERDAY        0.0           T    1965   0.0    0.0      0.0
  MONTH TO DATE    0.0                       0.1   -0.1      0.0
  SINCE MAR 1      2.3                      13.0  -10.7      1.2
  SINCE JUL 1     33.0                      44.0  -11.0     22.8
  SNOW DEPTH       0

DEGREE DAYS
 HEATING
  YESTERDAY        2                         5     -3        0
  MONTH TO DATE  194                       221    -27      222
  SINCE MAR 1   1470                      1767   -297     1523
  SINCE JUL 1   6546                      7599  -1053     7460

 COOLING
  YESTERDAY        0                         1     -1        0
  MONTH TO DATE   24                        23      1        8
  SINCE MAR 1     25                        27     -2       10
  SINCE JAN 1     25                        27     -2       10
..................................................................


WIND (MPH)
  HIGHEST WIND SPEED    14   HIGHEST WIND DIRECTION     N (340)
  HIGHEST GUST SPEED    20   HIGHEST GUST DIRECTION     S (180)
  AVERAGE WIND SPEED     5.3


SKY COVER
  POSSIBLE SUNSHINE  MM
  AVERAGE SKY COVER 0.0


WEATHER CONDITIONS
 THE FOLLOWING WEATHER WAS RECORDED YESTERDAY.
  THUNDERSTORM


RELATIVE HUMIDITY (PERCENT)
 HIGHEST    93           400 AM
 LOWEST     40           400 PM
 AVERAGE    67

..........................................................


THE HURON SD CLIMATE NORMALS FOR TODAY
                         NORMAL    RECORD    YEAR
 MAXIMUM TEMPERATURE (F)   73        94      1934
 MINIMUM TEMPERATURE (F)   50        31      1907


SUNRISE AND SUNSET
MAY 27 2016...........SUNRISE   554 AM CDT   SUNSET   906 PM CDT
MAY 28 2016...........SUNRISE   554 AM CDT   SUNSET   907 PM CDT


-  INDICATES NEGATIVE NUMBERS.
R  INDICATES RECORD WAS SET OR TIED.
MM INDICATES DATA IS MISSING.
T  INDICATES TRACE AMOUNT.




$$
