684
CDUS43 KFSD 242231
CLIHON


CLIMATE REPORT
NATIONAL WEATHER SERVICE SIOUX FALLS SD
530 PM CDT SAT JUN 24 2017


...................................

...THE HURON SD CLIMATE SUMMARY FOR JUNE 24 2017...
VALID TODAY AS OF 0500 PM LOCAL TIME.

CLIMATE NORMAL PERIOD 1981 TO 2010
CLIMATE RECORD PERIOD 1881 TO 2017


WEATHER ITEM   OBSERVED TIME   RECORD YEAR NORMAL DEPARTURE LAST
                VALUE   (LST)  VALUE       VALUE  FROM      YEAR
                                                  NORMAL
..................................................................
TEMPERATURE (F)
 TODAY
  MAXIMUM         70    359 PM 109    1988  83    -13       90
  MINIMUM         44    414 AM  43    1958  58    -14       64
  AVERAGE         57                        70    -13       77

PRECIPITATION (IN)
  TODAY            0.00          2.46 1968   0.12  -0.12     0.00
  MONTH TO DATE    2.95                      3.27  -0.32     1.91
  SINCE JUN 1      2.95                      3.27  -0.32     1.91
  SINCE JAN 1      7.04                     11.25  -4.21    10.72

SNOWFALL (IN)
  TODAY            0.0           0.0    MM   0.0    0.0      0.0
  MONTH TO DATE    0.0                       0.0    0.0      0.0
  SINCE JUN 1      0.0                       0.0    0.0      0.0
  SINCE JUL 1     35.9                      43.9   -8.0     33.0
  SNOW DEPTH       0

DEGREE DAYS
 HEATING
  TODAY            8                         1      7        0
  MONTH TO DATE   16                        47    -31       17
  SINCE JUN 1     16                        47    -31       17
  SINCE JUL 1   6896                      7668   -772     6569

 COOLING
  TODAY            0                         6     -6       12
  MONTH TO DATE  144                        92     52      192
  SINCE JUN 1    144                        92     52      192
  SINCE JAN 1    165                       125     40      223
..................................................................


WIND (MPH)
  HIGHEST WIND SPEED    30   HIGHEST WIND DIRECTION    NW (330)
  HIGHEST GUST SPEED    37   HIGHEST GUST DIRECTION     N (350)
  AVERAGE WIND SPEED    14.6


SKY COVER
  POSSIBLE SUNSHINE  MM
  AVERAGE SKY COVER 0.3


WEATHER CONDITIONS
 THE FOLLOWING WEATHER WAS RECORDED TODAY.
  NO SIGNIFICANT WEATHER WAS OBSERVED.


RELATIVE HUMIDITY (PERCENT)
 HIGHEST    93          1200 AM
 LOWEST     33          1200 PM
 AVERAGE    63

..........................................................


THE HURON SD CLIMATE NORMALS FOR TOMORROW
                         NORMAL    RECORD    YEAR
 MAXIMUM TEMPERATURE (F)   83       109      1936
 MINIMUM TEMPERATURE (F)   59        39      1958


SUNRISE AND SUNSET
JUNE 24 2017..........SUNRISE   549 AM CDT   SUNSET   921 PM CDT
JUNE 25 2017..........SUNRISE   550 AM CDT   SUNSET   921 PM CDT


-  INDICATES NEGATIVE NUMBERS.
R  INDICATES RECORD WAS SET OR TIED.
MM INDICATES DATA IS MISSING.
T  INDICATES TRACE AMOUNT.




$$
