000
CDUS43 KFSD 042232
CLIHON


CLIMATE REPORT
NATIONAL WEATHER SERVICE SIOUX FALLS SD
531 PM CDT FRI APR 4 2014


...................................

...THE HURON SD CLIMATE SUMMARY FOR APRIL 4 2014...
VALID TODAY AS OF 0500 PM LOCAL TIME.

CLIMATE NORMAL PERIOD 1981 TO 2010
CLIMATE RECORD PERIOD 1881 TO 2014


WEATHER ITEM   OBSERVED TIME   RECORD YEAR NORMAL DEPARTURE LAST
                VALUE   (LST)  VALUE       VALUE  FROM      YEAR
                                                  NORMAL
..................................................................
TEMPERATURE (F)
 TODAY
  MAXIMUM         42    359 PM  83    1929  53    -11       47
  MINIMUM         30    759 AM   7    1899  30      0       29
  AVERAGE         36                        41     -5       38

PRECIPITATION (IN)
  TODAY            0.00          1.62 1892   0.06  -0.06     0.00
  MONTH TO DATE    T                         0.25  -0.25     0.00
  SINCE MAR 1      0.47                      1.71  -1.24     0.78
  SINCE JAN 1      1.03                      2.81  -1.78     2.16

SNOWFALL (IN)
  TODAY            0.0           8.4  1935   0.2   -0.2      0.0
  MONTH TO DATE    T                         0.8   -0.8      0.0
  SINCE MAR 1      4.7                       9.7   -5.0      7.2
  SINCE JUL 1     26.4                      40.7  -14.3     40.4
  SNOW DEPTH       0

DEGREE DAYS
 HEATING
  TODAY           29                        24      5       27
  MONTH TO DATE  136                        97     39      112
  SINCE MAR 1   1237                      1084    153     1350
  SINCE JUL 1   7557                      6916    641     7176

 COOLING
  TODAY            0                         0      0        0
  MONTH TO DATE    0                         0      0        0
  SINCE MAR 1      0                         0      0        0
  SINCE JAN 1      0                         0      0        0
..................................................................


WIND (MPH)
  HIGHEST WIND SPEED    24   HIGHEST WIND DIRECTION     N (350)
  HIGHEST GUST SPEED    31   HIGHEST GUST DIRECTION    NW (330)
  AVERAGE WIND SPEED    16.1


SKY COVER
  POSSIBLE SUNSHINE  MM
  AVERAGE SKY COVER 0.9


WEATHER CONDITIONS
 THE FOLLOWING WEATHER WAS RECORDED TODAY.
  NO SIGNIFICANT WEATHER WAS OBSERVED.


RELATIVE HUMIDITY (PERCENT)
 HIGHEST    MM
 LOWEST     MM
 AVERAGE    MM

..........................................................


THE HURON SD CLIMATE NORMALS FOR TOMORROW
                         NORMAL    RECORD    YEAR
 MAXIMUM TEMPERATURE (F)   54        85      1992
 MINIMUM TEMPERATURE (F)   30         7      1926


SUNRISE AND SUNSET
APRIL  4 2014.........SUNRISE   708 AM CDT   SUNSET   804 PM CDT
APRIL  5 2014.........SUNRISE   707 AM CDT   SUNSET   805 PM CDT


-  INDICATES NEGATIVE NUMBERS.
R  INDICATES RECORD WAS SET OR TIED.
MM INDICATES DATA IS MISSING.
T  INDICATES TRACE AMOUNT.




$$
