000
CDUS43 KFSD 040628
CLIHON


CLIMATE REPORT
NATIONAL WEATHER SERVICE SIOUX FALLS SD
1225 AM CST SAT FEB 4 2017


...................................

...THE HURON SD CLIMATE SUMMARY FOR FEBRUARY 3 2017...

CLIMATE NORMAL PERIOD 1981 TO 2010
CLIMATE RECORD PERIOD 1881 TO 2017


WEATHER ITEM   OBSERVED TIME   RECORD YEAR NORMAL DEPARTURE LAST
                VALUE   (LST)  VALUE       VALUE  FROM      YEAR
                                                  NORMAL
..................................................................
TEMPERATURE (F)
 YESTERDAY
  MAXIMUM         25    436 PM  59    1962  29     -4       29
  MINIMUM          4    720 AM -31    1996   8     -4       11
  AVERAGE         15                        18     -3       20

PRECIPITATION (IN)
  YESTERDAY        0.00          0.50 1997   0.02  -0.02     0.00
  MONTH TO DATE    T                         0.06  -0.06     0.04
  SINCE DEC 1      1.97                      1.08   0.89     1.61
  SINCE JAN 1      0.58                      0.56   0.02     0.33

SNOWFALL (IN)
  YESTERDAY        0.0           5.5  1997   0.3   -0.3      0.0
  MONTH TO DATE    T                         0.8   -0.8      0.6
  SINCE DEC 1     17.0                      16.1    0.9     20.2
  SINCE JUL 1     21.7                      24.4   -2.7     25.8
  SNOW DEPTH       T

DEGREE DAYS
 HEATING
  YESTERDAY       50                        47      3       45
  MONTH TO DATE  147                       141      6      123
  SINCE DEC 1   3142                      3056     86     2871
  SINCE JUL 1   4350                      4758   -408     4161

 COOLING
  YESTERDAY        0                         0      0        0
  MONTH TO DATE    0                         0      0        0
  SINCE DEC 1      0                         0      0        0
  SINCE JAN 1      0                         0      0        0
..................................................................


WIND (MPH)
  HIGHEST WIND SPEED    25   HIGHEST WIND DIRECTION     S (160)
  HIGHEST GUST SPEED    32   HIGHEST GUST DIRECTION     S (170)
  AVERAGE WIND SPEED    10.4


SKY COVER
  POSSIBLE SUNSHINE  MM
  AVERAGE SKY COVER 0.1


WEATHER CONDITIONS
 THE FOLLOWING WEATHER WAS RECORDED YESTERDAY.
  NO SIGNIFICANT WEATHER WAS OBSERVED.


RELATIVE HUMIDITY (PERCENT)
 HIGHEST    91           600 AM
 LOWEST     46           300 PM
 AVERAGE    69

..........................................................


THE HURON SD CLIMATE NORMALS FOR TODAY
                         NORMAL    RECORD    YEAR
 MAXIMUM TEMPERATURE (F)   29        63      2005
 MINIMUM TEMPERATURE (F)    8       -32      1883


SUNRISE AND SUNSET
FEBRUARY  4 2017......SUNRISE   747 AM CST   SUNSET   547 PM CST
FEBRUARY  5 2017......SUNRISE   746 AM CST   SUNSET   548 PM CST


-  INDICATES NEGATIVE NUMBERS.
R  INDICATES RECORD WAS SET OR TIED.
MM INDICATES DATA IS MISSING.
T  INDICATES TRACE AMOUNT.




$$
