000
CDUS43 KFSD 130626
CLIHON


CLIMATE REPORT
NATIONAL WEATHER SERVICE SIOUX FALLS SD
126 AM CDT WED MAY 13 2015


...................................

...THE HURON SD CLIMATE SUMMARY FOR MAY 12 2015...

CLIMATE NORMAL PERIOD 1981 TO 2010
CLIMATE RECORD PERIOD 1881 TO 2015


WEATHER ITEM   OBSERVED TIME   RECORD YEAR NORMAL DEPARTURE LAST
                VALUE   (LST)  VALUE       VALUE  FROM      YEAR
                                                  NORMAL
..................................................................
TEMPERATURE (F)
 YESTERDAY
  MAXIMUM         66    458 PM  88    1988  69     -3       46
                                      1940
                                      1915
  MINIMUM         30    539 AM  20    1946  45    -15       39
  AVERAGE         48                        57     -9       43

PRECIPITATION (IN)
  YESTERDAY        0.00          1.44 1942   0.09  -0.09     0.19
  MONTH TO DATE    3.01                      1.11   1.90     1.24
  SINCE MAR 1      3.77                      4.88  -1.11     3.12
  SINCE JAN 1      4.38                      5.98  -1.60     3.68

SNOWFALL (IN)
  YESTERDAY        0.0           0.1  1953   0.0    0.0      0.0
  MONTH TO DATE    0.0                       0.1   -0.1      0.0
  SINCE MAR 1      1.2                      13.0  -11.8      6.9
  SINCE JUL 1     22.8                      44.0  -21.2     28.6
  SNOW DEPTH       0

DEGREE DAYS
 HEATING
  YESTERDAY       17                         9      8       22
  MONTH TO DATE  114                       126    -12      164
  SINCE MAR 1   1415                      1672   -257     1857
  SINCE JUL 1   7352                      7504   -152     8177

 COOLING
  YESTERDAY        0                         1     -1        0
  MONTH TO DATE    3                         9     -6        0
  SINCE MAR 1      5                        13     -8        0
  SINCE JAN 1      5                        13     -8        0
..................................................................


WIND (MPH)
  HIGHEST WIND SPEED    24   HIGHEST WIND DIRECTION    SE (120)
  HIGHEST GUST SPEED    32   HIGHEST GUST DIRECTION    SE (120)
  AVERAGE WIND SPEED    11.2


SKY COVER
  POSSIBLE SUNSHINE  MM
  AVERAGE SKY COVER 0.2


WEATHER CONDITIONS
 THE FOLLOWING WEATHER WAS RECORDED YESTERDAY.
  NO SIGNIFICANT WEATHER WAS OBSERVED.


RELATIVE HUMIDITY (PERCENT)
 HIGHEST    96           100 AM
 LOWEST     34           400 PM
 AVERAGE    65

..........................................................


THE HURON SD CLIMATE NORMALS FOR TODAY
                         NORMAL    RECORD    YEAR
 MAXIMUM TEMPERATURE (F)   70        95      1894
 MINIMUM TEMPERATURE (F)   45        25      1943


SUNRISE AND SUNSET
MAY 13 2015...........SUNRISE   608 AM CDT   SUNSET   851 PM CDT
MAY 14 2015...........SUNRISE   607 AM CDT   SUNSET   852 PM CDT


-  INDICATES NEGATIVE NUMBERS.
R  INDICATES RECORD WAS SET OR TIED.
MM INDICATES DATA IS MISSING.
T  INDICATES TRACE AMOUNT.




$$
