000
CDUS43 KFSD 160632
CLIHON


CLIMATE REPORT
NATIONAL WEATHER SERVICE SIOUX FALLS SD
131 AM CDT WED JUL 16 2014


...................................

...THE HURON SD CLIMATE SUMMARY FOR JULY 15 2014...

CLIMATE NORMAL PERIOD 1981 TO 2010
CLIMATE RECORD PERIOD 1881 TO 2014


WEATHER ITEM   OBSERVED TIME   RECORD YEAR NORMAL DEPARTURE LAST
                VALUE   (LST)  VALUE       VALUE  FROM      YEAR
                                                  NORMAL
..................................................................
TEMPERATURE (F)
 YESTERDAY
  MAXIMUM         75    406 PM 109    2006  86    -11       86
  MINIMUM         49    456 AM  41    1912  62    -13       69
  AVERAGE         62                        74    -12       78

PRECIPITATION (IN)
  YESTERDAY        0.00          1.81 1943   0.09  -0.09     0.27
  MONTH TO DATE    3.45                      1.32   2.13     1.71
  SINCE JUN 1      5.82                      5.25   0.57     5.17
  SINCE JAN 1     10.31                     13.23  -2.92    15.76

SNOWFALL (IN)
  YESTERDAY        0.0           0.0    MM   0.0    0.0      0.0
  MONTH TO DATE    0.0                       0.0    0.0      0.0
  SINCE JUN 1      0.0                       0.0    0.0      0.0
  SINCE JUL 1      0.0                       0.0    0.0      0.0
  SNOW DEPTH       0

DEGREE DAYS
 HEATING
  YESTERDAY        3                         0      3        0
  MONTH TO DATE   14                         0     14        0
  SINCE JUN 1     54                        51      3       66
  SINCE JUL 1     14                         0     14        0

 COOLING
  YESTERDAY        0                         9     -9       13
  MONTH TO DATE   89                       129    -40      160
  SINCE JUN 1    192                       262    -70      295
  SINCE JAN 1    254                       295    -41      333
..................................................................


WIND (MPH)
  HIGHEST WIND SPEED    17   HIGHEST WIND DIRECTION     N (360)
  HIGHEST GUST SPEED    20   HIGHEST GUST DIRECTION    NW (320)
  AVERAGE WIND SPEED     7.3


SKY COVER
  POSSIBLE SUNSHINE  MM
  AVERAGE SKY COVER 0.3


WEATHER CONDITIONS
 THE FOLLOWING WEATHER WAS RECORDED YESTERDAY.
  NO SIGNIFICANT WEATHER WAS OBSERVED.


RELATIVE HUMIDITY (PERCENT)
 HIGHEST    93           100 AM
 LOWEST     38           300 PM
 AVERAGE    66

..........................................................


THE HURON SD CLIMATE NORMALS FOR TODAY
                         NORMAL    RECORD    YEAR
 MAXIMUM TEMPERATURE (F)   86       109      1936
 MINIMUM TEMPERATURE (F)   62        42      1976


SUNRISE AND SUNSET
JULY 16 2014..........SUNRISE   604 AM CDT   SUNSET   914 PM CDT
JULY 17 2014..........SUNRISE   605 AM CDT   SUNSET   913 PM CDT


-  INDICATES NEGATIVE NUMBERS.
R  INDICATES RECORD WAS SET OR TIED.
MM INDICATES DATA IS MISSING.
T  INDICATES TRACE AMOUNT.




$$
