000
CDUS43 KFSD 250633
CLIHON


CLIMATE REPORT
NATIONAL WEATHER SERVICE SIOUX FALLS SD
131 AM CDT TUE AUG 25 2015


...................................

...THE HURON SD CLIMATE SUMMARY FOR AUGUST 24 2015...

CLIMATE NORMAL PERIOD 1981 TO 2010
CLIMATE RECORD PERIOD 1881 TO 2015


WEATHER ITEM   OBSERVED TIME   RECORD YEAR NORMAL DEPARTURE LAST
                VALUE   (LST)  VALUE       VALUE  FROM      YEAR
                                                  NORMAL
..................................................................
TEMPERATURE (F)
 YESTERDAY
  MAXIMUM         72    505 PM 101    1948  83    -11       82
  MINIMUM         41    544 AM  39    1928  58    -17       59
  AVERAGE         57                        70    -13       71

PRECIPITATION (IN)
  YESTERDAY        0.00          0.98 1935   0.07  -0.07      T
  MONTH TO DATE    4.96                      1.95   3.01     2.36
  SINCE JUN 1     13.17                      8.80   4.37     8.40
  SINCE JAN 1     19.11                     16.78   2.33    12.89

SNOWFALL (IN)
  YESTERDAY        0.0           0.0    MM   0.0    0.0      0.0
  MONTH TO DATE    0.0                       0.0    0.0      0.0
  SINCE JUN 1      T                         0.0    0.0      0.0
  SINCE JUL 1      0.0                       0.0    0.0      0.0
  SNOW DEPTH       0

DEGREE DAYS
 HEATING
  YESTERDAY        8                         1      7        0
  MONTH TO DATE   30                         8     22        1
  SINCE JUN 1     45                        67    -22       64
  SINCE JUL 1     34                        16     18       24

 COOLING
  YESTERDAY        0                         6     -6        6
  MONTH TO DATE  162                       187    -25      156
  SINCE JUN 1    594                       597     -3      436
  SINCE JAN 1    614                       630    -16      498
..................................................................


WIND (MPH)
  HIGHEST WIND SPEED    15   HIGHEST WIND DIRECTION    NW (330)
  HIGHEST GUST SPEED    21   HIGHEST GUST DIRECTION    NW (320)
  AVERAGE WIND SPEED     5.6


SKY COVER
  POSSIBLE SUNSHINE  MM
  AVERAGE SKY COVER 0.0


WEATHER CONDITIONS
 THE FOLLOWING WEATHER WAS RECORDED YESTERDAY.
  NO SIGNIFICANT WEATHER WAS OBSERVED.


RELATIVE HUMIDITY (PERCENT)
 HIGHEST    96           500 AM
 LOWEST     41           300 PM
 AVERAGE    69

..........................................................


THE HURON SD CLIMATE NORMALS FOR TODAY
                         NORMAL    RECORD    YEAR
 MAXIMUM TEMPERATURE (F)   83       106      1991
 MINIMUM TEMPERATURE (F)   58        42      1934
                                             1911


SUNRISE AND SUNSET
AUGUST 25 2015........SUNRISE   647 AM CDT   SUNSET   822 PM CDT
AUGUST 26 2015........SUNRISE   648 AM CDT   SUNSET   820 PM CDT


-  INDICATES NEGATIVE NUMBERS.
R  INDICATES RECORD WAS SET OR TIED.
MM INDICATES DATA IS MISSING.
T  INDICATES TRACE AMOUNT.




$$
