000
CDUS43 KFSD 070637
CLIHON


CLIMATE REPORT
NATIONAL WEATHER SERVICE SIOUX FALLS SD
137 AM CDT WED SEP 7 2016


...................................

...THE HURON SD CLIMATE SUMMARY FOR SEPTEMBER 6 2016...

CLIMATE NORMAL PERIOD 1981 TO 2010
CLIMATE RECORD PERIOD 1881 TO 2016


WEATHER ITEM   OBSERVED TIME   RECORD YEAR NORMAL DEPARTURE LAST
                VALUE   (LST)  VALUE       VALUE  FROM      YEAR
                                                  NORMAL
..................................................................
TEMPERATURE (F)
 YESTERDAY
  MAXIMUM         72    530 PM 106    1970  79     -7       81
  MINIMUM         60    659 AM  35    1956  53      7       53
  AVERAGE         66                        66      0       67

PRECIPITATION (IN)
  YESTERDAY        0.32          1.40 1948   0.08   0.24      T
  MONTH TO DATE    0.74                      0.50   0.24     0.16
  SINCE SEP 1      0.74                      0.50   0.24     0.16
  SINCE JAN 1     15.29                     17.76  -2.47    19.35

SNOWFALL (IN)
  YESTERDAY        0.0           0.0    MM   0.0    0.0      0.0
  MONTH TO DATE    0.0                       0.0    0.0      0.0
  SINCE SEP 1      0.0                       0.0    0.0      0.0
  SINCE JUL 1      0.0                       0.0    0.0      0.0
  SNOW DEPTH       0

DEGREE DAYS
 HEATING
  YESTERDAY        0                         3     -3        0
  MONTH TO DATE    0                        14    -14        0
  SINCE SEP 1      0                        14    -14        0
  SINCE JUL 1     17                        43    -26       40

 COOLING
  YESTERDAY        1                         4     -3        2
  MONTH TO DATE   33                        27      6       67
  SINCE SEP 1     33                        27      6       67
  SINCE JAN 1    839                       696    143      723
..................................................................


WIND (MPH)
  HIGHEST WIND SPEED    24   HIGHEST WIND DIRECTION     N (350)
  HIGHEST GUST SPEED    29   HIGHEST GUST DIRECTION     N (360)
  AVERAGE WIND SPEED     8.6


SKY COVER
  POSSIBLE SUNSHINE  MM
  AVERAGE SKY COVER 0.8


WEATHER CONDITIONS
 THE FOLLOWING WEATHER WAS RECORDED YESTERDAY.
  THUNDERSTORM
  RAIN
  LIGHT RAIN
  FOG


RELATIVE HUMIDITY (PERCENT)
 HIGHEST   100           100 AM
 LOWEST     68           300 PM
 AVERAGE    84

..........................................................


THE HURON SD CLIMATE NORMALS FOR TODAY
                         NORMAL    RECORD    YEAR
 MAXIMUM TEMPERATURE (F)   79        99      1980
                                             1978
                                             1933
 MINIMUM TEMPERATURE (F)   53        34      1986
                                             1895


SUNRISE AND SUNSET
SEPTEMBER  7 2016.....SUNRISE   703 AM CDT   SUNSET   757 PM CDT
SEPTEMBER  8 2016.....SUNRISE   704 AM CDT   SUNSET   755 PM CDT


-  INDICATES NEGATIVE NUMBERS.
R  INDICATES RECORD WAS SET OR TIED.
MM INDICATES DATA IS MISSING.
T  INDICATES TRACE AMOUNT.




$$
