000
CDUS43 KFSD 310631
CLIHON


CLIMATE REPORT
NATIONAL WEATHER SERVICE SIOUX FALLS SD
1231 AM CST SUN JAN 31 2016


...................................

...THE HURON SD CLIMATE SUMMARY FOR JANUARY 30 2016...

CLIMATE NORMAL PERIOD 1981 TO 2010
CLIMATE RECORD PERIOD 1881 TO 2016


WEATHER ITEM   OBSERVED TIME   RECORD YEAR NORMAL DEPARTURE LAST
                VALUE   (LST)  VALUE       VALUE  FROM      YEAR
                                                  NORMAL
..................................................................
TEMPERATURE (F)
 YESTERDAY
  MAXIMUM         37   1121 AM  59    1989  28      9       45
  MINIMUM         28    455 AM -29    1994   7     21       17
  AVERAGE         33                        18     15       31

PRECIPITATION (IN)
  YESTERDAY        0.00          0.74 2001   0.01  -0.01     0.00
  MONTH TO DATE    0.29                      0.48  -0.19     0.35
  SINCE DEC 1      1.57                      1.00   0.57     1.05
  SINCE JAN 1      0.29                      0.48  -0.19     0.35

SNOWFALL (IN)
  YESTERDAY        0.0           9.3  2001   0.3   -0.3      0.0
  MONTH TO DATE    5.3                       7.1   -1.8      4.3
  SINCE DEC 1     19.6                      15.1    4.5      9.7
  SINCE JUL 1     25.2                      23.4    1.8     17.6
  SNOW DEPTH       3

DEGREE DAYS
 HEATING
  YESTERDAY       32                        47    -15       34
  MONTH TO DATE 1458                      1454      4     1356
  SINCE DEC 1   2716                      2872   -156     2654
  SINCE JUL 1   4006                      4574   -568     4511

 COOLING
  YESTERDAY        0                         0      0        0
  MONTH TO DATE    0                         0      0        0
  SINCE DEC 1      0                         0      0        0
  SINCE JAN 1      0                         0      0        0
..................................................................


WIND (MPH)
  HIGHEST WIND SPEED    12   HIGHEST WIND DIRECTION    NW (330)
  HIGHEST GUST SPEED    14   HIGHEST GUST DIRECTION    SW (230)
  AVERAGE WIND SPEED     6.4


SKY COVER
  POSSIBLE SUNSHINE  MM
  AVERAGE SKY COVER 0.5


WEATHER CONDITIONS
 THE FOLLOWING WEATHER WAS RECORDED YESTERDAY.
  NO SIGNIFICANT WEATHER WAS OBSERVED.


RELATIVE HUMIDITY (PERCENT)
 HIGHEST    96           600 PM
 LOWEST     82           100 AM
 AVERAGE    89

..........................................................


THE HURON SD CLIMATE NORMALS FOR TODAY
                         NORMAL    RECORD    YEAR
 MAXIMUM TEMPERATURE (F)   28        55      1987
 MINIMUM TEMPERATURE (F)    8       -27      1978


SUNRISE AND SUNSET
JANUARY 31 2016.......SUNRISE   753 AM CST   SUNSET   540 PM CST
FEBRUARY  1 2016......SUNRISE   752 AM CST   SUNSET   542 PM CST


-  INDICATES NEGATIVE NUMBERS.
R  INDICATES RECORD WAS SET OR TIED.
MM INDICATES DATA IS MISSING.
T  INDICATES TRACE AMOUNT.




$$
