000
CDUS43 KFSD 300657
CLIHON


CLIMATE REPORT
NATIONAL WEATHER SERVICE SIOUX FALLS SD
157 AM CDT FRI JUN 30 2017


...................................

...THE HURON SD CLIMATE SUMMARY FOR JUNE 29 2017...

CLIMATE NORMAL PERIOD 1981 TO 2010
CLIMATE RECORD PERIOD 1881 TO 2017


WEATHER ITEM   OBSERVED TIME   RECORD YEAR NORMAL DEPARTURE LAST
                VALUE   (LST)  VALUE       VALUE  FROM      YEAR
                                                  NORMAL
..................................................................
TEMPERATURE (F)
 YESTERDAY
  MAXIMUM         76    106 PM 104    1931  84     -8       88
  MINIMUM         52    502 AM  43    1985  60     -8       63
                                      1950
  AVERAGE         64                        72     -8       76

PRECIPITATION (IN)
  YESTERDAY        0.05          1.15 1993   0.10  -0.05      T
  MONTH TO DATE    3.04                      3.83  -0.79     1.91
  SINCE JUN 1      3.04                      3.83  -0.79     1.91
  SINCE JAN 1      7.13                     11.81  -4.68    10.72

SNOWFALL (IN)
  YESTERDAY        0.0           0.0    MM   0.0    0.0      0.0
  MONTH TO DATE    0.0                       0.0    0.0      0.0
  SINCE JUN 1      0.0                       0.0    0.0      0.0
  SINCE JUL 1     35.9                      43.9   -8.0     33.0
  SNOW DEPTH       0

DEGREE DAYS
 HEATING
  YESTERDAY        1                         1      0        0
  MONTH TO DATE   30                        52    -22       17
  SINCE JUN 1     30                        52    -22       17
  SINCE JUL 1   6910                      7673   -763     6569

 COOLING
  YESTERDAY        0                         7     -7       11
  MONTH TO DATE  154                       126     28      225
  SINCE JUN 1    154                       126     28      225
  SINCE JAN 1    175                       159     16      256
..................................................................


WIND (MPH)
  HIGHEST WIND SPEED    21   HIGHEST WIND DIRECTION     N (350)
  HIGHEST GUST SPEED    27   HIGHEST GUST DIRECTION     N (350)
  AVERAGE WIND SPEED     7.3


SKY COVER
  POSSIBLE SUNSHINE  MM
  AVERAGE SKY COVER 0.6


WEATHER CONDITIONS
 THE FOLLOWING WEATHER WAS RECORDED YESTERDAY.
  THUNDERSTORM
  LIGHT RAIN


RELATIVE HUMIDITY (PERCENT)
 HIGHEST    93           900 PM
 LOWEST     61           300 PM
 AVERAGE    77

..........................................................


THE HURON SD CLIMATE NORMALS FOR TODAY
                         NORMAL    RECORD    YEAR
 MAXIMUM TEMPERATURE (F)   84       104      1931
 MINIMUM TEMPERATURE (F)   60        44      1892


SUNRISE AND SUNSET
JUNE 30 2017..........SUNRISE   552 AM CDT   SUNSET   921 PM CDT
JULY  1 2017..........SUNRISE   553 AM CDT   SUNSET   921 PM CDT


-  INDICATES NEGATIVE NUMBERS.
R  INDICATES RECORD WAS SET OR TIED.
MM INDICATES DATA IS MISSING.
T  INDICATES TRACE AMOUNT.




$$
