000
CDUS43 KFSD 072232
CLIHON


CLIMATE REPORT
NATIONAL WEATHER SERVICE SIOUX FALLS SD
432 PM CST SUN JAN 7 2018


...................................

...THE HURON SD CLIMATE SUMMARY FOR JANUARY 7 2018...
VALID TODAY AS OF 0400 PM LOCAL TIME.

CLIMATE NORMAL PERIOD 1981 TO 2010
CLIMATE RECORD PERIOD 1881 TO 2018


WEATHER ITEM   OBSERVED TIME   RECORD YEAR NORMAL DEPARTURE LAST
                VALUE   (LST)  VALUE       VALUE  FROM      YEAR
                                                  NORMAL
..................................................................
TEMPERATURE (F)
 TODAY
  MAXIMUM         39    257 PM  60    2003  26     13        6
  MINIMUM         14    829 AM -34    1912   6      8       -9
  AVERAGE         27                        16     11       -1

PRECIPITATION (IN)
  TODAY            0.00          0.68 1975   0.02  -0.02     0.00
  MONTH TO DATE    0.01                      0.12  -0.11     0.07
  SINCE DEC 1      0.51                      0.64  -0.13     1.46
  SINCE JAN 1      0.01                      0.12  -0.11     0.07

SNOWFALL (IN)
  TODAY            0.0          11.1  1975   0.2   -0.2      0.0
  MONTH TO DATE    T                         1.7   -1.7      0.8
  SINCE DEC 1      6.9                       9.7   -2.8     10.8
  SINCE JUL 1      8.2                      18.0   -9.8     15.5
  SNOW DEPTH       2

DEGREE DAYS
 HEATING
  TODAY           38                        49    -11       66
  MONTH TO DATE  416                       341     75      419
  SINCE DEC 1   1779                      1759     20     1918
  SINCE JUL 1   3344                      3461   -117     3126

 COOLING
  TODAY            0                         0      0        0
  MONTH TO DATE    0                         0      0        0
  SINCE DEC 1      0                         0      0        0
  SINCE JAN 1      0                         0      0        0
..................................................................


WIND (MPH)
  HIGHEST WIND SPEED    22   HIGHEST WIND DIRECTION    NW (310)
  HIGHEST GUST SPEED    26   HIGHEST GUST DIRECTION    NW (310)
  AVERAGE WIND SPEED     9.8


SKY COVER
  POSSIBLE SUNSHINE  MM
  AVERAGE SKY COVER 0.2


WEATHER CONDITIONS
 THE FOLLOWING WEATHER WAS RECORDED TODAY.
  FOG
  HAZE


RELATIVE HUMIDITY (PERCENT)
 HIGHEST   100           900 AM
 LOWEST     70           200 PM
 AVERAGE    85

..........................................................


THE HURON SD CLIMATE NORMALS FOR TOMORROW
                         NORMAL    RECORD    YEAR
 MAXIMUM TEMPERATURE (F)   26        61      1963
 MINIMUM TEMPERATURE (F)    6       -43      1887


SUNRISE AND SUNSET
JANUARY  7 2018.......SUNRISE   808 AM CST   SUNSET   510 PM CST
JANUARY  8 2018.......SUNRISE   808 AM CST   SUNSET   511 PM CST


-  INDICATES NEGATIVE NUMBERS.
R  INDICATES RECORD WAS SET OR TIED.
MM INDICATES DATA IS MISSING.
T  INDICATES TRACE AMOUNT.




$$
