000
CDUS43 KFSD 020635
CLIHON


CLIMATE REPORT
NATIONAL WEATHER SERVICE SIOUX FALLS SD
135 AM CDT SAT JUL 2 2016


...................................

...THE HURON SD CLIMATE SUMMARY FOR JULY 1 2016...

CLIMATE NORMAL PERIOD 1981 TO 2010
CLIMATE RECORD PERIOD 1881 TO 2016


WEATHER ITEM   OBSERVED TIME   RECORD YEAR NORMAL DEPARTURE LAST
                VALUE   (LST)  VALUE       VALUE  FROM      YEAR
                                                  NORMAL
..................................................................
TEMPERATURE (F)
 YESTERDAY
  MAXIMUM         76    115 PM 103    2002  84     -8       80
  MINIMUM         42R   457 AM  44    1945  60    -18       63
                                      1904
  AVERAGE         59                        72    -13       72

PRECIPITATION (IN)
  YESTERDAY        0.00          1.68 1997   0.08  -0.08     0.33
  MONTH TO DATE    0.00                      0.08  -0.08     0.33
  SINCE JUN 1      1.91                      4.01  -2.10     4.93
  SINCE JAN 1     10.72                     11.99  -1.27    10.87

SNOWFALL (IN)
  YESTERDAY        0.0           0.0    MM   0.0    0.0      0.0
  MONTH TO DATE    0.0                       0.0    0.0      0.0
  SINCE JUN 1      0.0                       0.0    0.0       T
  SINCE JUL 1      0.0                       0.0    0.0      0.0
  SNOW DEPTH       0

DEGREE DAYS
 HEATING
  YESTERDAY        6                         0      6        0
  MONTH TO DATE    6                         0      6        0
  SINCE JUN 1     23                        51    -28       11
  SINCE JUL 1      6                         0      6        0

 COOLING
  YESTERDAY        0                         8     -8        7
  MONTH TO DATE    0                         8     -8        7
  SINCE JUN 1    228                       141     87      157
  SINCE JAN 1    259                       174     85      177
..................................................................


WIND (MPH)
  HIGHEST WIND SPEED    13   HIGHEST WIND DIRECTION    SW (210)
  HIGHEST GUST SPEED    17   HIGHEST GUST DIRECTION    SW (210)
  AVERAGE WIND SPEED     4.9


SKY COVER
  POSSIBLE SUNSHINE  MM
  AVERAGE SKY COVER 0.0


WEATHER CONDITIONS
 THE FOLLOWING WEATHER WAS RECORDED YESTERDAY.
  NO SIGNIFICANT WEATHER WAS OBSERVED.


RELATIVE HUMIDITY (PERCENT)
 HIGHEST    96           500 AM
 LOWEST     29           100 PM
 AVERAGE    63

..........................................................


THE HURON SD CLIMATE NORMALS FOR TODAY
                         NORMAL    RECORD    YEAR
 MAXIMUM TEMPERATURE (F)   85       100      2012
                                             1975
 MINIMUM TEMPERATURE (F)   60        40      1945


SUNRISE AND SUNSET
JULY  2 2016..........SUNRISE   553 AM CDT   SUNSET   921 PM CDT
JULY  3 2016..........SUNRISE   554 AM CDT   SUNSET   920 PM CDT


-  INDICATES NEGATIVE NUMBERS.
R  INDICATES RECORD WAS SET OR TIED.
MM INDICATES DATA IS MISSING.
T  INDICATES TRACE AMOUNT.




$$
