000
CDUS43 KFSD 140629
CLIHON


CLIMATE REPORT
NATIONAL WEATHER SERVICE SIOUX FALLS SD
128 AM CDT THU APR 14 2016


...................................

...THE HURON SD CLIMATE SUMMARY FOR APRIL 13 2016...

CLIMATE NORMAL PERIOD 1981 TO 2010
CLIMATE RECORD PERIOD 1881 TO 2016


WEATHER ITEM   OBSERVED TIME   RECORD YEAR NORMAL DEPARTURE LAST
                VALUE   (LST)  VALUE       VALUE  FROM      YEAR
                                                  NORMAL
..................................................................
TEMPERATURE (F)
 YESTERDAY
  MAXIMUM         75    511 PM  90    1908  58     17       67
  MINIMUM         29    614 AM  14    1950  33     -4       30
                                      1928
  AVERAGE         52                        45      7       49

PRECIPITATION (IN)
  YESTERDAY        0.00          1.98 1892   0.08  -0.08     0.00
  MONTH TO DATE    0.09                      0.91  -0.82     0.25
  SINCE MAR 1      1.16                      2.37  -1.21     0.41
  SINCE JAN 1      2.03                      3.47  -1.44     1.02

SNOWFALL (IN)
  YESTERDAY        0.0           4.6  1928   0.2   -0.2      0.0
  MONTH TO DATE    T                         2.3   -2.3       T
  SINCE MAR 1      2.3                      11.2   -8.9      1.2
  SINCE JUL 1     33.0                      42.2   -9.2     22.8
  SNOW DEPTH       0

DEGREE DAYS
 HEATING
  YESTERDAY       13                        20     -7       16
  MONTH TO DATE  292                       290      2      234
  SINCE MAR 1   1039                      1277   -238     1092
  SINCE JUL 1   6115                      7109   -994     7029

 COOLING
  YESTERDAY        0                         0      0        0
  MONTH TO DATE    0                         0      0        0
  SINCE MAR 1      0                         0      0        2
  SINCE JAN 1      0                         0      0        2
..................................................................


WIND (MPH)
  HIGHEST WIND SPEED    15   HIGHEST WIND DIRECTION     N (340)
  HIGHEST GUST SPEED    27   HIGHEST GUST DIRECTION     S (160)
  AVERAGE WIND SPEED     8.8


SKY COVER
  POSSIBLE SUNSHINE  MM
  AVERAGE SKY COVER 0.0


WEATHER CONDITIONS
 THE FOLLOWING WEATHER WAS RECORDED YESTERDAY.
  NO SIGNIFICANT WEATHER WAS OBSERVED.


RELATIVE HUMIDITY (PERCENT)
 HIGHEST   100          1200 AM
 LOWEST     25           500 PM
 AVERAGE    63

..........................................................


THE HURON SD CLIMATE NORMALS FOR TODAY
                         NORMAL    RECORD    YEAR
 MAXIMUM TEMPERATURE (F)   59        91      2003
 MINIMUM TEMPERATURE (F)   33         6      1928


SUNRISE AND SUNSET
APRIL 14 2016.........SUNRISE   650 AM CDT   SUNSET   817 PM CDT
APRIL 15 2016.........SUNRISE   648 AM CDT   SUNSET   818 PM CDT


-  INDICATES NEGATIVE NUMBERS.
R  INDICATES RECORD WAS SET OR TIED.
MM INDICATES DATA IS MISSING.
T  INDICATES TRACE AMOUNT.




$$
