000
CDUS43 KFSD 080702
CLIHON


CLIMATE REPORT
NATIONAL WEATHER SERVICE SIOUX FALLS SD
100 AM CST WED MAR 8 2017


...................................

...THE HURON SD CLIMATE SUMMARY FOR MARCH 7 2017...

CLIMATE NORMAL PERIOD 1981 TO 2010
CLIMATE RECORD PERIOD 1881 TO 2017


WEATHER ITEM   OBSERVED TIME   RECORD YEAR NORMAL DEPARTURE LAST
                VALUE   (LST)  VALUE       VALUE  FROM      YEAR
                                                  NORMAL
..................................................................
TEMPERATURE (F)
 YESTERDAY
  MAXIMUM         50   1222 PM  80    1987  39     11       71
  MINIMUM         30    729 AM -17    1996  19     11       40
  AVERAGE         40                        29     11       56

PRECIPITATION (IN)
  YESTERDAY        T             0.66 1950   0.04  -0.04     0.00
  MONTH TO DATE    0.08                      0.23  -0.15      T
  SINCE MAR 1      0.08                      0.23  -0.15      T
  SINCE JAN 1      0.88                      1.33  -0.45     0.87

SNOWFALL (IN)
  YESTERDAY        T             9.7  1950   0.4   -0.4      0.0
  MONTH TO DATE    1.7                       2.4   -0.7       T
  SINCE MAR 1      1.7                       2.4   -0.7       T
  SINCE JUL 1     23.7                      33.4   -9.7     30.7
  SNOW DEPTH       0

DEGREE DAYS
 HEATING
  YESTERDAY       25                        36    -11        9
  MONTH TO DATE  207                       259    -52      204
  SINCE MAR 1    207                       259    -52      204
  SINCE JUL 1   5356                      6091   -735     5280

 COOLING
  YESTERDAY        0                         0      0        0
  MONTH TO DATE    0                         0      0        0
  SINCE MAR 1      0                         0      0        0
  SINCE JAN 1      0                         0      0        0
..................................................................


WIND (MPH)
  HIGHEST WIND SPEED    43   HIGHEST WIND DIRECTION     W (280)
  HIGHEST GUST SPEED    53   HIGHEST GUST DIRECTION     W (290)
  AVERAGE WIND SPEED    24.9


SKY COVER
  POSSIBLE SUNSHINE  MM
  AVERAGE SKY COVER 0.1


WEATHER CONDITIONS
 THE FOLLOWING WEATHER WAS RECORDED YESTERDAY.
  LIGHT SNOW


RELATIVE HUMIDITY (PERCENT)
 HIGHEST    63           500 AM
 LOWEST     25           500 PM
 AVERAGE    44

..........................................................


THE HURON SD CLIMATE NORMALS FOR TODAY
                         NORMAL    RECORD    YEAR
 MAXIMUM TEMPERATURE (F)   40        71      1900
 MINIMUM TEMPERATURE (F)   20       -18      1995


SUNRISE AND SUNSET
MARCH  8 2017.........SUNRISE   657 AM CST   SUNSET   630 PM CST
MARCH  9 2017.........SUNRISE   656 AM CST   SUNSET   632 PM CST


-  INDICATES NEGATIVE NUMBERS.
R  INDICATES RECORD WAS SET OR TIED.
MM INDICATES DATA IS MISSING.
T  INDICATES TRACE AMOUNT.




$$
