000
CDUS43 KFSD 010702
CLIHON


CLIMATE REPORT
NATIONAL WEATHER SERVICE SIOUX FALLS SD
201 AM CDT SAT JUL 1 2017


...................................

...THE HURON SD CLIMATE SUMMARY FOR JUNE 30 2017...

CLIMATE NORMAL PERIOD 1981 TO 2010
CLIMATE RECORD PERIOD 1881 TO 2017


WEATHER ITEM   OBSERVED TIME   RECORD YEAR NORMAL DEPARTURE LAST
                VALUE   (LST)  VALUE       VALUE  FROM      YEAR
                                                  NORMAL
..................................................................
TEMPERATURE (F)
 YESTERDAY
  MAXIMUM         77    440 PM 104    1931  84     -7       81
  MINIMUM         51   1158 PM  44    1892  60     -9       54
  AVERAGE         64                        72     -8       68

PRECIPITATION (IN)
  YESTERDAY        0.00          2.26 1968   0.10  -0.10     0.00
  MONTH TO DATE    3.04                      3.93  -0.89     1.91
  SINCE JUN 1      3.04                      3.93  -0.89     1.91
  SINCE JAN 1      7.13                     11.91  -4.78    10.72

SNOWFALL (IN)
  YESTERDAY        0.0           0.0    MM   0.0    0.0      0.0
  MONTH TO DATE    0.0                       0.0    0.0      0.0
  SINCE JUN 1      0.0                       0.0    0.0      0.0
  SINCE JUL 1     35.9                      43.9   -8.0     33.0
  SNOW DEPTH       0

DEGREE DAYS
 HEATING
  YESTERDAY        1                         0      1        0
  MONTH TO DATE   31                        52    -21       17
  SINCE JUN 1     31                        51    -20       17
  SINCE JUL 1   6911                      7672   -761     6569

 COOLING
  YESTERDAY        0                         7     -7        3
  MONTH TO DATE  154                       133     21      228
  SINCE JUN 1    154                       133     21      228
  SINCE JAN 1    175                       166      9      259
..................................................................


WIND (MPH)
  HIGHEST WIND SPEED    24   HIGHEST WIND DIRECTION    NW (310)
  HIGHEST GUST SPEED    31   HIGHEST GUST DIRECTION    NW (330)
  AVERAGE WIND SPEED    10.9


SKY COVER
  POSSIBLE SUNSHINE  MM
  AVERAGE SKY COVER 0.2


WEATHER CONDITIONS
 THE FOLLOWING WEATHER WAS RECORDED YESTERDAY.
  NO SIGNIFICANT WEATHER WAS OBSERVED.


RELATIVE HUMIDITY (PERCENT)
 HIGHEST   100           300 AM
 LOWEST     29           400 PM
 AVERAGE    65

..........................................................


THE HURON SD CLIMATE NORMALS FOR TODAY
                         NORMAL    RECORD    YEAR
 MAXIMUM TEMPERATURE (F)   84       103      2002
 MINIMUM TEMPERATURE (F)   60        42      2016


SUNRISE AND SUNSET
JULY  1 2017..........SUNRISE   553 AM CDT   SUNSET   921 PM CDT
JULY  2 2017..........SUNRISE   553 AM CDT   SUNSET   921 PM CDT


-  INDICATES NEGATIVE NUMBERS.
R  INDICATES RECORD WAS SET OR TIED.
MM INDICATES DATA IS MISSING.
T  INDICATES TRACE AMOUNT.




$$
