000
CDUS43 KFSD 142237
CLIHON


CLIMATE REPORT
NATIONAL WEATHER SERVICE SIOUX FALLS SD
437 PM CST FRI NOV 14 2014


...................................

...THE HURON SD CLIMATE SUMMARY FOR NOVEMBER 14 2014...
VALID TODAY AS OF 0400 PM LOCAL TIME.

CLIMATE NORMAL PERIOD 1981 TO 2010
CLIMATE RECORD PERIOD 1881 TO 2014


WEATHER ITEM   OBSERVED TIME   RECORD YEAR NORMAL DEPARTURE LAST
                VALUE   (LST)  VALUE       VALUE  FROM      YEAR
                                                  NORMAL
..................................................................
TEMPERATURE (F)
 TODAY
  MAXIMUM         23    340 PM  71    1942  44    -21       54
                                      1939
  MINIMUM         -9    355 AM -18    1959  23    -32       33
  AVERAGE          7                        34    -27       44

PRECIPITATION (IN)
  TODAY            0.00          0.44 1928   0.03  -0.03     0.00
  MONTH TO DATE    0.45                      0.47  -0.02     0.15
  SINCE SEP 1      1.83                      4.72  -2.89     6.97
  SINCE JAN 1     15.39                     21.98  -6.59    24.17

SNOWFALL (IN)
  TODAY            0.0           4.5  1927   0.3   -0.3      0.0
  MONTH TO DATE    3.3                       2.5    0.8      1.6
  SINCE SEP 1      3.3                       3.6   -0.3      2.5
  SINCE JUL 1      3.3                       3.6   -0.3      2.5
  SNOW DEPTH       3

DEGREE DAYS
 HEATING
  TODAY           58                        32     26       21
  MONTH TO DATE  454                       389     65      412
  SINCE SEP 1   1068                      1090    -22     1029
  SINCE JUL 1   1101                      1119    -18     1051

 COOLING
  TODAY            0                         0      0        0
  MONTH TO DATE    0                         0      0        0
  SINCE SEP 1     74                        73      1      160
  SINCE JAN 1    597                       742   -145      848
..................................................................


WIND (MPH)
  HIGHEST WIND SPEED    14   HIGHEST WIND DIRECTION    SE (120)
  HIGHEST GUST SPEED    18   HIGHEST GUST DIRECTION    SE (150)
  AVERAGE WIND SPEED     4.7


SKY COVER
  POSSIBLE SUNSHINE  MM
  AVERAGE SKY COVER 0.2


WEATHER CONDITIONS
 THE FOLLOWING WEATHER WAS RECORDED TODAY.
  FOG


RELATIVE HUMIDITY (PERCENT)
 HIGHEST    95           200 AM
 LOWEST     62           300 PM
 AVERAGE    79

..........................................................


THE HURON SD CLIMATE NORMALS FOR TOMORROW
                         NORMAL    RECORD    YEAR
 MAXIMUM TEMPERATURE (F)   43        75      1953
 MINIMUM TEMPERATURE (F)   23        -4      1883


SUNRISE AND SUNSET
NOVEMBER 14 2014......SUNRISE   728 AM CST   SUNSET   507 PM CST
NOVEMBER 15 2014......SUNRISE   729 AM CST   SUNSET   506 PM CST


-  INDICATES NEGATIVE NUMBERS.
R  INDICATES RECORD WAS SET OR TIED.
MM INDICATES DATA IS MISSING.
T  INDICATES TRACE AMOUNT.




$$
