000
CDUS43 KFSD 210624
CLIHON


CLIMATE REPORT
NATIONAL WEATHER SERVICE SIOUX FALLS SD
124 AM CDT FRI AUG 21 2015


...................................

...THE HURON SD CLIMATE SUMMARY FOR AUGUST 20 2015...

CLIMATE NORMAL PERIOD 1981 TO 2010
CLIMATE RECORD PERIOD 1881 TO 2015


WEATHER ITEM   OBSERVED TIME   RECORD YEAR NORMAL DEPARTURE LAST
                VALUE   (LST)  VALUE       VALUE  FROM      YEAR
                                                  NORMAL
..................................................................
TEMPERATURE (F)
 YESTERDAY
  MAXIMUM         79    508 PM 102    1955  84     -5       85
  MINIMUM         48    552 AM  38    1950  59    -11       67
  AVERAGE         64                        71     -7       76

PRECIPITATION (IN)
  YESTERDAY        0.00          1.28 1924   0.07  -0.07      T
  MONTH TO DATE    4.96                      1.67   3.29     0.69
  SINCE JUN 1     13.17                      8.52   4.65     6.73
  SINCE JAN 1     19.11                     16.50   2.61    11.22

SNOWFALL (IN)
  YESTERDAY        0.0           0.0    MM   0.0    0.0      0.0
  MONTH TO DATE    0.0                       0.0    0.0      0.0
  SINCE JUN 1      T                         0.0    0.0      0.0
  SINCE JUL 1      0.0                       0.0    0.0      0.0
  SNOW DEPTH       0

DEGREE DAYS
 HEATING
  YESTERDAY        1                         1      0        0
  MONTH TO DATE   16                         4     12        1
  SINCE JUN 1     31                        63    -32       64
  SINCE JUL 1     20                        12      8       24

 COOLING
  YESTERDAY        0                         7     -7       11
  MONTH TO DATE  153                       161     -8      122
  SINCE JUN 1    585                       571     14      402
  SINCE JAN 1    605                       604      1      464
..................................................................


WIND (MPH)
  HIGHEST WIND SPEED    15   HIGHEST WIND DIRECTION    SE (150)
  HIGHEST GUST SPEED    23   HIGHEST GUST DIRECTION     S (160)
  AVERAGE WIND SPEED     7.4


SKY COVER
  POSSIBLE SUNSHINE  MM
  AVERAGE SKY COVER 0.0


WEATHER CONDITIONS
 THE FOLLOWING WEATHER WAS RECORDED YESTERDAY.
  NO SIGNIFICANT WEATHER WAS OBSERVED.


RELATIVE HUMIDITY (PERCENT)
 HIGHEST    93           500 AM
 LOWEST     42           300 PM
 AVERAGE    68

..........................................................


THE HURON SD CLIMATE NORMALS FOR TODAY
                         NORMAL    RECORD    YEAR
 MAXIMUM TEMPERATURE (F)   83       103      1976
 MINIMUM TEMPERATURE (F)   59        43      1884


SUNRISE AND SUNSET
AUGUST 21 2015........SUNRISE   643 AM CDT   SUNSET   829 PM CDT
AUGUST 22 2015........SUNRISE   644 AM CDT   SUNSET   827 PM CDT


-  INDICATES NEGATIVE NUMBERS.
R  INDICATES RECORD WAS SET OR TIED.
MM INDICATES DATA IS MISSING.
T  INDICATES TRACE AMOUNT.




$$
