000
CDUS43 KFSD 022224
CLIHON


CLIMATE REPORT
NATIONAL WEATHER SERVICE SIOUX FALLS SD
524 PM CDT SAT JUL 2 2016


...................................

...THE HURON SD CLIMATE SUMMARY FOR JULY 2 2016...
VALID TODAY AS OF 0500 PM LOCAL TIME.

CLIMATE NORMAL PERIOD 1981 TO 2010
CLIMATE RECORD PERIOD 1881 TO 2016


WEATHER ITEM   OBSERVED TIME   RECORD YEAR NORMAL DEPARTURE LAST
                VALUE   (LST)  VALUE       VALUE  FROM      YEAR
                                                  NORMAL
..................................................................
TEMPERATURE (F)
 TODAY
  MAXIMUM         79    359 PM 100    2012  85     -6       73
                                      1975
  MINIMUM         51    501 AM  40    1945  60     -9       59
  AVERAGE         65                        72     -7       66

PRECIPITATION (IN)
  TODAY            0.00          2.17 1958   0.08  -0.08     0.11
  MONTH TO DATE    0.00                      0.16  -0.16     0.44
  SINCE JUN 1      1.91                      4.09  -2.18     5.04
  SINCE JAN 1     10.72                     12.07  -1.35    10.98

SNOWFALL (IN)
  TODAY            0.0           0.0    MM   0.0    0.0      0.0
  MONTH TO DATE    0.0                       0.0    0.0      0.0
  SINCE JUN 1      0.0                       0.0    0.0       T
  SINCE JUL 1      0.0                       0.0    0.0      0.0
  SNOW DEPTH       0

DEGREE DAYS
 HEATING
  TODAY            0                         0      0        0
  MONTH TO DATE    6                         0      6        0
  SINCE JUN 1     23                        51    -28       11
  SINCE JUL 1      6                         0      6        0

 COOLING
  TODAY            0                         8     -8        1
  MONTH TO DATE    0                        16    -16        8
  SINCE JUN 1    228                       149     79      158
  SINCE JAN 1    259                       182     77      178
..................................................................


WIND (MPH)
  HIGHEST WIND SPEED    16   HIGHEST WIND DIRECTION     S (180)
  HIGHEST GUST SPEED    21   HIGHEST GUST DIRECTION     S (180)
  AVERAGE WIND SPEED     6.6


SKY COVER
  POSSIBLE SUNSHINE  MM
  AVERAGE SKY COVER 0.2


WEATHER CONDITIONS
 THE FOLLOWING WEATHER WAS RECORDED TODAY.
  NO SIGNIFICANT WEATHER WAS OBSERVED.


RELATIVE HUMIDITY (PERCENT)
 HIGHEST    89           400 AM
 LOWEST     42           100 PM
 AVERAGE    66

..........................................................


THE HURON SD CLIMATE NORMALS FOR TOMORROW
                         NORMAL    RECORD    YEAR
 MAXIMUM TEMPERATURE (F)   85       104      1949
 MINIMUM TEMPERATURE (F)   60        41      1967


SUNRISE AND SUNSET
JULY  2 2016..........SUNRISE   553 AM CDT   SUNSET   921 PM CDT
JULY  3 2016..........SUNRISE   554 AM CDT   SUNSET   920 PM CDT


-  INDICATES NEGATIVE NUMBERS.
R  INDICATES RECORD WAS SET OR TIED.
MM INDICATES DATA IS MISSING.
T  INDICATES TRACE AMOUNT.




$$
