000
CDUS43 KFSD 080658
CLIHON


CLIMATE REPORT
NATIONAL WEATHER SERVICE SIOUX FALLS SD
158 AM CDT FRI APR 8 2016


...................................

...THE HURON SD CLIMATE SUMMARY FOR APRIL 7 2016...

CLIMATE NORMAL PERIOD 1981 TO 2010
CLIMATE RECORD PERIOD 1881 TO 2016


WEATHER ITEM   OBSERVED TIME   RECORD YEAR NORMAL DEPARTURE LAST
                VALUE   (LST)  VALUE       VALUE  FROM      YEAR
                                                  NORMAL
..................................................................
TEMPERATURE (F)
 YESTERDAY
  MAXIMUM         48    342 PM  82    1988  55     -7       41
                                      1970
  MINIMUM         25   1159 PM   9    1936  31     -6       35
  AVERAGE         37                        43     -6       38

PRECIPITATION (IN)
  YESTERDAY        T             1.10 2000   0.07  -0.07     0.05
  MONTH TO DATE    0.05                      0.46  -0.41     0.12
  SINCE MAR 1      1.12                      1.92  -0.80     0.28
  SINCE JAN 1      1.99                      3.02  -1.03     0.89

SNOWFALL (IN)
  YESTERDAY        0.0          11.0  2000   0.2   -0.2      0.0
  MONTH TO DATE    T                         1.3   -1.3      0.0
  SINCE MAR 1      2.3                      10.2   -7.9      1.2
  SINCE JUL 1     33.0                      41.2   -8.2     22.8
  SNOW DEPTH       0

DEGREE DAYS
 HEATING
  YESTERDAY       28                        22      6       27
  MONTH TO DATE  159                       165     -6      141
  SINCE MAR 1    906                      1152   -246      999
  SINCE JUL 1   5982                      6984  -1002     6936

 COOLING
  YESTERDAY        0                         0      0        0
  MONTH TO DATE    0                         0      0        0
  SINCE MAR 1      0                         0      0        2
  SINCE JAN 1      0                         0      0        2
..................................................................


WIND (MPH)
  HIGHEST WIND SPEED    39   HIGHEST WIND DIRECTION    NW (330)
  HIGHEST GUST SPEED    48   HIGHEST GUST DIRECTION    NW (320)
  AVERAGE WIND SPEED    20.7


SKY COVER
  POSSIBLE SUNSHINE  MM
  AVERAGE SKY COVER 0.5


WEATHER CONDITIONS
 THE FOLLOWING WEATHER WAS RECORDED YESTERDAY.
  LIGHT RAIN


RELATIVE HUMIDITY (PERCENT)
 HIGHEST    96          1200 AM
 LOWEST     45           500 PM
 AVERAGE    71

..........................................................


THE HURON SD CLIMATE NORMALS FOR TODAY
                         NORMAL    RECORD    YEAR
 MAXIMUM TEMPERATURE (F)   55        94      1887
 MINIMUM TEMPERATURE (F)   31         7      2007


SUNRISE AND SUNSET
APRIL  8 2016.........SUNRISE   700 AM CDT   SUNSET   809 PM CDT
APRIL  9 2016.........SUNRISE   659 AM CDT   SUNSET   811 PM CDT


-  INDICATES NEGATIVE NUMBERS.
R  INDICATES RECORD WAS SET OR TIED.
MM INDICATES DATA IS MISSING.
T  INDICATES TRACE AMOUNT.




$$
