000
CDUS43 KFSD 170633
CLIHON


CLIMATE REPORT
NATIONAL WEATHER SERVICE SIOUX FALLS SD
1233 AM CST TUE FEB 17 2015


...................................

...THE HURON SD CLIMATE SUMMARY FOR FEBRUARY 16 2015...

CLIMATE NORMAL PERIOD 1981 TO 2010
CLIMATE RECORD PERIOD 1881 TO 2015


WEATHER ITEM   OBSERVED TIME   RECORD YEAR NORMAL DEPARTURE LAST
                VALUE   (LST)  VALUE       VALUE  FROM      YEAR
                                                  NORMAL
..................................................................
TEMPERATURE (F)
 YESTERDAY
  MAXIMUM         27    951 AM  57    1981  32     -5       31
  MINIMUM         14   1017 PM -33    1936  12      2        0
  AVERAGE         21                        22     -1       16

PRECIPITATION (IN)
  YESTERDAY        T             0.36 1984   0.02  -0.02      T
  MONTH TO DATE    0.06                      0.31  -0.25     0.26
  SINCE DEC 1      1.11                      1.33  -0.22     1.42
  SINCE JAN 1      0.41                      0.81  -0.40     0.41

SNOWFALL (IN)
  YESTERDAY        T             5.3  1938   0.2   -0.2       T
  MONTH TO DATE    0.7                       3.9   -3.2      4.2
  SINCE DEC 1     10.4                      19.2   -8.8     17.7
  SINCE JUL 1     18.3                      27.5   -9.2     20.2
  SNOW DEPTH       0

DEGREE DAYS
 HEATING
  YESTERDAY       44                        43      1       49
  MONTH TO DATE  736                       725     11      880
  SINCE DEC 1   3436                      3640   -204     4120
  SINCE JUL 1   5293                      5342    -49     5757

 COOLING
  YESTERDAY        0                         0      0        0
  MONTH TO DATE    0                         0      0        0
  SINCE DEC 1      0                         0      0        0
  SINCE JAN 1      0                         0      0        0
..................................................................


WIND (MPH)
  HIGHEST WIND SPEED    23   HIGHEST WIND DIRECTION     N (360)
  HIGHEST GUST SPEED    28   HIGHEST GUST DIRECTION     N (350)
  AVERAGE WIND SPEED     9.1


SKY COVER
  POSSIBLE SUNSHINE  MM
  AVERAGE SKY COVER 0.9


WEATHER CONDITIONS
 THE FOLLOWING WEATHER WAS RECORDED YESTERDAY.
  LIGHT SNOW


RELATIVE HUMIDITY (PERCENT)
 HIGHEST    75           900 AM
 LOWEST     54           200 PM
 AVERAGE    65

..........................................................


THE HURON SD CLIMATE NORMALS FOR TODAY
                         NORMAL    RECORD    YEAR
 MAXIMUM TEMPERATURE (F)   32        67      1913
 MINIMUM TEMPERATURE (F)   12       -29      1956
                                             1903


SUNRISE AND SUNSET
FEBRUARY 17 2015......SUNRISE   730 AM CST   SUNSET   604 PM CST
FEBRUARY 18 2015......SUNRISE   728 AM CST   SUNSET   606 PM CST


-  INDICATES NEGATIVE NUMBERS.
R  INDICATES RECORD WAS SET OR TIED.
MM INDICATES DATA IS MISSING.
T  INDICATES TRACE AMOUNT.




$$
