000
CDUS43 KFSD 180629
CLIHON


CLIMATE REPORT
NATIONAL WEATHER SERVICE SIOUX FALLS SD
127 AM CDT THU JUN 18 2015


...................................

...THE HURON SD CLIMATE SUMMARY FOR JUNE 17 2015...

CLIMATE NORMAL PERIOD 1981 TO 2010
CLIMATE RECORD PERIOD 1881 TO 2015


WEATHER ITEM   OBSERVED TIME   RECORD YEAR NORMAL DEPARTURE LAST
                VALUE   (LST)  VALUE       VALUE  FROM      YEAR
                                                  NORMAL
..................................................................
TEMPERATURE (F)
 YESTERDAY
  MAXIMUM         70    556 PM  99    1940  80    -10       82
                                      1933
  MINIMUM         51    509 AM  40    1974  57     -6       56
  AVERAGE         61                        68     -7       69

PRECIPITATION (IN)
  YESTERDAY        0.00          3.62 1908   0.14  -0.14     0.00
  MONTH TO DATE    1.04                      2.37  -1.33     0.53
  SINCE JUN 1      1.04                      2.37  -1.33     0.53
  SINCE JAN 1      6.98                     10.35  -3.37     5.02

SNOWFALL (IN)
  YESTERDAY        0.0           0.0    MM   0.0    0.0      0.0
  MONTH TO DATE    0.0                       0.0    0.0      0.0
  SINCE JUN 1      0.0                       0.0    0.0      0.0
  SINCE JUL 1     22.8                      43.9  -21.1     28.6
  SNOW DEPTH       0

DEGREE DAYS
 HEATING
  YESTERDAY        4                         1      3        0
  MONTH TO DATE   11                        40    -29       40
  SINCE JUN 1     11                        40    -29       40
  SINCE JUL 1   7505                      7661   -156     8327

 COOLING
  YESTERDAY        0                         5     -5        4
  MONTH TO DATE   76                        53     23       20
  SINCE JUN 1     76                        53     23       20
  SINCE JAN 1     96                        86     10       82
..................................................................


WIND (MPH)
  HIGHEST WIND SPEED    17   HIGHEST WIND DIRECTION    NW (330)
  HIGHEST GUST SPEED    21   HIGHEST GUST DIRECTION     N (360)
  AVERAGE WIND SPEED     8.4


SKY COVER
  POSSIBLE SUNSHINE  MM
  AVERAGE SKY COVER 0.6


WEATHER CONDITIONS
 THE FOLLOWING WEATHER WAS RECORDED YESTERDAY.
  FOG


RELATIVE HUMIDITY (PERCENT)
 HIGHEST   100           500 AM
 LOWEST     61           600 PM
 AVERAGE    81

..........................................................


THE HURON SD CLIMATE NORMALS FOR TODAY
                         NORMAL    RECORD    YEAR
 MAXIMUM TEMPERATURE (F)   81       102      1933
 MINIMUM TEMPERATURE (F)   57        37      1976


SUNRISE AND SUNSET
JUNE 18 2015..........SUNRISE   548 AM CDT   SUNSET   920 PM CDT
JUNE 19 2015..........SUNRISE   548 AM CDT   SUNSET   920 PM CDT


-  INDICATES NEGATIVE NUMBERS.
R  INDICATES RECORD WAS SET OR TIED.
MM INDICATES DATA IS MISSING.
T  INDICATES TRACE AMOUNT.




$$
