223
CDUS43 KFSD 180635
CLIHON


CLIMATE REPORT
NATIONAL WEATHER SERVICE SIOUX FALLS SD
1235 AM CST SAT FEB 18 2017


...................................

...THE HURON SD CLIMATE SUMMARY FOR FEBRUARY 17 2017...

CLIMATE NORMAL PERIOD 1981 TO 2010
CLIMATE RECORD PERIOD 1881 TO 2017


WEATHER ITEM   OBSERVED TIME   RECORD YEAR NORMAL DEPARTURE LAST
                VALUE   (LST)  VALUE       VALUE  FROM      YEAR
                                                  NORMAL
..................................................................
TEMPERATURE (F)
 YESTERDAY
  MAXIMUM         59    159 PM  67    1913  32     27       33
  MINIMUM         32    739 AM -29    1956  12     20       28
                                      1903
  AVERAGE         46                        22     24       31

PRECIPITATION (IN)
  YESTERDAY        0.00          1.86 1962   0.02  -0.02     0.00
  MONTH TO DATE    0.14                      0.33  -0.19     0.21
  SINCE DEC 1      2.11                      1.35   0.76     1.78
  SINCE JAN 1      0.72                      0.83  -0.11     0.50

SNOWFALL (IN)
  YESTERDAY        0.0          15.9  1962   0.3   -0.3      0.0
  MONTH TO DATE    T                         4.2   -4.2      1.8
  SINCE DEC 1     17.0                      19.5   -2.5     21.4
  SINCE JUL 1     21.7                      27.8   -6.1     27.0
  SNOW DEPTH       0

DEGREE DAYS
 HEATING
  YESTERDAY       19                        43    -24       34
  MONTH TO DATE  642                       768   -126      698
  SINCE DEC 1   3637                      3683    -46     3446
  SINCE JUL 1   4845                      5385   -540     4736

 COOLING
  YESTERDAY        0                         0      0        0
  MONTH TO DATE    0                         0      0        0
  SINCE DEC 1      0                         0      0        0
  SINCE JAN 1      0                         0      0        0
..................................................................


WIND (MPH)
  HIGHEST WIND SPEED    25   HIGHEST WIND DIRECTION    NW (320)
  HIGHEST GUST SPEED    30   HIGHEST GUST DIRECTION    NW (330)
  AVERAGE WIND SPEED    10.5


SKY COVER
  POSSIBLE SUNSHINE  MM
  AVERAGE SKY COVER 0.0


WEATHER CONDITIONS
 THE FOLLOWING WEATHER WAS RECORDED YESTERDAY.
  NO SIGNIFICANT WEATHER WAS OBSERVED.


RELATIVE HUMIDITY (PERCENT)
 HIGHEST    92          1200 AM
 LOWEST     47           200 PM
 AVERAGE    70

..........................................................


THE HURON SD CLIMATE NORMALS FOR TODAY
                         NORMAL    RECORD    YEAR
 MAXIMUM TEMPERATURE (F)   33        70      1930
 MINIMUM TEMPERATURE (F)   12       -25      1967


SUNRISE AND SUNSET
FEBRUARY 18 2017......SUNRISE   728 AM CST   SUNSET   606 PM CST
FEBRUARY 19 2017......SUNRISE   726 AM CST   SUNSET   608 PM CST


-  INDICATES NEGATIVE NUMBERS.
R  INDICATES RECORD WAS SET OR TIED.
MM INDICATES DATA IS MISSING.
T  INDICATES TRACE AMOUNT.




$$
