000
CDUS43 KFSD 140620
CLIHON


CLIMATE REPORT
NATIONAL WEATHER SERVICE SIOUX FALLS SD
1220 AM CST TUE FEB 14 2017


...................................

...THE HURON SD CLIMATE SUMMARY FOR FEBRUARY 13 2017...

CLIMATE NORMAL PERIOD 1981 TO 2010
CLIMATE RECORD PERIOD 1881 TO 2017


WEATHER ITEM   OBSERVED TIME   RECORD YEAR NORMAL DEPARTURE LAST
                VALUE   (LST)  VALUE       VALUE  FROM      YEAR
                                                  NORMAL
..................................................................
TEMPERATURE (F)
 YESTERDAY
  MAXIMUM         46    305 PM  62    1983  31     15       14
  MINIMUM         25    750 AM -30    1905  11     14        2
  AVERAGE         36                        21     15        8

PRECIPITATION (IN)
  YESTERDAY        0.00          0.40 1915   0.02  -0.02     0.01
  MONTH TO DATE    0.14                      0.25  -0.11     0.14
  SINCE DEC 1      2.11                      1.27   0.84     1.71
  SINCE JAN 1      0.72                      0.75  -0.03     0.43

SNOWFALL (IN)
  YESTERDAY        0.0           4.6  1973   0.2   -0.2      0.1
  MONTH TO DATE    T                         3.2   -3.2      1.5
  SINCE DEC 1     17.0                      18.5   -1.5     21.1
  SINCE JUL 1     21.7                      26.8   -5.1     26.7
  SNOW DEPTH       0

DEGREE DAYS
 HEATING
  YESTERDAY       29                        44    -15       57
  MONTH TO DATE  544                       594    -50      552
  SINCE DEC 1   3539                      3509     30     3300
  SINCE JUL 1   4747                      5211   -464     4590

 COOLING
  YESTERDAY        0                         0      0        0
  MONTH TO DATE    0                         0      0        0
  SINCE DEC 1      0                         0      0        0
  SINCE JAN 1      0                         0      0        0
..................................................................


WIND (MPH)
  HIGHEST WIND SPEED    23   HIGHEST WIND DIRECTION    NW (300)
  HIGHEST GUST SPEED    29   HIGHEST GUST DIRECTION     W (290)
  AVERAGE WIND SPEED     9.2


SKY COVER
  POSSIBLE SUNSHINE  MM
  AVERAGE SKY COVER 0.0


WEATHER CONDITIONS
 THE FOLLOWING WEATHER WAS RECORDED YESTERDAY.
  NO SIGNIFICANT WEATHER WAS OBSERVED.


RELATIVE HUMIDITY (PERCENT)
 HIGHEST   100           900 PM
 LOWEST     58          1200 PM
 AVERAGE    79

..........................................................


THE HURON SD CLIMATE NORMALS FOR TODAY
                         NORMAL    RECORD    YEAR
 MAXIMUM TEMPERATURE (F)   31        60      1999
                                             1934
 MINIMUM TEMPERATURE (F)   11       -27      1936


SUNRISE AND SUNSET
FEBRUARY 14 2017......SUNRISE   734 AM CST   SUNSET   601 PM CST
FEBRUARY 15 2017......SUNRISE   732 AM CST   SUNSET   602 PM CST


-  INDICATES NEGATIVE NUMBERS.
R  INDICATES RECORD WAS SET OR TIED.
MM INDICATES DATA IS MISSING.
T  INDICATES TRACE AMOUNT.




$$
