000
CDUS43 KFSD 112228
CLIHON


CLIMATE REPORT
NATIONAL WEATHER SERVICE SIOUX FALLS SD
428 PM CST SAT NOV 11 2017


...................................

...THE HURON SD CLIMATE SUMMARY FOR NOVEMBER 11 2017...
VALID TODAY AS OF 0400 PM LOCAL TIME.

CLIMATE NORMAL PERIOD 1981 TO 2010
CLIMATE RECORD PERIOD 1881 TO 2017


WEATHER ITEM   OBSERVED TIME   RECORD YEAR NORMAL DEPARTURE LAST
                VALUE   (LST)  VALUE       VALUE  FROM      YEAR
                                                  NORMAL
..................................................................
TEMPERATURE (F)
 TODAY
  MAXIMUM         50    154 PM  71    1999  46      4       52
  MINIMUM         21    754 AM -10    1986  25     -4       26
  AVERAGE         36                        35      1       39

PRECIPITATION (IN)
  TODAY            0.00          0.45 2000   0.03  -0.03     0.00
  MONTH TO DATE    0.08                      0.38  -0.30      T
  SINCE SEP 1      7.83                      4.63   3.20     2.34
  SINCE JAN 1     20.14                     21.89  -1.75    16.89

SNOWFALL (IN)
  TODAY            0.0           4.5  2000   0.2   -0.2      0.0
  MONTH TO DATE    1.3                       1.8   -0.5      0.0
  SINCE SEP 1      1.3                       2.9   -1.6      0.0
  SINCE JUL 1      1.3                       2.9   -1.6      0.0
  SNOW DEPTH       0

DEGREE DAYS
 HEATING
  TODAY           29                        30     -1       26
  MONTH TO DATE  389                       296     93      154
  SINCE SEP 1   1024                       997     27      646
  SINCE JUL 1   1033                      1026      7      663

 COOLING
  TODAY            0                         0      0        0
  MONTH TO DATE    0                         0      0        0
  SINCE SEP 1    110                        73     37       81
  SINCE JAN 1    730                       742    -12      887
..................................................................


WIND (MPH)
  HIGHEST WIND SPEED    17   HIGHEST WIND DIRECTION     S (160)
  HIGHEST GUST SPEED    22   HIGHEST GUST DIRECTION    SE (150)
  AVERAGE WIND SPEED     7.0


SKY COVER
  POSSIBLE SUNSHINE  MM
  AVERAGE SKY COVER 0.0


WEATHER CONDITIONS
 THE FOLLOWING WEATHER WAS RECORDED TODAY.
  NO SIGNIFICANT WEATHER WAS OBSERVED.


RELATIVE HUMIDITY (PERCENT)
 HIGHEST    84           700 AM
 LOWEST     45           400 PM
 AVERAGE    65

..........................................................


THE HURON SD CLIMATE NORMALS FOR TOMORROW
                         NORMAL    RECORD    YEAR
 MAXIMUM TEMPERATURE (F)   45        71      1887
 MINIMUM TEMPERATURE (F)   24        -6      1986
                                             1940
                                             1911


SUNRISE AND SUNSET
NOVEMBER 11 2017......SUNRISE   724 AM CST   SUNSET   509 PM CST
NOVEMBER 12 2017......SUNRISE   725 AM CST   SUNSET   508 PM CST


-  INDICATES NEGATIVE NUMBERS.
R  INDICATES RECORD WAS SET OR TIED.
MM INDICATES DATA IS MISSING.
T  INDICATES TRACE AMOUNT.




$$
