811
CDUS43 KFSD 112222
CLIHON


CLIMATE REPORT
NATIONAL WEATHER SERVICE SIOUX FALLS SD
522 PM CDT MON SEP 11 2017


...................................

...THE HURON SD CLIMATE SUMMARY FOR SEPTEMBER 11 2017...
VALID TODAY AS OF 0500 PM LOCAL TIME.

CLIMATE NORMAL PERIOD 1981 TO 2010
CLIMATE RECORD PERIOD 1881 TO 2017


WEATHER ITEM   OBSERVED TIME   RECORD YEAR NORMAL DEPARTURE LAST
                VALUE   (LST)  VALUE       VALUE  FROM      YEAR
                                                  NORMAL
..................................................................
TEMPERATURE (F)
 TODAY
  MAXIMUM         86    310 PM 100    1931  77      9       84
  MINIMUM         60    631 AM  29    1955  51      9       53
  AVERAGE         73                        64      9       69

PRECIPITATION (IN)
  TODAY            0.00          2.19 1901   0.09  -0.09     0.00
  MONTH TO DATE    0.12                      0.96  -0.84     1.00
  SINCE SEP 1      0.12                      0.96  -0.84     1.00
  SINCE JAN 1     12.43                     18.22  -5.79    15.55

SNOWFALL (IN)
  TODAY            0.0           0.0    MM   0.0    0.0      0.0
  MONTH TO DATE    0.0                       0.0    0.0      0.0
  SINCE SEP 1      0.0                       0.0    0.0      0.0
  SINCE JUL 1      0.0                       0.0    0.0      0.0
  SNOW DEPTH       0

DEGREE DAYS
 HEATING
  TODAY            0                         4     -4        0
  MONTH TO DATE   24                        31     -7        9
  SINCE SEP 1     24                        31     -7        9
  SINCE JUL 1     33                        60    -27       26

 COOLING
  TODAY            8                         3      5        4
  MONTH TO DATE   43                        43      0       41
  SINCE SEP 1     43                        43      0       41
  SINCE JAN 1    663                       712    -49      847
..................................................................


WIND (MPH)
  HIGHEST WIND SPEED    14   HIGHEST WIND DIRECTION    SE (150)
  HIGHEST GUST SPEED    19   HIGHEST GUST DIRECTION    SE (150)
  AVERAGE WIND SPEED     7.1


SKY COVER
  POSSIBLE SUNSHINE  MM
  AVERAGE SKY COVER 0.0


WEATHER CONDITIONS
 THE FOLLOWING WEATHER WAS RECORDED TODAY.
  NO SIGNIFICANT WEATHER WAS OBSERVED.


RELATIVE HUMIDITY (PERCENT)
 HIGHEST    90           500 AM
 LOWEST     48           300 PM
 AVERAGE    69

..........................................................


THE HURON SD CLIMATE NORMALS FOR TOMORROW
                         NORMAL    RECORD    YEAR
 MAXIMUM TEMPERATURE (F)   76       100      1990
                                             1939
 MINIMUM TEMPERATURE (F)   51        25      1902


SUNRISE AND SUNSET
SEPTEMBER 11 2017.....SUNRISE   708 AM CDT   SUNSET   750 PM CDT
SEPTEMBER 12 2017.....SUNRISE   709 AM CDT   SUNSET   748 PM CDT


-  INDICATES NEGATIVE NUMBERS.
R  INDICATES RECORD WAS SET OR TIED.
MM INDICATES DATA IS MISSING.
T  INDICATES TRACE AMOUNT.




$$
