000
CDUS43 KFSD 070651
CLIHON


CLIMATE REPORT
NATIONAL WEATHER SERVICE SIOUX FALLS SD
150 AM CDT SAT MAY 7 2016


...................................

...THE HURON SD CLIMATE SUMMARY FOR MAY 6 2016...

CLIMATE NORMAL PERIOD 1981 TO 2010
CLIMATE RECORD PERIOD 1881 TO 2016


WEATHER ITEM   OBSERVED TIME   RECORD YEAR NORMAL DEPARTURE LAST
                VALUE   (LST)  VALUE       VALUE  FROM      YEAR
                                                  NORMAL
..................................................................
TEMPERATURE (F)
 YESTERDAY
  MAXIMUM         92R   331 PM  90    1889  68     24       72
                                      1887
  MINIMUM         57   1159 PM  17    1976  42     15       60
  AVERAGE         75                        55     20       66

PRECIPITATION (IN)
  YESTERDAY        0.00          0.99 2001   0.09  -0.09     0.90
  MONTH TO DATE    T                         0.55  -0.55     0.90
  SINCE MAR 1      5.21                      4.32   0.89     1.66
  SINCE JAN 1      6.08                      5.42   0.66     2.27

SNOWFALL (IN)
  YESTERDAY        0.0           0.0    MM   0.0    0.0      0.0
  MONTH TO DATE    0.0                       0.1   -0.1      0.0
  SINCE MAR 1      2.3                      13.0  -10.7      1.2
  SINCE JUL 1     33.0                      44.0  -11.0     22.8
  SNOW DEPTH       0

DEGREE DAYS
 HEATING
  YESTERDAY        0                        11    -11        0
  MONTH TO DATE   52                        69    -17       22
  SINCE MAR 1   1328                      1615   -287     1323
  SINCE JUL 1   6404                      7447  -1043     7260

 COOLING
  YESTERDAY       10                         1      9        1
  MONTH TO DATE   10                         3      7        3
  SINCE MAR 1     11                         7      4        5
  SINCE JAN 1     11                         7      4        5
..................................................................


WIND (MPH)
  HIGHEST WIND SPEED    29   HIGHEST WIND DIRECTION     N (20)
  HIGHEST GUST SPEED    37   HIGHEST GUST DIRECTION    NE (30)
  AVERAGE WIND SPEED    12.4


SKY COVER
  POSSIBLE SUNSHINE  MM
  AVERAGE SKY COVER 0.0


WEATHER CONDITIONS
 THE FOLLOWING WEATHER WAS RECORDED YESTERDAY.
  NO SIGNIFICANT WEATHER WAS OBSERVED.


RELATIVE HUMIDITY (PERCENT)
 HIGHEST    69           500 AM
 LOWEST     24           200 PM
 AVERAGE    47

..........................................................


THE HURON SD CLIMATE NORMALS FOR TODAY
                         NORMAL    RECORD    YEAR
 MAXIMUM TEMPERATURE (F)   68        94      1916
 MINIMUM TEMPERATURE (F)   43        20      1976
                                             1943


SUNRISE AND SUNSET
MAY  7 2016...........SUNRISE   615 AM CDT   SUNSET   845 PM CDT
MAY  8 2016...........SUNRISE   613 AM CDT   SUNSET   846 PM CDT


-  INDICATES NEGATIVE NUMBERS.
R  INDICATES RECORD WAS SET OR TIED.
MM INDICATES DATA IS MISSING.
T  INDICATES TRACE AMOUNT.




$$
