556
CDUS43 KFSD 220653
CLIHON


CLIMATE REPORT
NATIONAL WEATHER SERVICE SIOUX FALLS SD
1252 AM CST TUE NOV 22 2016


...................................

...THE HURON SD CLIMATE SUMMARY FOR NOVEMBER 21 2016...

CLIMATE NORMAL PERIOD 1981 TO 2010
CLIMATE RECORD PERIOD 1881 TO 2016


WEATHER ITEM   OBSERVED TIME   RECORD YEAR NORMAL DEPARTURE LAST
                VALUE   (LST)  VALUE       VALUE  FROM      YEAR
                                                  NORMAL
..................................................................
TEMPERATURE (F)
 YESTERDAY
  MAXIMUM         38    737 PM  68    2012  39     -1       36
                                      1960
  MINIMUM         20    356 AM -13    1964  19      1       11
  AVERAGE         29                        29      0       24

PRECIPITATION (IN)
  YESTERDAY        0.05          0.33 1963   0.02   0.03     0.00
  MONTH TO DATE    0.20                      0.66  -0.46     1.02
  SINCE SEP 1      2.54                      4.91  -2.37     4.69
  SINCE JAN 1     17.09                     22.17  -5.08    23.88

SNOWFALL (IN)
  YESTERDAY        0.0           2.3  1985   0.3   -0.3      0.0
  MONTH TO DATE    3.9                       4.6   -0.7      0.0
  SINCE SEP 1      3.9                       5.7   -1.8       T
  SINCE JUL 1      3.9                       5.7   -1.8       T
  SNOW DEPTH       1

DEGREE DAYS
 HEATING
  YESTERDAY       36                        36      0       41
  MONTH TO DATE  423                       626   -203      455
  SINCE SEP 1    915                      1327   -412      929
  SINCE JUL 1    932                      1356   -424      969

 COOLING
  YESTERDAY        0                         0      0        0
  MONTH TO DATE    0                         0      0        0
  SINCE SEP 1     81                        73      8      141
  SINCE JAN 1    887                       742    145      797
..................................................................


WIND (MPH)
  HIGHEST WIND SPEED    23   HIGHEST WIND DIRECTION    SE (140)
  HIGHEST GUST SPEED    31   HIGHEST GUST DIRECTION     S (160)
  AVERAGE WIND SPEED    13.9


SKY COVER
  POSSIBLE SUNSHINE  MM
  AVERAGE SKY COVER 0.3


WEATHER CONDITIONS
 THE FOLLOWING WEATHER WAS RECORDED YESTERDAY.
  LIGHT RAIN


RELATIVE HUMIDITY (PERCENT)
 HIGHEST    92          1200 AM
 LOWEST     69          1100 AM
 AVERAGE    81

..........................................................


THE HURON SD CLIMATE NORMALS FOR TODAY
                         NORMAL    RECORD    YEAR
 MAXIMUM TEMPERATURE (F)   39        69      1974
 MINIMUM TEMPERATURE (F)   19        -7      1929
                                             1898


SUNRISE AND SUNSET
NOVEMBER 22 2016......SUNRISE   739 AM CST   SUNSET   459 PM CST
NOVEMBER 23 2016......SUNRISE   740 AM CST   SUNSET   459 PM CST


-  INDICATES NEGATIVE NUMBERS.
R  INDICATES RECORD WAS SET OR TIED.
MM INDICATES DATA IS MISSING.
T  INDICATES TRACE AMOUNT.




$$
