000
CDUS43 KFSD 100624
CLIHON


CLIMATE REPORT
NATIONAL WEATHER SERVICE SIOUX FALLS SD
123 AM CDT SUN APR 10 2016


...................................

...THE HURON SD CLIMATE SUMMARY FOR APRIL 9 2016...

CLIMATE NORMAL PERIOD 1981 TO 2010
CLIMATE RECORD PERIOD 1881 TO 2016


WEATHER ITEM   OBSERVED TIME   RECORD YEAR NORMAL DEPARTURE LAST
                VALUE   (LST)  VALUE       VALUE  FROM      YEAR
                                                  NORMAL
..................................................................
TEMPERATURE (F)
 YESTERDAY
  MAXIMUM         59    542 PM  91    1977  56      3       61
  MINIMUM         20    613 AM  10    1997  31    -11       36
                                      1959
  AVERAGE         40                        44     -4       49

PRECIPITATION (IN)
  YESTERDAY        0.00          0.54 1995   0.07  -0.07     0.13
  MONTH TO DATE    0.05                      0.61  -0.56     0.25
  SINCE MAR 1      1.12                      2.07  -0.95     0.41
  SINCE JAN 1      1.99                      3.17  -1.18     1.02

SNOWFALL (IN)
  YESTERDAY        0.0           7.8  1995   0.1   -0.1       T
  MONTH TO DATE    T                         1.6   -1.6       T
  SINCE MAR 1      2.3                      10.5   -8.2      1.2
  SINCE JUL 1     33.0                      41.5   -8.5     22.8
  SNOW DEPTH       0

DEGREE DAYS
 HEATING
  YESTERDAY       25                        21      4       16
  MONTH TO DATE  215                       208      7      180
  SINCE MAR 1    962                      1195   -233     1038
  SINCE JUL 1   6038                      7027   -989     6975

 COOLING
  YESTERDAY        0                         0      0        0
  MONTH TO DATE    0                         0      0        0
  SINCE MAR 1      0                         0      0        2
  SINCE JAN 1      0                         0      0        2
..................................................................


WIND (MPH)
  HIGHEST WIND SPEED    35   HIGHEST WIND DIRECTION     S (160)
  HIGHEST GUST SPEED    47   HIGHEST GUST DIRECTION     S (170)
  AVERAGE WIND SPEED    18.6


SKY COVER
  POSSIBLE SUNSHINE  MM
  AVERAGE SKY COVER 0.0


WEATHER CONDITIONS
 THE FOLLOWING WEATHER WAS RECORDED YESTERDAY.
  NO SIGNIFICANT WEATHER WAS OBSERVED.


RELATIVE HUMIDITY (PERCENT)
 HIGHEST    73           600 AM
 LOWEST     21           400 PM
 AVERAGE    47

..........................................................


THE HURON SD CLIMATE NORMALS FOR TODAY
                         NORMAL    RECORD    YEAR
 MAXIMUM TEMPERATURE (F)   57        87      1977
 MINIMUM TEMPERATURE (F)   32         9      1997


SUNRISE AND SUNSET
APRIL 10 2016.........SUNRISE   657 AM CDT   SUNSET   812 PM CDT
APRIL 11 2016.........SUNRISE   655 AM CDT   SUNSET   813 PM CDT


-  INDICATES NEGATIVE NUMBERS.
R  INDICATES RECORD WAS SET OR TIED.
MM INDICATES DATA IS MISSING.
T  INDICATES TRACE AMOUNT.




$$
