816
CDUS43 KFSD 060633
CLIHON


CLIMATE REPORT
NATIONAL WEATHER SERVICE SIOUX FALLS SD
1231 AM CST SAT JAN 6 2018


...................................

...THE HURON SD CLIMATE SUMMARY FOR JANUARY 5 2018...

CLIMATE NORMAL PERIOD 1981 TO 2010
CLIMATE RECORD PERIOD 1881 TO 2018


WEATHER ITEM   OBSERVED TIME   RECORD YEAR NORMAL DEPARTURE LAST
                VALUE   (LST)  VALUE       VALUE  FROM      YEAR
                                                  NORMAL
..................................................................
TEMPERATURE (F)
 YESTERDAY
  MAXIMUM         11    353 AM  65    2012  26    -15        1
  MINIMUM          7    749 PM -35    1884   7      0       -9
  AVERAGE          9                        16     -7       -4

PRECIPITATION (IN)
  YESTERDAY        0.00          0.21 2015   0.02  -0.02     0.00
  MONTH TO DATE    0.01                      0.09  -0.08     0.07
  SINCE DEC 1      0.51                      0.61  -0.10     1.46
  SINCE JAN 1      0.01                      0.09  -0.08     0.07

SNOWFALL (IN)
  YESTERDAY        0.0           2.5  1951   0.3   -0.3      0.0
  MONTH TO DATE    T                         1.3   -1.3      0.8
  SINCE DEC 1      6.9                       9.3   -2.4     10.8
  SINCE JUL 1      8.2                      17.6   -9.4     15.5
  SNOW DEPTH       4

DEGREE DAYS
 HEATING
  YESTERDAY       56                        49      7       69
  MONTH TO DATE  326                       243     83      292
  SINCE DEC 1   1689                      1661     28     1791
  SINCE JUL 1   3254                      3363   -109     2999

 COOLING
  YESTERDAY        0                         0      0        0
  MONTH TO DATE    0                         0      0        0
  SINCE DEC 1      0                         0      0        0
  SINCE JAN 1      0                         0      0        0
..................................................................


WIND (MPH)
  HIGHEST WIND SPEED    15   HIGHEST WIND DIRECTION    SE (150)
  HIGHEST GUST SPEED    18   HIGHEST GUST DIRECTION    SE (140)
  AVERAGE WIND SPEED     9.1


SKY COVER
  POSSIBLE SUNSHINE  MM
  AVERAGE SKY COVER 1.0


WEATHER CONDITIONS
 THE FOLLOWING WEATHER WAS RECORDED YESTERDAY.
  NO SIGNIFICANT WEATHER WAS OBSERVED.


RELATIVE HUMIDITY (PERCENT)
 HIGHEST    83          1200 AM
 LOWEST     63           700 PM
 AVERAGE    73

..........................................................


THE HURON SD CLIMATE NORMALS FOR TODAY
                         NORMAL    RECORD    YEAR
 MAXIMUM TEMPERATURE (F)   26        50      1896
 MINIMUM TEMPERATURE (F)    6       -37      1988


SUNRISE AND SUNSET
JANUARY  6 2018.......SUNRISE   809 AM CST   SUNSET   509 PM CST
JANUARY  7 2018.......SUNRISE   808 AM CST   SUNSET   510 PM CST


-  INDICATES NEGATIVE NUMBERS.
R  INDICATES RECORD WAS SET OR TIED.
MM INDICATES DATA IS MISSING.
T  INDICATES TRACE AMOUNT.




$$
