000
CDUS43 KFSD 292241
CLIHON


CLIMATE REPORT
NATIONAL WEATHER SERVICE SIOUX FALLS SD
541 PM CDT FRI SEP 29 2017


...................................

...THE HURON SD CLIMATE SUMMARY FOR SEPTEMBER 29 2017...
VALID TODAY AS OF 0500 PM LOCAL TIME.

CLIMATE NORMAL PERIOD 1981 TO 2010
CLIMATE RECORD PERIOD 1881 TO 2017


WEATHER ITEM   OBSERVED TIME   RECORD YEAR NORMAL DEPARTURE LAST
                VALUE   (LST)  VALUE       VALUE  FROM      YEAR
                                                  NORMAL
..................................................................
TEMPERATURE (F)
 TODAY
  MAXIMUM         70    315 PM  94    1897  69      1       70
  MINIMUM         39    643 AM  18    1899  42     -3       36
  AVERAGE         55                        55      0       53

PRECIPITATION (IN)
  TODAY            0.00          0.85 1962   0.07  -0.07     0.00
  MONTH TO DATE    5.96                      2.39   3.57     1.29
  SINCE SEP 1      5.96                      2.39   3.57     1.29
  SINCE JAN 1     18.27                     19.65  -1.38    15.84

SNOWFALL (IN)
  TODAY            0.0           0.0    MM   0.0    0.0      0.0
  MONTH TO DATE    0.0                       0.1   -0.1      0.0
  SINCE SEP 1      0.0                       0.1   -0.1      0.0
  SINCE JUL 1      0.0                       0.1   -0.1      0.0
  SNOW DEPTH       0

DEGREE DAYS
 HEATING
  TODAY           10                        10      0       12
  MONTH TO DATE  117                       156    -39       94
  SINCE SEP 1    117                       156    -39       94
  SINCE JUL 1    126                       185    -59      111

 COOLING
  TODAY            0                         1     -1        0
  MONTH TO DATE  107                        70     37       76
  SINCE SEP 1    107                        70     37       76
  SINCE JAN 1    727                       739    -12      882
..................................................................


WIND (MPH)
  HIGHEST WIND SPEED    14   HIGHEST WIND DIRECTION    SE (130)
  HIGHEST GUST SPEED    17   HIGHEST GUST DIRECTION    SE (130)
  AVERAGE WIND SPEED     5.7


SKY COVER
  POSSIBLE SUNSHINE  MM
  AVERAGE SKY COVER 0.0


WEATHER CONDITIONS
 THE FOLLOWING WEATHER WAS RECORDED TODAY.
  NO SIGNIFICANT WEATHER WAS OBSERVED.


RELATIVE HUMIDITY (PERCENT)
 HIGHEST   100           300 AM
 LOWEST     37           400 PM
 AVERAGE    69

..........................................................


THE HURON SD CLIMATE NORMALS FOR TOMORROW
                         NORMAL    RECORD    YEAR
 MAXIMUM TEMPERATURE (F)   68        92      1989
 MINIMUM TEMPERATURE (F)   42        19      1974


SUNRISE AND SUNSET
SEPTEMBER 29 2017.....SUNRISE   729 AM CDT   SUNSET   717 PM CDT
SEPTEMBER 30 2017.....SUNRISE   730 AM CDT   SUNSET   715 PM CDT


-  INDICATES NEGATIVE NUMBERS.
R  INDICATES RECORD WAS SET OR TIED.
MM INDICATES DATA IS MISSING.
T  INDICATES TRACE AMOUNT.




$$
