000
CDUS43 KFSD 200637
CLIHON


CLIMATE REPORT
NATIONAL WEATHER SERVICE SIOUX FALLS SD
1236 AM CST TUE JAN 20 2015


...................................

...THE HURON SD CLIMATE SUMMARY FOR JANUARY 19 2015...

CLIMATE NORMAL PERIOD 1981 TO 2010
CLIMATE RECORD PERIOD 1881 TO 2015


WEATHER ITEM   OBSERVED TIME   RECORD YEAR NORMAL DEPARTURE LAST
                VALUE   (LST)  VALUE       VALUE  FROM      YEAR
                                                  NORMAL
..................................................................
TEMPERATURE (F)
 YESTERDAY
  MAXIMUM         49    339 PM  64    1900  27     22       47
  MINIMUM         28    127 AM -35    1970   6     22       27
  AVERAGE         39                        17     22       37

PRECIPITATION (IN)
  YESTERDAY        0.01          0.50 1926   0.02  -0.01     0.00
  MONTH TO DATE    0.27                      0.31  -0.04     0.10
  SINCE DEC 1      0.97                      0.83   0.14     1.11
  SINCE JAN 1      0.27                      0.31  -0.04     0.10

SNOWFALL (IN)
  YESTERDAY        0.0           6.5  1926   0.3   -0.3      0.0
  MONTH TO DATE    2.9                       4.5   -1.6      0.5
  SINCE DEC 1      8.3                      12.5   -4.2     13.4
  SINCE JUL 1     16.2                      20.8   -4.6     15.9
  SNOW DEPTH       0

DEGREE DAYS
 HEATING
  YESTERDAY       26                        48    -22       28
  MONTH TO DATE  995                       927     68      931
  SINCE DEC 1   2293                      2345    -52     2617
  SINCE JUL 1   4150                      4047    103     4254

 COOLING
  YESTERDAY        0                         0      0        0
  MONTH TO DATE    0                         0      0        0
  SINCE DEC 1      0                         0      0        0
  SINCE JAN 1      0                         0      0        0
..................................................................


WIND (MPH)
  HIGHEST WIND SPEED    23   HIGHEST WIND DIRECTION     W (290)
  HIGHEST GUST SPEED    28   HIGHEST GUST DIRECTION     W (290)
  AVERAGE WIND SPEED     9.9


SKY COVER
  POSSIBLE SUNSHINE  MM
  AVERAGE SKY COVER 0.3


WEATHER CONDITIONS
 THE FOLLOWING WEATHER WAS RECORDED YESTERDAY.
  LT FREEZING RAIN


RELATIVE HUMIDITY (PERCENT)
 HIGHEST    92           200 AM
 LOWEST     56           300 PM
 AVERAGE    74

..........................................................


THE HURON SD CLIMATE NORMALS FOR TODAY
                         NORMAL    RECORD    YEAR
 MAXIMUM TEMPERATURE (F)   27        63      1944
                                             1908
 MINIMUM TEMPERATURE (F)    7       -30      1883


SUNRISE AND SUNSET
JANUARY 20 2015.......SUNRISE   802 AM CST   SUNSET   526 PM CST
JANUARY 21 2015.......SUNRISE   802 AM CST   SUNSET   527 PM CST


-  INDICATES NEGATIVE NUMBERS.
R  INDICATES RECORD WAS SET OR TIED.
MM INDICATES DATA IS MISSING.
T  INDICATES TRACE AMOUNT.




$$
