000
CDUS43 KFSD 160653
CLIHON


CLIMATE REPORT
NATIONAL WEATHER SERVICE SIOUX FALLS SD
1250 AM CST FRI JAN 16 2015


...................................

...THE HURON SD CLIMATE SUMMARY FOR JANUARY 15 2015...

CLIMATE NORMAL PERIOD 1981 TO 2010
CLIMATE RECORD PERIOD 1881 TO 2015


WEATHER ITEM   OBSERVED TIME   RECORD YEAR NORMAL DEPARTURE LAST
                VALUE   (LST)  VALUE       VALUE  FROM      YEAR
                                                  NORMAL
..................................................................
TEMPERATURE (F)
 YESTERDAY
  MAXIMUM         35    406 PM  54    1914  27      8       41
  MINIMUM         21    200 AM -36    1888   6     15        2
  AVERAGE         28                        16     12       22

PRECIPITATION (IN)
  YESTERDAY        0.00          0.52 1889   0.02  -0.02      T
  MONTH TO DATE    0.26                      0.25   0.01     0.04
  SINCE DEC 1      0.96                      0.77   0.19     1.05
  SINCE JAN 1      0.26                      0.25   0.01     0.04

SNOWFALL (IN)
  YESTERDAY        0.0           3.0  1943   0.3   -0.3      0.0
  MONTH TO DATE    2.9                       3.6   -0.7       T
  SINCE DEC 1      8.3                      11.6   -3.3     12.9
  SINCE JUL 1     16.2                      19.9   -3.7     15.4
  SNOW DEPTH       4

DEGREE DAYS
 HEATING
  YESTERDAY       37                        49    -12       43
  MONTH TO DATE  858                       733    125      778
  SINCE DEC 1   2156                      2151      5     2464
  SINCE JUL 1   4013                      3853    160     4101

 COOLING
  YESTERDAY        0                         0      0        0
  MONTH TO DATE    0                         0      0        0
  SINCE DEC 1      0                         0      0        0
  SINCE JAN 1      0                         0      0        0
..................................................................


WIND (MPH)
  HIGHEST WIND SPEED    17   HIGHEST WIND DIRECTION     W (290)
  HIGHEST GUST SPEED    21   HIGHEST GUST DIRECTION    NW (300)
  AVERAGE WIND SPEED    10.2


SKY COVER
  POSSIBLE SUNSHINE  MM
  AVERAGE SKY COVER 0.0


WEATHER CONDITIONS
 THE FOLLOWING WEATHER WAS RECORDED YESTERDAY.
  NO SIGNIFICANT WEATHER WAS OBSERVED.


RELATIVE HUMIDITY (PERCENT)
 HIGHEST    84           800 PM
 LOWEST     69          1000 AM
 AVERAGE    77

..........................................................


THE HURON SD CLIMATE NORMALS FOR TODAY
                         NORMAL    RECORD    YEAR
 MAXIMUM TEMPERATURE (F)   27        50      1996
 MINIMUM TEMPERATURE (F)    6       -28      1890


SUNRISE AND SUNSET
JANUARY 16 2015.......SUNRISE   805 AM CST   SUNSET   520 PM CST
JANUARY 17 2015.......SUNRISE   804 AM CST   SUNSET   522 PM CST


-  INDICATES NEGATIVE NUMBERS.
R  INDICATES RECORD WAS SET OR TIED.
MM INDICATES DATA IS MISSING.
T  INDICATES TRACE AMOUNT.




$$
