947
CDUS43 KFSD 280633
CLIHON


CLIMATE REPORT
NATIONAL WEATHER SERVICE SIOUX FALLS SD
1231 AM CST MON NOV 28 2016


...................................

...THE HURON SD CLIMATE SUMMARY FOR NOVEMBER 27 2016...

CLIMATE NORMAL PERIOD 1981 TO 2010
CLIMATE RECORD PERIOD 1881 TO 2016


WEATHER ITEM   OBSERVED TIME   RECORD YEAR NORMAL DEPARTURE LAST
                VALUE   (LST)  VALUE       VALUE  FROM      YEAR
                                                  NORMAL
..................................................................
TEMPERATURE (F)
 YESTERDAY
  MAXIMUM         46   1131 PM  59    1998  36     10       26
  MINIMUM         24    529 AM -26    1887  16      8        6
  AVERAGE         35                        26      9       16

PRECIPITATION (IN)
  YESTERDAY        0.58          1.17 2005   0.02   0.56     0.00
  MONTH TO DATE    0.80                      0.81  -0.01     1.02
  SINCE SEP 1      3.14                      5.06  -1.92     4.69
  SINCE JAN 1     17.69                     22.32  -4.63    23.88

SNOWFALL (IN)
  YESTERDAY        0.0           3.7  1994   0.3   -0.3      0.0
  MONTH TO DATE    3.9                       6.4   -2.5      0.2
  SINCE SEP 1      3.9                       7.5   -3.6      0.2
  SINCE JUL 1      3.9                       7.5   -3.6      0.2
  SNOW DEPTH       0

DEGREE DAYS
 HEATING
  YESTERDAY       30                        39     -9       49
  MONTH TO DATE  605                       851   -246      666
  SINCE SEP 1   1097                      1552   -455     1140
  SINCE JUL 1   1114                      1581   -467     1180

 COOLING
  YESTERDAY        0                         0      0        0
  MONTH TO DATE    0                         0      0        0
  SINCE SEP 1     81                        73      8      141
  SINCE JAN 1    887                       742    145      797
..................................................................


WIND (MPH)
  HIGHEST WIND SPEED    18   HIGHEST WIND DIRECTION    SE (120)
  HIGHEST GUST SPEED    24   HIGHEST GUST DIRECTION    SE (140)
  AVERAGE WIND SPEED     9.6


SKY COVER
  POSSIBLE SUNSHINE  MM
  AVERAGE SKY COVER 0.4


WEATHER CONDITIONS
 THE FOLLOWING WEATHER WAS RECORDED YESTERDAY.
  RAIN
  LIGHT RAIN
  FOG


RELATIVE HUMIDITY (PERCENT)
 HIGHEST   100           100 AM
 LOWEST     85          1100 AM
 AVERAGE    93

..........................................................


THE HURON SD CLIMATE NORMALS FOR TODAY
                         NORMAL    RECORD    YEAR
 MAXIMUM TEMPERATURE (F)   35        61      1901
 MINIMUM TEMPERATURE (F)   16       -28      1887


SUNRISE AND SUNSET
NOVEMBER 28 2016......SUNRISE   746 AM CST   SUNSET   456 PM CST
NOVEMBER 29 2016......SUNRISE   747 AM CST   SUNSET   455 PM CST


-  INDICATES NEGATIVE NUMBERS.
R  INDICATES RECORD WAS SET OR TIED.
MM INDICATES DATA IS MISSING.
T  INDICATES TRACE AMOUNT.




$$
