000
CDUS43 KFSD 152228
CLIHON


CLIMATE REPORT
NATIONAL WEATHER SERVICE SIOUX FALLS SD
523 PM CDT WED JUL 15 2015


...................................

...THE HURON SD CLIMATE SUMMARY FOR JULY 15 2015...
VALID TODAY AS OF 0500 PM LOCAL TIME.

CLIMATE NORMAL PERIOD 1981 TO 2010
CLIMATE RECORD PERIOD 1881 TO 2015


WEATHER ITEM   OBSERVED TIME   RECORD YEAR NORMAL DEPARTURE LAST
                VALUE   (LST)  VALUE       VALUE  FROM      YEAR
                                                  NORMAL
..................................................................
TEMPERATURE (F)
 TODAY
  MAXIMUM         82    332 PM 109    2006  86     -4       75
  MINIMUM         70    616 AM  41    1912  62      8       49
  AVERAGE         76                        74      2       62

PRECIPITATION (IN)
  TODAY            0.00          1.81 1943   0.09  -0.09     0.00
  MONTH TO DATE    1.35                      1.32   0.03     3.45
  SINCE JUN 1      5.95                      5.25   0.70     5.82
  SINCE JAN 1     11.89                     13.23  -1.34    10.31

SNOWFALL (IN)
  TODAY            0.0           0.0    MM   0.0    0.0      0.0
  MONTH TO DATE    0.0                       0.0    0.0      0.0
  SINCE JUN 1      T                         0.0    0.0      0.0
  SINCE JUL 1      0.0                       0.0    0.0      0.0
  SNOW DEPTH       0

DEGREE DAYS
 HEATING
  TODAY            0                         0      0        3
  MONTH TO DATE    4                         0      4       14
  SINCE JUN 1     15                        51    -36       54
  SINCE JUL 1      4                         0      4       14

 COOLING
  TODAY           11                         9      2        0
  MONTH TO DATE  121                       129     -8       89
  SINCE JUN 1    271                       262      9      192
  SINCE JAN 1    291                       295     -4      254
..................................................................


WIND (MPH)
  HIGHEST WIND SPEED    17   HIGHEST WIND DIRECTION     S (170)
  HIGHEST GUST SPEED    22   HIGHEST GUST DIRECTION     S (170)
  AVERAGE WIND SPEED     8.2


SKY COVER
  POSSIBLE SUNSHINE  MM
  AVERAGE SKY COVER 0.1


WEATHER CONDITIONS
 THE FOLLOWING WEATHER WAS RECORDED TODAY.
  THUNDERSTORM


RELATIVE HUMIDITY (PERCENT)
 HIGHEST    90           400 AM
 LOWEST     67           400 PM
 AVERAGE    79

..........................................................


THE HURON SD CLIMATE NORMALS FOR TOMORROW
                         NORMAL    RECORD    YEAR
 MAXIMUM TEMPERATURE (F)   86       109      1936
 MINIMUM TEMPERATURE (F)   62        42      1976


SUNRISE AND SUNSET
JULY 15 2015..........SUNRISE   602 AM CDT   SUNSET   915 PM CDT
JULY 16 2015..........SUNRISE   603 AM CDT   SUNSET   914 PM CDT


-  INDICATES NEGATIVE NUMBERS.
R  INDICATES RECORD WAS SET OR TIED.
MM INDICATES DATA IS MISSING.
T  INDICATES TRACE AMOUNT.




$$
