000
CDUS43 KFSD 182227
CLIHON


CLIMATE REPORT
NATIONAL WEATHER SERVICE SIOUX FALLS SD
527 PM CDT MON APR 18 2016


...................................

...THE HURON SD CLIMATE SUMMARY FOR APRIL 18 2016...
VALID TODAY AS OF 0500 PM LOCAL TIME.

CLIMATE NORMAL PERIOD 1981 TO 2010
CLIMATE RECORD PERIOD 1881 TO 2016


WEATHER ITEM   OBSERVED TIME   RECORD YEAR NORMAL DEPARTURE LAST
                VALUE   (LST)  VALUE       VALUE  FROM      YEAR
                                                  NORMAL
..................................................................
TEMPERATURE (F)
 TODAY
  MAXIMUM         56    118 PM  91    1985  60     -4       69
  MINIMUM         43    840 AM  14    1988  35      8       47
  AVERAGE         50                        48      2       58

PRECIPITATION (IN)
  TODAY            0.58          1.82 1995   0.08   0.50     0.28
  MONTH TO DATE    1.68                      1.29   0.39     0.53
  SINCE MAR 1      2.75                      2.75   0.00     0.69
  SINCE JAN 1      3.62                      3.85  -0.23     1.30

SNOWFALL (IN)
  TODAY            0.0           3.3  2013   0.1   -0.1      0.0
  MONTH TO DATE    T                         3.0   -3.0       T
  SINCE MAR 1      2.3                      11.9   -9.6      1.2
  SINCE JUL 1     33.0                      42.9   -9.9     22.8
  SNOW DEPTH       0

DEGREE DAYS
 HEATING
  TODAY           15                        17     -2        7
  MONTH TO DATE  345                       381    -36      265
  SINCE MAR 1   1092                      1368   -276     1123
  SINCE JUL 1   6168                      7200  -1032     7060

 COOLING
  TODAY            0                         0      0        0
  MONTH TO DATE    0                         0      0        0
  SINCE MAR 1      0                         0      0        2
  SINCE JAN 1      0                         0      0        2
..................................................................


WIND (MPH)
  HIGHEST WIND SPEED    24   HIGHEST WIND DIRECTION     W (290)
  HIGHEST GUST SPEED    29   HIGHEST GUST DIRECTION     W (270)
  AVERAGE WIND SPEED    13.4


SKY COVER
  POSSIBLE SUNSHINE  MM
  AVERAGE SKY COVER 1.0


WEATHER CONDITIONS
 THE FOLLOWING WEATHER WAS RECORDED TODAY.
  HEAVY RAIN
  RAIN
  LIGHT RAIN
  FOG


RELATIVE HUMIDITY (PERCENT)
 HIGHEST   100          1200 AM
 LOWEST     92           900 AM
 AVERAGE    96

..........................................................


THE HURON SD CLIMATE NORMALS FOR TOMORROW
                         NORMAL    RECORD    YEAR
 MAXIMUM TEMPERATURE (F)   61        88      1923
 MINIMUM TEMPERATURE (F)   35        16      1928


SUNRISE AND SUNSET
APRIL 18 2016.........SUNRISE   643 AM CDT   SUNSET   822 PM CDT
APRIL 19 2016.........SUNRISE   641 AM CDT   SUNSET   823 PM CDT


-  INDICATES NEGATIVE NUMBERS.
R  INDICATES RECORD WAS SET OR TIED.
MM INDICATES DATA IS MISSING.
T  INDICATES TRACE AMOUNT.




$$
