000
CDUS43 KFSD 300630
CLIHON


CLIMATE REPORT
NATIONAL WEATHER SERVICE SIOUX FALLS SD
129 AM CDT WED AUG 30 2017


...................................

...THE HURON SD CLIMATE SUMMARY FOR AUGUST 29 2017...

CLIMATE NORMAL PERIOD 1981 TO 2010
CLIMATE RECORD PERIOD 1881 TO 2017


WEATHER ITEM   OBSERVED TIME   RECORD YEAR NORMAL DEPARTURE LAST
                VALUE   (LST)  VALUE       VALUE  FROM      YEAR
                                                  NORMAL
..................................................................
TEMPERATURE (F)
 YESTERDAY
  MAXIMUM         82    326 PM 101    2012  82      0       90
                                      1961
  MINIMUM         56    615 AM  36    1946  56      0       67
  AVERAGE         69                        69      0       79

PRECIPITATION (IN)
  YESTERDAY        0.00          1.29 1924   0.07  -0.07     0.00
  MONTH TO DATE    1.78                      2.29  -0.51     2.72
  SINCE JUN 1      8.22                      9.14  -0.92     5.63
  SINCE JAN 1     12.31                     17.12  -4.81    14.44

SNOWFALL (IN)
  YESTERDAY        0.0           0.0    MM   0.0    0.0      0.0
  MONTH TO DATE    0.0                       0.0    0.0      0.0
  SINCE JUN 1      0.0                       0.0    0.0      0.0
  SINCE JUL 1      0.0                       0.0    0.0      0.0
  SNOW DEPTH       0

DEGREE DAYS
 HEATING
  YESTERDAY        0                         2     -2        0
  MONTH TO DATE    9                        14     -5       11
  SINCE JUN 1     40                        73    -33       34
  SINCE JUL 1      9                        22    -13       17

 COOLING
  YESTERDAY        4                         5     -1       14
  MONTH TO DATE   81                       216   -135      234
  SINCE JUN 1    584                       626    -42      756
  SINCE JAN 1    605                       659    -54      787
..................................................................


WIND (MPH)
  HIGHEST WIND SPEED    20   HIGHEST WIND DIRECTION    SE (140)
  HIGHEST GUST SPEED    25   HIGHEST GUST DIRECTION    SE (150)
  AVERAGE WIND SPEED    10.2


SKY COVER
  POSSIBLE SUNSHINE  MM
  AVERAGE SKY COVER 0.1


WEATHER CONDITIONS
 THE FOLLOWING WEATHER WAS RECORDED YESTERDAY.
  NO SIGNIFICANT WEATHER WAS OBSERVED.


RELATIVE HUMIDITY (PERCENT)
 HIGHEST   100           300 AM
 LOWEST     43           300 PM
 AVERAGE    72

..........................................................


THE HURON SD CLIMATE NORMALS FOR TODAY
                         NORMAL    RECORD    YEAR
 MAXIMUM TEMPERATURE (F)   81       102      1898
 MINIMUM TEMPERATURE (F)   56        36      1893


SUNRISE AND SUNSET
AUGUST 30 2017........SUNRISE   654 AM CDT   SUNSET   812 PM CDT
AUGUST 31 2017........SUNRISE   655 AM CDT   SUNSET   810 PM CDT


-  INDICATES NEGATIVE NUMBERS.
R  INDICATES RECORD WAS SET OR TIED.
MM INDICATES DATA IS MISSING.
T  INDICATES TRACE AMOUNT.




$$
