000
CDUS43 KFSD 282225
CLIHON


CLIMATE REPORT
NATIONAL WEATHER SERVICE SIOUX FALLS SD
425 PM CST WED DEC 28 2016


...................................

...THE HURON SD CLIMATE SUMMARY FOR DECEMBER 28 2016...
VALID TODAY AS OF 0400 PM LOCAL TIME.

CLIMATE NORMAL PERIOD 1981 TO 2010
CLIMATE RECORD PERIOD 1881 TO 2016


WEATHER ITEM   OBSERVED TIME   RECORD YEAR NORMAL DEPARTURE LAST
                VALUE   (LST)  VALUE       VALUE  FROM      YEAR
                                                  NORMAL
..................................................................
TEMPERATURE (F)
 TODAY
  MAXIMUM         38   1236 PM  58    1898  27     11       16
  MINIMUM         20    417 AM -25    1917   7     13      -10
  AVERAGE         29                        17     12        3

PRECIPITATION (IN)
  TODAY            0.00          0.60 1889   0.02  -0.02     0.00
  MONTH TO DATE    1.39                      0.47   0.92     1.28
  SINCE DEC 1      1.39                      0.47   0.92     1.28
  SINCE JAN 1     19.52                     22.85  -3.33    25.58

SNOWFALL (IN)
  TODAY            0.0           3.0  1927   0.2   -0.2      0.0
  MONTH TO DATE   10.0                       7.2    2.8     14.3
  SINCE DEC 1     10.0                       7.2    2.8     14.3
  SINCE JUL 1     14.7                      15.5   -0.8     19.9
  SNOW DEPTH       2

DEGREE DAYS
 HEATING
  TODAY           36                        48    -12       62
  MONTH TO DATE 1379                      1273    106     1106
  SINCE DEC 1   1379                      1273    106     1106
  SINCE JUL 1   2587                      2975   -388     2396

 COOLING
  TODAY            0                         0      0        0
  MONTH TO DATE    0                         0      0        0
  SINCE DEC 1      0                         0      0        0
  SINCE JAN 1    887                       742    145      797
..................................................................


WIND (MPH)
  HIGHEST WIND SPEED    26   HIGHEST WIND DIRECTION    NW (300)
  HIGHEST GUST SPEED    33   HIGHEST GUST DIRECTION     W (290)
  AVERAGE WIND SPEED    14.4


SKY COVER
  POSSIBLE SUNSHINE  MM
  AVERAGE SKY COVER 0.0


WEATHER CONDITIONS
 THE FOLLOWING WEATHER WAS RECORDED TODAY.
  NO SIGNIFICANT WEATHER WAS OBSERVED.


RELATIVE HUMIDITY (PERCENT)
 HIGHEST    88           300 AM
 LOWEST     59          1200 PM
 AVERAGE    74

..........................................................


THE HURON SD CLIMATE NORMALS FOR TOMORROW
                         NORMAL    RECORD    YEAR
 MAXIMUM TEMPERATURE (F)   27        59      1999
 MINIMUM TEMPERATURE (F)    7       -33      1917


SUNRISE AND SUNSET
DECEMBER 28 2016......SUNRISE   808 AM CST   SUNSET   501 PM CST
DECEMBER 29 2016......SUNRISE   809 AM CST   SUNSET   502 PM CST


-  INDICATES NEGATIVE NUMBERS.
R  INDICATES RECORD WAS SET OR TIED.
MM INDICATES DATA IS MISSING.
T  INDICATES TRACE AMOUNT.




$$
