000
CDUS43 KFSD 260632
CLIHON


CLIMATE REPORT
NATIONAL WEATHER SERVICE SIOUX FALLS SD
1230 AM CST SUN FEB 26 2017


...................................

...THE HURON SD CLIMATE SUMMARY FOR FEBRUARY 25 2017...

CLIMATE NORMAL PERIOD 1981 TO 2010
CLIMATE RECORD PERIOD 1881 TO 2017


WEATHER ITEM   OBSERVED TIME   RECORD YEAR NORMAL DEPARTURE LAST
                VALUE   (LST)  VALUE       VALUE  FROM      YEAR
                                                  NORMAL
..................................................................
TEMPERATURE (F)
 YESTERDAY
  MAXIMUM         40    416 PM  71    1958  35      5       32
  MINIMUM         13    311 AM -18    1962  15     -2       24
                                      1889
  AVERAGE         27                        25      2       28

PRECIPITATION (IN)
  YESTERDAY        T             0.15 2015   0.03  -0.03     0.00
  MONTH TO DATE    0.15                      0.52  -0.37     0.27
  SINCE DEC 1      2.12                      1.54   0.58     1.84
  SINCE JAN 1      0.73                      1.02  -0.29     0.56

SNOWFALL (IN)
  YESTERDAY        T             2.4  2015   0.3   -0.3      0.0
  MONTH TO DATE    T                         6.5   -6.5      2.0
  SINCE DEC 1     17.0                      21.8   -4.8     21.6
  SINCE JUL 1     21.7                      30.1   -8.4     27.2
  SNOW DEPTH       0

DEGREE DAYS
 HEATING
  YESTERDAY       38                        40     -2       37
  MONTH TO DATE  848                      1098   -250      933
  SINCE DEC 1   3843                      4013   -170     3681
  SINCE JUL 1   5051                      5715   -664     4971

 COOLING
  YESTERDAY        0                         0      0        0
  MONTH TO DATE    0                         0      0        0
  SINCE DEC 1      0                         0      0        0
  SINCE JAN 1      0                         0      0        0
..................................................................


WIND (MPH)
  HIGHEST WIND SPEED    16   HIGHEST WIND DIRECTION     S (190)
  HIGHEST GUST SPEED    22   HIGHEST GUST DIRECTION     S (190)
  AVERAGE WIND SPEED     7.7


SKY COVER
  POSSIBLE SUNSHINE  MM
  AVERAGE SKY COVER 0.7


WEATHER CONDITIONS
 THE FOLLOWING WEATHER WAS RECORDED YESTERDAY.
  LIGHT SNOW


RELATIVE HUMIDITY (PERCENT)
 HIGHEST   100           300 AM
 LOWEST     44           200 PM
 AVERAGE    72

..........................................................


THE HURON SD CLIMATE NORMALS FOR TODAY
                         NORMAL    RECORD    YEAR
 MAXIMUM TEMPERATURE (F)   36        68      1896
 MINIMUM TEMPERATURE (F)   16       -28      1962


SUNRISE AND SUNSET
FEBRUARY 26 2017......SUNRISE   715 AM CST   SUNSET   617 PM CST
FEBRUARY 27 2017......SUNRISE   713 AM CST   SUNSET   619 PM CST


-  INDICATES NEGATIVE NUMBERS.
R  INDICATES RECORD WAS SET OR TIED.
MM INDICATES DATA IS MISSING.
T  INDICATES TRACE AMOUNT.




$$
