000
CDUS43 KFSD 232231
CLIHON


CLIMATE REPORT
NATIONAL WEATHER SERVICE SIOUX FALLS SD
530 PM CDT SAT MAY 23 2015


...................................

...THE HURON SD CLIMATE SUMMARY FOR MAY 23 2015...
VALID TODAY AS OF 0500 PM LOCAL TIME.

CLIMATE NORMAL PERIOD 1981 TO 2010
CLIMATE RECORD PERIOD 1881 TO 2015


WEATHER ITEM   OBSERVED TIME   RECORD YEAR NORMAL DEPARTURE LAST
                VALUE   (LST)  VALUE       VALUE  FROM      YEAR
                                                  NORMAL
..................................................................
TEMPERATURE (F)
 TODAY
  MAXIMUM         67    221 PM  97    1926  72     -5       84
  MINIMUM         48    122 AM  32    1947  49     -1       54
  AVERAGE         58                        60     -2       69

PRECIPITATION (IN)
  TODAY            T             1.29 2006   0.11  -0.11     0.00
  MONTH TO DATE    4.45                      2.24   2.21     1.24
  SINCE MAR 1      5.21                      6.01  -0.80     3.12
  SINCE JAN 1      5.82                      7.11  -1.29     3.68

SNOWFALL (IN)
  TODAY            0.0           0.0    MM   0.0    0.0      0.0
  MONTH TO DATE    0.0                       0.1   -0.1      0.0
  SINCE MAR 1      1.2                      13.0  -11.8      6.9
  SINCE JUL 1     22.8                      44.0  -21.2     28.6
  SNOW DEPTH       0

DEGREE DAYS
 HEATING
  TODAY            7                         6      1        0
  MONTH TO DATE  212                       205      7      274
  SINCE MAR 1   1513                      1751   -238     1967
  SINCE JUL 1   7450                      7583   -133     8287

 COOLING
  TODAY            0                         1     -1        4
  MONTH TO DATE    8                        20    -12        8
  SINCE MAR 1     10                        24    -14        8
  SINCE JAN 1     10                        24    -14        8
..................................................................


WIND (MPH)
  HIGHEST WIND SPEED    18   HIGHEST WIND DIRECTION    SE (150)
  HIGHEST GUST SPEED    24   HIGHEST GUST DIRECTION    SE (140)
  AVERAGE WIND SPEED     8.4


SKY COVER
  POSSIBLE SUNSHINE  MM
  AVERAGE SKY COVER 0.9


WEATHER CONDITIONS
 THE FOLLOWING WEATHER WAS RECORDED TODAY.
  LIGHT RAIN
  FOG


RELATIVE HUMIDITY (PERCENT)
 HIGHEST    93           200 AM
 LOWEST     52           100 PM
 AVERAGE    73

..........................................................


THE HURON SD CLIMATE NORMALS FOR TOMORROW
                         NORMAL    RECORD    YEAR
 MAXIMUM TEMPERATURE (F)   72        97      1926
 MINIMUM TEMPERATURE (F)   49        27      1897


SUNRISE AND SUNSET
MAY 23 2015...........SUNRISE   558 AM CDT   SUNSET   902 PM CDT
MAY 24 2015...........SUNRISE   557 AM CDT   SUNSET   903 PM CDT


-  INDICATES NEGATIVE NUMBERS.
R  INDICATES RECORD WAS SET OR TIED.
MM INDICATES DATA IS MISSING.
T  INDICATES TRACE AMOUNT.




$$
