000
CDUS43 KFSD 150650
CLIHON


CLIMATE REPORT
NATIONAL WEATHER SERVICE SIOUX FALLS SD
150 AM CDT FRI MAY 15 2015


...................................

...THE HURON SD CLIMATE SUMMARY FOR MAY 14 2015...

CLIMATE NORMAL PERIOD 1981 TO 2010
CLIMATE RECORD PERIOD 1881 TO 2015


WEATHER ITEM   OBSERVED TIME   RECORD YEAR NORMAL DEPARTURE LAST
                VALUE   (LST)  VALUE       VALUE  FROM      YEAR
                                                  NORMAL
..................................................................
TEMPERATURE (F)
 YESTERDAY
  MAXIMUM         63   1206 AM  95    1894  70     -7       57
  MINIMUM         52    813 AM  24    1888  45      7       31
  AVERAGE         58                        58      0       44

PRECIPITATION (IN)
  YESTERDAY        0.08          0.93 1916   0.10  -0.02     0.00
  MONTH TO DATE    3.10                      1.31   1.79     1.24
  SINCE MAR 1      3.86                      5.08  -1.22     3.12
  SINCE JAN 1      4.47                      6.18  -1.71     3.68

SNOWFALL (IN)
  YESTERDAY        0.0           T    1907   0.0    0.0      0.0
  MONTH TO DATE    0.0                       0.1   -0.1      0.0
  SINCE MAR 1      1.2                      13.0  -11.8      6.9
  SINCE JUL 1     22.8                      44.0  -21.2     28.6
  SNOW DEPTH       0

DEGREE DAYS
 HEATING
  YESTERDAY        7                         8     -1       21
  MONTH TO DATE  122                       143    -21      203
  SINCE MAR 1   1423                      1689   -266     1896
  SINCE JUL 1   7360                      7521   -161     8216

 COOLING
  YESTERDAY        0                         1     -1        0
  MONTH TO DATE    3                        11     -8        0
  SINCE MAR 1      5                        15    -10        0
  SINCE JAN 1      5                        15    -10        0
..................................................................


WIND (MPH)
  HIGHEST WIND SPEED    25   HIGHEST WIND DIRECTION     S (170)
  HIGHEST GUST SPEED    31   HIGHEST GUST DIRECTION     S (170)
  AVERAGE WIND SPEED     7.9


SKY COVER
  POSSIBLE SUNSHINE  MM
  AVERAGE SKY COVER 1.0


WEATHER CONDITIONS
 THE FOLLOWING WEATHER WAS RECORDED YESTERDAY.
  LIGHT RAIN
  FOG


RELATIVE HUMIDITY (PERCENT)
 HIGHEST   100           800 AM
 LOWEST     52          1200 AM
 AVERAGE    76

..........................................................


THE HURON SD CLIMATE NORMALS FOR TODAY
                         NORMAL    RECORD    YEAR
 MAXIMUM TEMPERATURE (F)   70        96      1931
                                             1894
 MINIMUM TEMPERATURE (F)   46        24      2014
                                             1959


SUNRISE AND SUNSET
MAY 15 2015...........SUNRISE   606 AM CDT   SUNSET   853 PM CDT
MAY 16 2015...........SUNRISE   605 AM CDT   SUNSET   854 PM CDT


-  INDICATES NEGATIVE NUMBERS.
R  INDICATES RECORD WAS SET OR TIED.
MM INDICATES DATA IS MISSING.
T  INDICATES TRACE AMOUNT.




$$
