000
CDUS43 KFSD 110628
CLIHON


CLIMATE REPORT
NATIONAL WEATHER SERVICE SIOUX FALLS SD
127 AM CDT WED MAY 11 2016


...................................

...THE HURON SD CLIMATE SUMMARY FOR MAY 10 2016...

CLIMATE NORMAL PERIOD 1981 TO 2010
CLIMATE RECORD PERIOD 1881 TO 2016


WEATHER ITEM   OBSERVED TIME   RECORD YEAR NORMAL DEPARTURE LAST
                VALUE   (LST)  VALUE       VALUE  FROM      YEAR
                                                  NORMAL
..................................................................
TEMPERATURE (F)
 YESTERDAY
  MAXIMUM         73    242 PM  92    1987  69      4       62
  MINIMUM         51    128 AM  19    1981  44      7       43
  AVERAGE         62                        56      6       53

PRECIPITATION (IN)
  YESTERDAY        0.54          1.88 2015   0.10   0.44     1.88
  MONTH TO DATE    0.88                      0.93  -0.05     3.00
  SINCE MAR 1      6.09                      4.70   1.39     3.76
  SINCE JAN 1      6.96                      5.80   1.16     4.37

SNOWFALL (IN)
  YESTERDAY        0.0           0.5  1907   0.0    0.0      0.0
  MONTH TO DATE    0.0                       0.1   -0.1      0.0
  SINCE MAR 1      2.3                      13.0  -10.7      1.2
  SINCE JUL 1     33.0                      44.0  -11.0     22.8
  SNOW DEPTH       0

DEGREE DAYS
 HEATING
  YESTERDAY        3                         9     -6       12
  MONTH TO DATE   71                       108    -37       74
  SINCE MAR 1   1347                      1654   -307     1375
  SINCE JUL 1   6423                      7486  -1063     7312

 COOLING
  YESTERDAY        0                         1     -1        0
  MONTH TO DATE   10                         7      3        3
  SINCE MAR 1     11                        11      0        5
  SINCE JAN 1     11                        11      0        5
..................................................................


WIND (MPH)
  HIGHEST WIND SPEED    14   HIGHEST WIND DIRECTION     W (260)
  HIGHEST GUST SPEED    20   HIGHEST GUST DIRECTION     W (270)
  AVERAGE WIND SPEED     7.1


SKY COVER
  POSSIBLE SUNSHINE  MM
  AVERAGE SKY COVER 0.5


WEATHER CONDITIONS
 THE FOLLOWING WEATHER WAS RECORDED YESTERDAY.
  HEAVY RAIN
  RAIN
  LIGHT RAIN
  FOG


RELATIVE HUMIDITY (PERCENT)
 HIGHEST   100           500 AM
 LOWEST     57           300 PM
 AVERAGE    79

..........................................................


THE HURON SD CLIMATE NORMALS FOR TODAY
                         NORMAL    RECORD    YEAR
 MAXIMUM TEMPERATURE (F)   69        93      1906
 MINIMUM TEMPERATURE (F)   44        20      1946


SUNRISE AND SUNSET
MAY 11 2016...........SUNRISE   610 AM CDT   SUNSET   849 PM CDT
MAY 12 2016...........SUNRISE   608 AM CDT   SUNSET   851 PM CDT


-  INDICATES NEGATIVE NUMBERS.
R  INDICATES RECORD WAS SET OR TIED.
MM INDICATES DATA IS MISSING.
T  INDICATES TRACE AMOUNT.




$$
