000
CDUS43 KFSD 110646
CLIHON


CLIMATE REPORT
NATIONAL WEATHER SERVICE SIOUX FALLS SD
145 AM CDT SUN JUN 11 2017


...................................

...THE HURON SD CLIMATE SUMMARY FOR JUNE 10 2017...

CLIMATE NORMAL PERIOD 1981 TO 2010
CLIMATE RECORD PERIOD 1881 TO 2017


WEATHER ITEM   OBSERVED TIME   RECORD YEAR NORMAL DEPARTURE LAST
                VALUE   (LST)  VALUE       VALUE  FROM      YEAR
                                                  NORMAL
..................................................................
TEMPERATURE (F)
 YESTERDAY
  MAXIMUM         93    507 PM 102    1933  78     15       94
  MINIMUM         68   1133 PM  36    1964  54     14       70
  AVERAGE         81                        66     15       82

PRECIPITATION (IN)
  YESTERDAY        0.00          1.35 1959   0.14  -0.14     0.12
  MONTH TO DATE    0.05                      1.40  -1.35     0.98
  SINCE JUN 1      0.05                      1.40  -1.35     0.98
  SINCE JAN 1      4.14                      9.38  -5.24     9.79

SNOWFALL (IN)
  YESTERDAY        0.0           0.0    MM   0.0    0.0      0.0
  MONTH TO DATE    0.0                       0.0    0.0      0.0
  SINCE JUN 1      0.0                       0.0    0.0      0.0
  SINCE JUL 1     35.9                      43.9   -8.0     33.0
  SNOW DEPTH       0

DEGREE DAYS
 HEATING
  YESTERDAY        0                         2     -2        0
  MONTH TO DATE    1                        29    -28       17
  SINCE JUN 1      1                        29    -28       17
  SINCE JUL 1   6881                      7650   -769     6569

 COOLING
  YESTERDAY       16                         3     13       17
  MONTH TO DATE   85                        25     60       48
  SINCE JUN 1     85                        25     60       48
  SINCE JAN 1    106                        58     48       79
..................................................................


WIND (MPH)
  HIGHEST WIND SPEED    31   HIGHEST WIND DIRECTION    NW (330)
  HIGHEST GUST SPEED    37   HIGHEST GUST DIRECTION    NW (330)
  AVERAGE WIND SPEED    11.8


SKY COVER
  POSSIBLE SUNSHINE  MM
  AVERAGE SKY COVER 0.0


WEATHER CONDITIONS
 THE FOLLOWING WEATHER WAS RECORDED YESTERDAY.
  NO SIGNIFICANT WEATHER WAS OBSERVED.


RELATIVE HUMIDITY (PERCENT)
 HIGHEST    69           500 AM
 LOWEST     21           500 PM
 AVERAGE    45

..........................................................


THE HURON SD CLIMATE NORMALS FOR TODAY
                         NORMAL    RECORD    YEAR
 MAXIMUM TEMPERATURE (F)   78        98      1956
 MINIMUM TEMPERATURE (F)   55        35      1903


SUNRISE AND SUNSET
JUNE 11 2017..........SUNRISE   548 AM CDT   SUNSET   917 PM CDT
JUNE 12 2017..........SUNRISE   548 AM CDT   SUNSET   918 PM CDT


-  INDICATES NEGATIVE NUMBERS.
R  INDICATES RECORD WAS SET OR TIED.
MM INDICATES DATA IS MISSING.
T  INDICATES TRACE AMOUNT.




$$
