000
CDUS43 KFSD 170644
CLIHON


CLIMATE REPORT
NATIONAL WEATHER SERVICE SIOUX FALLS SD
144 AM CDT MON AUG 17 2015


...................................

...THE HURON SD CLIMATE SUMMARY FOR AUGUST 16 2015...

CLIMATE NORMAL PERIOD 1981 TO 2010
CLIMATE RECORD PERIOD 1881 TO 2015


WEATHER ITEM   OBSERVED TIME   RECORD YEAR NORMAL DEPARTURE LAST
                VALUE   (LST)  VALUE       VALUE  FROM      YEAR
                                                  NORMAL
..................................................................
TEMPERATURE (F)
 YESTERDAY
  MAXIMUM         80   1241 AM 103    1988  84     -4       80
  MINIMUM         57   1159 PM  40    1897  60     -3       66
  AVERAGE         69                        72     -3       73

PRECIPITATION (IN)
  YESTERDAY        1.02          1.39 1935   0.07   0.95      T
  MONTH TO DATE    1.51                      1.39   0.12     0.69
  SINCE JUN 1      9.72                      8.24   1.48     6.73
  SINCE JAN 1     15.66                     16.22  -0.56    11.22

SNOWFALL (IN)
  YESTERDAY        0.0           0.0    MM   0.0    0.0      0.0
  MONTH TO DATE    0.0                       0.0    0.0      0.0
  SINCE JUN 1      T                         0.0    0.0      0.0
  SINCE JUL 1      0.0                       0.0    0.0      0.0
  SNOW DEPTH       0

DEGREE DAYS
 HEATING
  YESTERDAY        0                         0      0        0
  MONTH TO DATE    0                         0      0        1
  SINCE JUN 1     15                        59    -44       64
  SINCE JUL 1      4                         8     -4       24

 COOLING
  YESTERDAY        4                         7     -3        8
  MONTH TO DATE  153                       133     20       90
  SINCE JUN 1    585                       543     42      370
  SINCE JAN 1    605                       576     29      432
..................................................................


WIND (MPH)
  HIGHEST WIND SPEED    22   HIGHEST WIND DIRECTION     S (190)
  HIGHEST GUST SPEED    30   HIGHEST GUST DIRECTION     S (180)
  AVERAGE WIND SPEED    10.5


SKY COVER
  POSSIBLE SUNSHINE  MM
  AVERAGE SKY COVER 0.6


WEATHER CONDITIONS
 THE FOLLOWING WEATHER WAS RECORDED YESTERDAY.
  THUNDERSTORM
  HEAVY RAIN
  RAIN
  LIGHT RAIN
  FOG


RELATIVE HUMIDITY (PERCENT)
 HIGHEST    93           800 AM
 LOWEST     57           100 PM
 AVERAGE    75

..........................................................


THE HURON SD CLIMATE NORMALS FOR TODAY
                         NORMAL    RECORD    YEAR
 MAXIMUM TEMPERATURE (F)   84       102      1976
 MINIMUM TEMPERATURE (F)   59        40      2012
                                             1943


SUNRISE AND SUNSET
AUGUST 17 2015........SUNRISE   638 AM CDT   SUNSET   835 PM CDT
AUGUST 18 2015........SUNRISE   639 AM CDT   SUNSET   833 PM CDT


-  INDICATES NEGATIVE NUMBERS.
R  INDICATES RECORD WAS SET OR TIED.
MM INDICATES DATA IS MISSING.
T  INDICATES TRACE AMOUNT.




$$
