283
CDUS43 KFSD 240658
CLIHON


CLIMATE REPORT
NATIONAL WEATHER SERVICE SIOUX FALLS SD
155 AM CDT WED MAY 24 2017


...................................

...THE HURON SD CLIMATE SUMMARY FOR MAY 23 2017...

CLIMATE NORMAL PERIOD 1981 TO 2010
CLIMATE RECORD PERIOD 1881 TO 2017


WEATHER ITEM   OBSERVED TIME   RECORD YEAR NORMAL DEPARTURE LAST
                VALUE   (LST)  VALUE       VALUE  FROM      YEAR
                                                  NORMAL
..................................................................
TEMPERATURE (F)
 YESTERDAY
  MAXIMUM         56    201 PM  97    1926  72    -16       77
  MINIMUM         37   1159 PM  32    1947  49    -12       57
  AVERAGE         47                        60    -13       67

PRECIPITATION (IN)
  YESTERDAY        T             1.29 2006   0.11  -0.11     0.32
  MONTH TO DATE    1.32                      2.24  -0.92     1.42
  SINCE MAR 1      3.27                      6.01  -2.74     6.63
  SINCE JAN 1      4.07                      7.11  -3.04     7.50

SNOWFALL (IN)
  YESTERDAY        0.0           0.0    MM   0.0    0.0      0.0
  MONTH TO DATE    0.0                       0.1   -0.1      0.0
  SINCE MAR 1     13.9                      13.0    0.9      2.3
  SINCE JUL 1     35.9                      44.0   -8.1     33.0
  SNOW DEPTH       0

DEGREE DAYS
 HEATING
  YESTERDAY       18                         6     12        0
  MONTH TO DATE  189                       205    -16      192
  SINCE MAR 1   1679                      1751    -72     1468
  SINCE JUL 1   6828                      7583   -755     6544

 COOLING
  YESTERDAY        0                         1     -1        2
  MONTH TO DATE   21                        20      1       18
  SINCE MAR 1     21                        24     -3       19
  SINCE JAN 1     21                        24     -3       19
..................................................................


WIND (MPH)
  HIGHEST WIND SPEED    24   HIGHEST WIND DIRECTION     N (360)
  HIGHEST GUST SPEED    30   HIGHEST GUST DIRECTION     N (350)
  AVERAGE WIND SPEED    13.8


SKY COVER
  POSSIBLE SUNSHINE  MM
  AVERAGE SKY COVER 0.8


WEATHER CONDITIONS
 THE FOLLOWING WEATHER WAS RECORDED YESTERDAY.
  LIGHT RAIN


RELATIVE HUMIDITY (PERCENT)
 HIGHEST    96          1000 PM
 LOWEST     66           100 PM
 AVERAGE    81

..........................................................


THE HURON SD CLIMATE NORMALS FOR TODAY
                         NORMAL    RECORD    YEAR
 MAXIMUM TEMPERATURE (F)   72        97      1926
 MINIMUM TEMPERATURE (F)   49        27      1897


SUNRISE AND SUNSET
MAY 24 2017...........SUNRISE   557 AM CDT   SUNSET   903 PM CDT
MAY 25 2017...........SUNRISE   556 AM CDT   SUNSET   904 PM CDT


-  INDICATES NEGATIVE NUMBERS.
R  INDICATES RECORD WAS SET OR TIED.
MM INDICATES DATA IS MISSING.
T  INDICATES TRACE AMOUNT.




$$
