000
CDUS43 KFSD 020754
CLIHON


CLIMATE REPORT
NATIONAL WEATHER SERVICE SIOUX FALLS SD
153 AM CST FRI DEC 2 2016


...................................

...THE HURON SD CLIMATE SUMMARY FOR DECEMBER 1 2016...

CLIMATE NORMAL PERIOD 1981 TO 2010
CLIMATE RECORD PERIOD 1881 TO 2016


WEATHER ITEM   OBSERVED TIME   RECORD YEAR NORMAL DEPARTURE LAST
                VALUE   (LST)  VALUE       VALUE  FROM      YEAR
                                                  NORMAL
..................................................................
TEMPERATURE (F)
 YESTERDAY
  MAXIMUM         33    345 PM  66    1998  34     -1       32
  MINIMUM         28    518 AM -16    1893  14     14       27
  AVERAGE         31                        24      7       30

PRECIPITATION (IN)
  YESTERDAY        0.00          0.51 2007   0.02  -0.02     0.33
  MONTH TO DATE    0.00                      0.02  -0.02     0.33
  SINCE DEC 1      0.00                      0.02  -0.02     0.33
  SINCE JAN 1     18.13                     22.40  -4.27    24.63

SNOWFALL (IN)
  YESTERDAY        0.0           5.8  2007   0.3   -0.3      5.0
  MONTH TO DATE    0.0                       0.3   -0.3      5.0
  SINCE DEC 1      0.0                       0.3   -0.3      5.0
  SINCE JUL 1      4.7                       8.6   -3.9     10.6
  SNOW DEPTH       1

DEGREE DAYS
 HEATING
  YESTERDAY       34                        41     -7       35
  MONTH TO DATE   34                        41     -7       35
  SINCE DEC 1     34                        41     -7       35
  SINCE JUL 1   1242                      1743   -501     1325

 COOLING
  YESTERDAY        0                         0      0        0
  MONTH TO DATE    0                         0      0        0
  SINCE DEC 1      0                         0      0        0
  SINCE JAN 1    887                       742    145      797
..................................................................


WIND (MPH)
  HIGHEST WIND SPEED    18   HIGHEST WIND DIRECTION    NW (300)
  HIGHEST GUST SPEED    23   HIGHEST GUST DIRECTION    NW (310)
  AVERAGE WIND SPEED     9.6


SKY COVER
  POSSIBLE SUNSHINE  MM
  AVERAGE SKY COVER 1.0


WEATHER CONDITIONS
 THE FOLLOWING WEATHER WAS RECORDED YESTERDAY.
  NO SIGNIFICANT WEATHER WAS OBSERVED.


RELATIVE HUMIDITY (PERCENT)
 HIGHEST   100           500 AM
 LOWEST     92          1200 AM
 AVERAGE    96

..........................................................


THE HURON SD CLIMATE NORMALS FOR TODAY
                         NORMAL    RECORD    YEAR
 MAXIMUM TEMPERATURE (F)   33        64      1998
 MINIMUM TEMPERATURE (F)   14       -15      2005
                                             1985


SUNRISE AND SUNSET
DECEMBER  2 2016......SUNRISE   750 AM CST   SUNSET   454 PM CST
DECEMBER  3 2016......SUNRISE   752 AM CST   SUNSET   454 PM CST


-  INDICATES NEGATIVE NUMBERS.
R  INDICATES RECORD WAS SET OR TIED.
MM INDICATES DATA IS MISSING.
T  INDICATES TRACE AMOUNT.




$$
