000
CDUS43 KFSD 230024
CLIHON


CLIMATE REPORT
NATIONAL WEATHER SERVICE SIOUX FALLS SD
720 PM CDT TUE APR 22 2014


...................................

...THE HURON SD CLIMATE SUMMARY FOR APRIL 22 2014...
VALID AS OF 0700 PM LOCAL TIME.

CLIMATE NORMAL PERIOD 1981 TO 2010
CLIMATE RECORD PERIOD 1881 TO 2014


WEATHER ITEM   OBSERVED TIME   RECORD YEAR NORMAL DEPARTURE LAST
                VALUE   (LST)  VALUE       VALUE  FROM      YEAR
                                                  NORMAL
..................................................................
TEMPERATURE (F)
 TODAY
  MAXIMUM         67    213 PM  92    1990  62      5       33
  MINIMUM         32    425 AM  23    1927  37     -5       27
                                      1909
  AVERAGE         50                        49      1       30

PRECIPITATION (IN)
  TODAY            0.00          1.70 1882   0.08  -0.08     0.34
  MONTH TO DATE    0.18                      1.61  -1.43     2.89
  SINCE MAR 1      0.65                      3.07  -2.42     3.67
  SINCE JAN 1      1.21                      4.17  -2.96     5.05

SNOWFALL (IN)
  TODAY            0.0           3.8  2013   0.1   -0.1      3.8
  MONTH TO DATE    2.2                       3.5   -1.3     19.7
  SINCE MAR 1      6.9                      12.4   -5.5     26.9
  SINCE JUL 1     28.6                      43.4  -14.8     60.1
  SNOW DEPTH       0

DEGREE DAYS
 HEATING
  TODAY           15                        16     -1       35
  MONTH TO DATE  483                       447     36      687
  SINCE MAR 1   1584                      1434    150     1925
  SINCE JUL 1   7904                      7266    638     7751

 COOLING
  TODAY            0                         0      0        0
  MONTH TO DATE    0                         0      0        0
  SINCE MAR 1      0                         0      0        0
  SINCE JAN 1      0                         0      0        0
..................................................................


WIND (MPH)
  HIGHEST WIND SPEED    22   HIGHEST WIND DIRECTION    SE (150)
  HIGHEST GUST SPEED    29   HIGHEST GUST DIRECTION     S (160)
  AVERAGE WIND SPEED     9.6


SKY COVER
  POSSIBLE SUNSHINE  MM
  AVERAGE SKY COVER 0.3


WEATHER CONDITIONS
 THE FOLLOWING WEATHER WAS RECORDED TODAY.
  HAZE


RELATIVE HUMIDITY (PERCENT)
 HIGHEST    82           500 AM
 LOWEST     26           100 PM
 AVERAGE    54

..........................................................


THE HURON SD CLIMATE NORMALS FOR TOMORROW
                         NORMAL    RECORD    YEAR
 MAXIMUM TEMPERATURE (F)   63        91      2009
 MINIMUM TEMPERATURE (F)   37         8      2013


SUNRISE AND SUNSET
APRIL 22 2014.........SUNRISE   637 AM CDT   SUNSET   826 PM CDT
APRIL 23 2014.........SUNRISE   636 AM CDT   SUNSET   827 PM CDT


-  INDICATES NEGATIVE NUMBERS.
R  INDICATES RECORD WAS SET OR TIED.
MM INDICATES DATA IS MISSING.
T  INDICATES TRACE AMOUNT.




&&
.........................................................

ADDITIONAL WEATHER INFORMATION FOR TODAY
        TEMPERATURE / HUMIDITY
AT  4 AM      39    /    69%
AT  7 AM      34    /    81%
AT 10 AM      54    /    42%
AT  1 PM      63    /    28%
AT  4 PM      64    /    25%
AT  7 PM      63    /    27%

$$
