000
CDUS43 KFSD 210637
CLIHON


CLIMATE REPORT
NATIONAL WEATHER SERVICE SIOUX FALLS SD
137 AM CDT WED JUN 21 2017


...................................

...THE HURON SD CLIMATE SUMMARY FOR JUNE 20 2017...

CLIMATE NORMAL PERIOD 1981 TO 2010
CLIMATE RECORD PERIOD 1881 TO 2017


WEATHER ITEM   OBSERVED TIME   RECORD YEAR NORMAL DEPARTURE LAST
                VALUE   (LST)  VALUE       VALUE  FROM      YEAR
                                                  NORMAL
..................................................................
TEMPERATURE (F)
 YESTERDAY
  MAXIMUM         79    439 PM 103    1988  81     -2       84
  MINIMUM         54    501 AM  39    1969  57     -3       55
  AVERAGE         67                        69     -2       70

PRECIPITATION (IN)
  YESTERDAY        0.00          2.30 2011   0.13  -0.13     0.00
  MONTH TO DATE    2.13                      2.76  -0.63     1.88
  SINCE JUN 1      2.13                      2.76  -0.63     1.88
  SINCE JAN 1      6.22                     10.74  -4.52    10.69

SNOWFALL (IN)
  YESTERDAY        0.0           0.0    MM   0.0    0.0      0.0
  MONTH TO DATE    0.0                       0.0    0.0      0.0
  SINCE JUN 1      0.0                       0.0    0.0      0.0
  SINCE JUL 1     35.9                      43.9   -8.0     33.0
  SNOW DEPTH       0

DEGREE DAYS
 HEATING
  YESTERDAY        0                         1     -1        0
  MONTH TO DATE    2                        43    -41       17
  SINCE JUN 1      2                        43    -41       17
  SINCE JUL 1   6882                      7664   -782     6569

 COOLING
  YESTERDAY        2                         5     -3        5
  MONTH TO DATE  133                        68     65      164
  SINCE JUN 1    133                        68     65      164
  SINCE JAN 1    154                       101     53      195
..................................................................


WIND (MPH)
  HIGHEST WIND SPEED    17   HIGHEST WIND DIRECTION    NW (330)
  HIGHEST GUST SPEED    23   HIGHEST GUST DIRECTION     N (350)
  AVERAGE WIND SPEED     7.1


SKY COVER
  POSSIBLE SUNSHINE  MM
  AVERAGE SKY COVER 0.1


WEATHER CONDITIONS
 THE FOLLOWING WEATHER WAS RECORDED YESTERDAY.
  NO SIGNIFICANT WEATHER WAS OBSERVED.


RELATIVE HUMIDITY (PERCENT)
 HIGHEST    83           500 AM
 LOWEST     33           500 PM
 AVERAGE    58

..........................................................


THE HURON SD CLIMATE NORMALS FOR TODAY
                         NORMAL    RECORD    YEAR
 MAXIMUM TEMPERATURE (F)   82       109      1988
 MINIMUM TEMPERATURE (F)   58        32      1902


SUNRISE AND SUNSET
JUNE 21 2017..........SUNRISE   549 AM CDT   SUNSET   921 PM CDT
JUNE 22 2017..........SUNRISE   549 AM CDT   SUNSET   921 PM CDT


-  INDICATES NEGATIVE NUMBERS.
R  INDICATES RECORD WAS SET OR TIED.
MM INDICATES DATA IS MISSING.
T  INDICATES TRACE AMOUNT.




$$
