045
CDUS43 KFSD 240627
CLIHON


CLIMATE REPORT
NATIONAL WEATHER SERVICE SIOUX FALLS SD
127 AM CDT SAT SEP 24 2016


...................................

...THE HURON SD CLIMATE SUMMARY FOR SEPTEMBER 23 2016...

CLIMATE NORMAL PERIOD 1981 TO 2010
CLIMATE RECORD PERIOD 1881 TO 2016


WEATHER ITEM   OBSERVED TIME   RECORD YEAR NORMAL DEPARTURE LAST
                VALUE   (LST)  VALUE       VALUE  FROM      YEAR
                                                  NORMAL
..................................................................
TEMPERATURE (F)
 YESTERDAY
  MAXIMUM         89    452 PM  98    1892  71     18       71
  MINIMUM         61    204 AM  23    1989  45     16       63
  AVERAGE         75                        58     17       67

PRECIPITATION (IN)
  YESTERDAY        0.08          1.17 1920   0.07   0.01     1.03
  MONTH TO DATE    1.29                      1.94  -0.65     1.27
  SINCE SEP 1      1.29                      1.94  -0.65     1.27
  SINCE JAN 1     15.84                     19.20  -3.36    20.46

SNOWFALL (IN)
  YESTERDAY        0.0           T    1965   0.0    0.0      0.0
  MONTH TO DATE    0.0                       0.0    0.0      0.0
  SINCE SEP 1      0.0                       0.0    0.0      0.0
  SINCE JUL 1      0.0                       0.0    0.0      0.0
  SNOW DEPTH       0

DEGREE DAYS
 HEATING
  YESTERDAY        0                         8     -8        0
  MONTH TO DATE   46                       101    -55       60
  SINCE SEP 1     46                       101    -55       60
  SINCE JUL 1     63                       130    -67      100

 COOLING
  YESTERDAY       10                         1      9        2
  MONTH TO DATE   73                        64      9      116
  SINCE SEP 1     73                        64      9      116
  SINCE JAN 1    879                       733    146      772
..................................................................


WIND (MPH)
  HIGHEST WIND SPEED    26   HIGHEST WIND DIRECTION    SE (140)
  HIGHEST GUST SPEED    36   HIGHEST GUST DIRECTION    SE (130)
  AVERAGE WIND SPEED    13.5


SKY COVER
  POSSIBLE SUNSHINE  MM
  AVERAGE SKY COVER 0.5


WEATHER CONDITIONS
 THE FOLLOWING WEATHER WAS RECORDED YESTERDAY.
  LIGHT RAIN
  FOG


RELATIVE HUMIDITY (PERCENT)
 HIGHEST    93          1200 AM
 LOWEST     40           500 PM
 AVERAGE    67

..........................................................


THE HURON SD CLIMATE NORMALS FOR TODAY
                         NORMAL    RECORD    YEAR
 MAXIMUM TEMPERATURE (F)   71        94      1935
 MINIMUM TEMPERATURE (F)   45        23      2000


SUNRISE AND SUNSET
SEPTEMBER 24 2016.....SUNRISE   723 AM CDT   SUNSET   726 PM CDT
SEPTEMBER 25 2016.....SUNRISE   724 AM CDT   SUNSET   724 PM CDT


-  INDICATES NEGATIVE NUMBERS.
R  INDICATES RECORD WAS SET OR TIED.
MM INDICATES DATA IS MISSING.
T  INDICATES TRACE AMOUNT.




$$
