000
CDUS43 KFSD 260631
CLIHON


CLIMATE REPORT
NATIONAL WEATHER SERVICE SIOUX FALLS SD
130 AM CDT FRI AUG 26 2016


...................................

...THE HURON SD CLIMATE SUMMARY FOR AUGUST 25 2016...

CLIMATE NORMAL PERIOD 1981 TO 2010
CLIMATE RECORD PERIOD 1881 TO 2016


WEATHER ITEM   OBSERVED TIME   RECORD YEAR NORMAL DEPARTURE LAST
                VALUE   (LST)  VALUE       VALUE  FROM      YEAR
                                                  NORMAL
..................................................................
TEMPERATURE (F)
 YESTERDAY
  MAXIMUM         75    458 PM 106    1991  83     -8       74
  MINIMUM         49    540 AM  42    1934  58     -9       44
                                      1911
  AVERAGE         62                        70     -8       59

PRECIPITATION (IN)
  YESTERDAY        0.00          2.19 1960   0.07  -0.07     0.00
  MONTH TO DATE    2.73                      2.02   0.71     4.96
  SINCE JUN 1      5.64                      8.87  -3.23    13.17
  SINCE JAN 1     14.45                     16.85  -2.40    19.11

SNOWFALL (IN)
  YESTERDAY        0.0           0.0    MM   0.0    0.0      0.0
  MONTH TO DATE    0.0                       0.0    0.0      0.0
  SINCE JUN 1      0.0                       0.0    0.0       T
  SINCE JUL 1      0.0                       0.0    0.0      0.0
  SNOW DEPTH       0

DEGREE DAYS
 HEATING
  YESTERDAY        3                         1      2        6
  MONTH TO DATE    5                         9     -4       36
  SINCE JUN 1     28                        68    -40       51
  SINCE JUL 1     11                        17     -6       40

 COOLING
  YESTERDAY        0                         6     -6        0
  MONTH TO DATE  202                       193      9      162
  SINCE JUN 1    724                       603    121      594
  SINCE JAN 1    755                       636    119      614
..................................................................


WIND (MPH)
  HIGHEST WIND SPEED    20   HIGHEST WIND DIRECTION     W (280)
  HIGHEST GUST SPEED    25   HIGHEST GUST DIRECTION    NW (310)
  AVERAGE WIND SPEED     8.5


SKY COVER
  POSSIBLE SUNSHINE  MM
  AVERAGE SKY COVER 0.1


WEATHER CONDITIONS
 THE FOLLOWING WEATHER WAS RECORDED YESTERDAY.
  NO SIGNIFICANT WEATHER WAS OBSERVED.


RELATIVE HUMIDITY (PERCENT)
 HIGHEST    89           300 AM
 LOWEST     38           300 PM
 AVERAGE    64

..........................................................


THE HURON SD CLIMATE NORMALS FOR TODAY
                         NORMAL    RECORD    YEAR
 MAXIMUM TEMPERATURE (F)   82       104      1976
 MINIMUM TEMPERATURE (F)   57        38      1910


SUNRISE AND SUNSET
AUGUST 26 2016........SUNRISE   649 AM CDT   SUNSET   819 PM CDT
AUGUST 27 2016........SUNRISE   650 AM CDT   SUNSET   817 PM CDT


-  INDICATES NEGATIVE NUMBERS.
R  INDICATES RECORD WAS SET OR TIED.
MM INDICATES DATA IS MISSING.
T  INDICATES TRACE AMOUNT.




$$
