000
CDUS43 KFSD 270622
CLIHON


CLIMATE REPORT
NATIONAL WEATHER SERVICE SIOUX FALLS SD
122 AM CDT TUE SEP 27 2016


...................................

...THE HURON SD CLIMATE SUMMARY FOR SEPTEMBER 26 2016...

CLIMATE NORMAL PERIOD 1981 TO 2010
CLIMATE RECORD PERIOD 1881 TO 2016


WEATHER ITEM   OBSERVED TIME   RECORD YEAR NORMAL DEPARTURE LAST
                VALUE   (LST)  VALUE       VALUE  FROM      YEAR
                                                  NORMAL
..................................................................
TEMPERATURE (F)
 YESTERDAY
  MAXIMUM         74    123 PM  98    1974  70      4       81
  MINIMUM         40    556 AM  23    1965  44     -4       56
  AVERAGE         57                        57      0       69

PRECIPITATION (IN)
  YESTERDAY        0.00          0.56 1966   0.07  -0.07     0.00
  MONTH TO DATE    1.29                      2.17  -0.88     2.14
  SINCE SEP 1      1.29                      2.17  -0.88     2.14
  SINCE JAN 1     15.84                     19.43  -3.59    21.33

SNOWFALL (IN)
  YESTERDAY        0.0           T    1965   0.0    0.0      0.0
  MONTH TO DATE    0.0                       0.1   -0.1      0.0
  SINCE SEP 1      0.0                       0.1   -0.1      0.0
  SINCE JUL 1      0.0                       0.1   -0.1      0.0
  SNOW DEPTH       0

DEGREE DAYS
 HEATING
  YESTERDAY        8                         9     -1        0
  MONTH TO DATE   62                       127    -65       60
  SINCE SEP 1     62                       127    -65       60
  SINCE JUL 1     79                       156    -77      100

 COOLING
  YESTERDAY        0                         1     -1        4
  MONTH TO DATE   76                        67      9      124
  SINCE SEP 1     76                        67      9      124
  SINCE JAN 1    882                       736    146      780
..................................................................


WIND (MPH)
  HIGHEST WIND SPEED    31   HIGHEST WIND DIRECTION    NW (320)
  HIGHEST GUST SPEED    36   HIGHEST GUST DIRECTION    NW (320)
  AVERAGE WIND SPEED    12.3


SKY COVER
  POSSIBLE SUNSHINE  MM
  AVERAGE SKY COVER 0.0


WEATHER CONDITIONS
 THE FOLLOWING WEATHER WAS RECORDED YESTERDAY.
  NO SIGNIFICANT WEATHER WAS OBSERVED.


RELATIVE HUMIDITY (PERCENT)
 HIGHEST    85           600 AM
 LOWEST     20           400 PM
 AVERAGE    53

..........................................................


THE HURON SD CLIMATE NORMALS FOR TODAY
                         NORMAL    RECORD    YEAR
 MAXIMUM TEMPERATURE (F)   70        98      1956
                                             1894
 MINIMUM TEMPERATURE (F)   43        18      1893


SUNRISE AND SUNSET
SEPTEMBER 27 2016.....SUNRISE   726 AM CDT   SUNSET   720 PM CDT
SEPTEMBER 28 2016.....SUNRISE   728 AM CDT   SUNSET   718 PM CDT


-  INDICATES NEGATIVE NUMBERS.
R  INDICATES RECORD WAS SET OR TIED.
MM INDICATES DATA IS MISSING.
T  INDICATES TRACE AMOUNT.




$$
