000
CDUS43 KFSD 240018
CLIHON


CLIMATE REPORT
NATIONAL WEATHER SERVICE SIOUX FALLS SD
617 PM CST TUE JAN 23 2018


...................................

...THE HURON SD CLIMATE SUMMARY FOR JANUARY 23 2018...
VALID TODAY AS OF 0600 PM LOCAL TIME.

CLIMATE NORMAL PERIOD 1981 TO 2010
CLIMATE RECORD PERIOD 1881 TO 2018


WEATHER ITEM   OBSERVED TIME   RECORD YEAR NORMAL DEPARTURE LAST
                VALUE   (LST)  VALUE       VALUE  FROM      YEAR
                                                  NORMAL
..................................................................
TEMPERATURE (F)
 TODAY
  MAXIMUM         27        MM  57    1981  27      0       31
  MINIMUM         19        MM -24    2003   7     12       29
                                      1948
                                      1883
  AVERAGE         23                        17      6       30

PRECIPITATION (IN)
  TODAY            0.00          0.28 1894   0.02  -0.02     0.00
  MONTH TO DATE    0.30                      0.37  -0.07     0.33
  SINCE DEC 1      0.80                      0.89  -0.09     1.72
  SINCE JAN 1      0.30                      0.37  -0.07     0.33

SNOWFALL (IN)
  TODAY            0.0           3.4  1982   0.3   -0.3      0.0
  MONTH TO DATE    4.8                       5.4   -0.6      4.0
  SINCE DEC 1     11.7                      13.4   -1.7     14.0
  SINCE JUL 1     13.0                      21.7   -8.7     18.7
  SNOW DEPTH       2

DEGREE DAYS
 HEATING
  TODAY           42                        48     -6       35
  MONTH TO DATE 1155                      1119     36     1180
  SINCE DEC 1   2518                      2537    -19     2679
  SINCE JUL 1   4083                      4239   -156     3887

 COOLING
  TODAY            0                         0      0        0
  MONTH TO DATE    0                         0      0        0
  SINCE DEC 1      0                         0      0        0
  SINCE JAN 1      0                         0      0        0
..................................................................


WIND (MPH)
  HIGHEST WIND SPEED    16   HIGHEST WIND DIRECTION     N (340)
  HIGHEST GUST SPEED    MM   HIGHEST GUST DIRECTION    MM
  AVERAGE WIND SPEED     7.7


SKY COVER
  POSSIBLE SUNSHINE  MM
  AVERAGE SKY COVER 0.8


WEATHER CONDITIONS
 THE FOLLOWING WEATHER WAS RECORDED TODAY.
  FOG


RELATIVE HUMIDITY (PERCENT)
 HIGHEST   100           100 AM
 LOWEST     84           400 PM
 AVERAGE    92

..........................................................


THE HURON SD CLIMATE NORMALS FOR TOMORROW
                         NORMAL    RECORD    YEAR
 MAXIMUM TEMPERATURE (F)   27        62      1981
 MINIMUM TEMPERATURE (F)    7       -35      1894


SUNRISE AND SUNSET
JANUARY 23 2018.......SUNRISE   800 AM CST   SUNSET   530 PM CST
JANUARY 24 2018.......SUNRISE   759 AM CST   SUNSET   531 PM CST


-  INDICATES NEGATIVE NUMBERS.
R  INDICATES RECORD WAS SET OR TIED.
MM INDICATES DATA IS MISSING.
T  INDICATES TRACE AMOUNT.




$$
