000
CDUS43 KFSD 210642
CLIHON


CLIMATE REPORT
NATIONAL WEATHER SERVICE SIOUX FALLS SD
141 AM CDT THU MAY 21 2015


...................................

...THE HURON SD CLIMATE SUMMARY FOR MAY 20 2015...

CLIMATE NORMAL PERIOD 1981 TO 2010
CLIMATE RECORD PERIOD 1881 TO 2015


WEATHER ITEM   OBSERVED TIME   RECORD YEAR NORMAL DEPARTURE LAST
                VALUE   (LST)  VALUE       VALUE  FROM      YEAR
                                                  NORMAL
..................................................................
TEMPERATURE (F)
 YESTERDAY
  MAXIMUM         63    537 PM  98    1934  71     -8       82
  MINIMUM         42    432 AM  24    1895  48     -6       47
  AVERAGE         53                        59     -6       65

PRECIPITATION (IN)
  YESTERDAY        0.00          2.68 1914   0.10  -0.10     0.00
  MONTH TO DATE    4.45                      1.92   2.53     1.24
  SINCE MAR 1      5.21                      5.69  -0.48     3.12
  SINCE JAN 1      5.82                      6.79  -0.97     3.68

SNOWFALL (IN)
  YESTERDAY        0.0           T    1931   0.0    0.0      0.0
  MONTH TO DATE    0.0                       0.1   -0.1      0.0
  SINCE MAR 1      1.2                      13.0  -11.8      6.9
  SINCE JUL 1     22.8                      44.0  -21.2     28.6
  SNOW DEPTH       0

DEGREE DAYS
 HEATING
  YESTERDAY       12                         7      5        0
  MONTH TO DATE  192                       187      5      263
  SINCE MAR 1   1493                      1733   -240     1956
  SINCE JUL 1   7430                      7565   -135     8276

 COOLING
  YESTERDAY        0                         1     -1        0
  MONTH TO DATE    8                        17     -9        4
  SINCE MAR 1     10                        21    -11        4
  SINCE JAN 1     10                        21    -11        4
..................................................................


WIND (MPH)
  HIGHEST WIND SPEED    14   HIGHEST WIND DIRECTION     N (10)
  HIGHEST GUST SPEED    20   HIGHEST GUST DIRECTION    NW (320)
  AVERAGE WIND SPEED     6.1


SKY COVER
  POSSIBLE SUNSHINE  MM
  AVERAGE SKY COVER 0.2


WEATHER CONDITIONS
 THE FOLLOWING WEATHER WAS RECORDED YESTERDAY.
  HAZE


RELATIVE HUMIDITY (PERCENT)
 HIGHEST    89           300 AM
 LOWEST     27           200 PM
 AVERAGE    58

..........................................................


THE HURON SD CLIMATE NORMALS FOR TODAY
                         NORMAL    RECORD    YEAR
 MAXIMUM TEMPERATURE (F)   72        94      1964
 MINIMUM TEMPERATURE (F)   48        27      1963
                                             1931


SUNRISE AND SUNSET
MAY 21 2015...........SUNRISE   600 AM CDT   SUNSET   900 PM CDT
MAY 22 2015...........SUNRISE   559 AM CDT   SUNSET   901 PM CDT


-  INDICATES NEGATIVE NUMBERS.
R  INDICATES RECORD WAS SET OR TIED.
MM INDICATES DATA IS MISSING.
T  INDICATES TRACE AMOUNT.




$$
