000
CDUS43 KFSD 240630
CLIHON


CLIMATE REPORT
NATIONAL WEATHER SERVICE SIOUX FALLS SD
1229 AM CST WED DEC 24 2014


...................................

...THE HURON SD CLIMATE SUMMARY FOR DECEMBER 23 2014...

CLIMATE NORMAL PERIOD 1981 TO 2010
CLIMATE RECORD PERIOD 1881 TO 2014


WEATHER ITEM   OBSERVED TIME   RECORD YEAR NORMAL DEPARTURE LAST
                VALUE   (LST)  VALUE       VALUE  FROM      YEAR
                                                  NORMAL
..................................................................
TEMPERATURE (F)
 YESTERDAY
  MAXIMUM         34    131 AM  57    1894  27      7       -4
  MINIMUM         28   1159 PM -30    1990   8     20      -25
  AVERAGE         31                        17     14      -14

PRECIPITATION (IN)
  YESTERDAY        0.09          0.39 1931   0.01   0.08     0.00
  MONTH TO DATE    0.39                      0.38   0.01     0.63
  SINCE DEC 1      0.39                      0.38   0.01     0.63
  SINCE JAN 1     16.07                     22.76  -6.69    24.81

SNOWFALL (IN)
  YESTERDAY        T             6.8  1987   0.2   -0.2      0.0
  MONTH TO DATE    1.4                       5.9   -4.5      7.6
  SINCE DEC 1      1.4                       5.9   -4.5      7.6
  SINCE JUL 1      9.3                      14.2   -4.9     10.1
  SNOW DEPTH       1

DEGREE DAYS
 HEATING
  YESTERDAY       34                        48    -14       79
  MONTH TO DATE  869                      1033   -164     1269
  SINCE DEC 1    869                      1033   -164     1269
  SINCE JUL 1   2726                      2735     -9     2906

 COOLING
  YESTERDAY        0                         0      0        0
  MONTH TO DATE    0                         0      0        0
  SINCE DEC 1      0                         0      0        0
  SINCE JAN 1    597                       742   -145      848
..................................................................


WIND (MPH)
  HIGHEST WIND SPEED    25   HIGHEST WIND DIRECTION     N (340)
  HIGHEST GUST SPEED    32   HIGHEST GUST DIRECTION     N (350)
  AVERAGE WIND SPEED    16.7


SKY COVER
  POSSIBLE SUNSHINE  MM
  AVERAGE SKY COVER 1.0


WEATHER CONDITIONS
 THE FOLLOWING WEATHER WAS RECORDED YESTERDAY.
  LIGHT RAIN
  LIGHT SNOW
  FOG


RELATIVE HUMIDITY (PERCENT)
 HIGHEST   100          1200 AM
 LOWEST     85           800 PM
 AVERAGE    93

..........................................................


THE HURON SD CLIMATE NORMALS FOR TODAY
                         NORMAL    RECORD    YEAR
 MAXIMUM TEMPERATURE (F)   27        51      1907
 MINIMUM TEMPERATURE (F)    7       -31      1884


SUNRISE AND SUNSET
DECEMBER 24 2014......SUNRISE   807 AM CST   SUNSET   458 PM CST
DECEMBER 25 2014......SUNRISE   807 AM CST   SUNSET   459 PM CST


-  INDICATES NEGATIVE NUMBERS.
R  INDICATES RECORD WAS SET OR TIED.
MM INDICATES DATA IS MISSING.
T  INDICATES TRACE AMOUNT.




$$
