000
CDUS43 KFSD 180621
CLIHON


CLIMATE REPORT
NATIONAL WEATHER SERVICE SIOUX FALLS SD
1220 AM CST WED JAN 18 2017


...................................

...THE HURON SD CLIMATE SUMMARY FOR JANUARY 17 2017...

CLIMATE NORMAL PERIOD 1981 TO 2010
CLIMATE RECORD PERIOD 1881 TO 2017


WEATHER ITEM   OBSERVED TIME   RECORD YEAR NORMAL DEPARTURE LAST
                VALUE   (LST)  VALUE       VALUE  FROM      YEAR
                                                  NORMAL
..................................................................
TEMPERATURE (F)
 YESTERDAY
  MAXIMUM         30    508 PM  58    1923  27      3        0
  MINIMUM          1    832 AM -29    1930   6     -5      -18
  AVERAGE         16                        16      0       -9

PRECIPITATION (IN)
  YESTERDAY        0.00          0.33 1996   0.02  -0.02     0.00
  MONTH TO DATE    0.33                      0.28   0.05     0.08
  SINCE DEC 1      1.72                      0.80   0.92     1.36
  SINCE JAN 1      0.33                      0.28   0.05     0.08

SNOWFALL (IN)
  YESTERDAY        0.0           6.4  1996   0.2   -0.2      0.0
  MONTH TO DATE    4.0                       4.0    0.0      1.7
  SINCE DEC 1     14.0                      12.0    2.0     16.0
  SINCE JUL 1     18.7                      20.3   -1.6     21.6
  SNOW DEPTH       2

DEGREE DAYS
 HEATING
  YESTERDAY       49                        49      0       74
  MONTH TO DATE  978                       831    147      899
  SINCE DEC 1   2477                      2249    228     2157
  SINCE JUL 1   3685                      3951   -266     3447

 COOLING
  YESTERDAY        0                         0      0        0
  MONTH TO DATE    0                         0      0        0
  SINCE DEC 1      0                         0      0        0
  SINCE JAN 1      0                         0      0        0
..................................................................


WIND (MPH)
  HIGHEST WIND SPEED    13   HIGHEST WIND DIRECTION     S (170)
  HIGHEST GUST SPEED    16   HIGHEST GUST DIRECTION     S (170)
  AVERAGE WIND SPEED     5.6


SKY COVER
  POSSIBLE SUNSHINE  MM
  AVERAGE SKY COVER 0.0


WEATHER CONDITIONS
 THE FOLLOWING WEATHER WAS RECORDED YESTERDAY.
  NO SIGNIFICANT WEATHER WAS OBSERVED.


RELATIVE HUMIDITY (PERCENT)
 HIGHEST   100          1200 AM
 LOWEST     68           100 PM
 AVERAGE    84

..........................................................


THE HURON SD CLIMATE NORMALS FOR TODAY
                         NORMAL    RECORD    YEAR
 MAXIMUM TEMPERATURE (F)   27        55      1944
                                             1908
 MINIMUM TEMPERATURE (F)    6       -34      1892


SUNRISE AND SUNSET
JANUARY 18 2017.......SUNRISE   804 AM CST   SUNSET   524 PM CST
JANUARY 19 2017.......SUNRISE   803 AM CST   SUNSET   525 PM CST


-  INDICATES NEGATIVE NUMBERS.
R  INDICATES RECORD WAS SET OR TIED.
MM INDICATES DATA IS MISSING.
T  INDICATES TRACE AMOUNT.




$$
