000
CDUS43 KFSD 042222
CLIHON


CLIMATE REPORT
NATIONAL WEATHER SERVICE SIOUX FALLS SD
421 PM CST SUN DEC 4 2016


...................................

...THE HURON SD CLIMATE SUMMARY FOR DECEMBER 4 2016...
VALID TODAY AS OF 0400 PM LOCAL TIME.

CLIMATE NORMAL PERIOD 1981 TO 2010
CLIMATE RECORD PERIOD 1881 TO 2016


WEATHER ITEM   OBSERVED TIME   RECORD YEAR NORMAL DEPARTURE LAST
                VALUE   (LST)  VALUE       VALUE  FROM      YEAR
                                                  NORMAL
..................................................................
TEMPERATURE (F)
 TODAY
  MAXIMUM         43    309 PM  63    1888  32     11       39
  MINIMUM         26    743 AM -32    1886  13     13       12
  AVERAGE         35                        23     12       26

PRECIPITATION (IN)
  TODAY            0.00          0.49 1960   0.01  -0.01     0.00
  MONTH TO DATE    0.01                      0.07  -0.06     0.33
  SINCE DEC 1      0.01                      0.07  -0.06     0.33
  SINCE JAN 1     18.14                     22.45  -4.31    24.63

SNOWFALL (IN)
  TODAY            0.0           3.0  2013   0.3   -0.3      0.0
  MONTH TO DATE    T                         1.0   -1.0      5.0
  SINCE DEC 1      T                         1.0   -1.0      5.0
  SINCE JUL 1      4.7                       9.3   -4.6     10.6
  SNOW DEPTH       0

DEGREE DAYS
 HEATING
  TODAY           30                        42    -12       39
  MONTH TO DATE  134                       166    -32      168
  SINCE DEC 1    134                       166    -32      168
  SINCE JUL 1   1342                      1868   -526     1458

 COOLING
  TODAY            0                         0      0        0
  MONTH TO DATE    0                         0      0        0
  SINCE DEC 1      0                         0      0        0
  SINCE JAN 1    887                       742    145      797
..................................................................


WIND (MPH)
  HIGHEST WIND SPEED    17   HIGHEST WIND DIRECTION     W (270)
  HIGHEST GUST SPEED    21   HIGHEST GUST DIRECTION     W (260)
  AVERAGE WIND SPEED     9.1


SKY COVER
  POSSIBLE SUNSHINE  MM
  AVERAGE SKY COVER 0.2


WEATHER CONDITIONS
 THE FOLLOWING WEATHER WAS RECORDED TODAY.
  NO SIGNIFICANT WEATHER WAS OBSERVED.


RELATIVE HUMIDITY (PERCENT)
 HIGHEST   100          1200 AM
 LOWEST     62           100 PM
 AVERAGE    81

..........................................................


THE HURON SD CLIMATE NORMALS FOR TOMORROW
                         NORMAL    RECORD    YEAR
 MAXIMUM TEMPERATURE (F)   32        61      1988
 MINIMUM TEMPERATURE (F)   13       -18      1950


SUNRISE AND SUNSET
DECEMBER  4 2016......SUNRISE   753 AM CST   SUNSET   454 PM CST
DECEMBER  5 2016......SUNRISE   754 AM CST   SUNSET   454 PM CST


-  INDICATES NEGATIVE NUMBERS.
R  INDICATES RECORD WAS SET OR TIED.
MM INDICATES DATA IS MISSING.
T  INDICATES TRACE AMOUNT.




$$
