000
CDUS43 KFSD 200650
CLIHON


CLIMATE REPORT
NATIONAL WEATHER SERVICE SIOUX FALLS SD
147 AM CDT SAT AUG 20 2016


...................................

...THE HURON SD CLIMATE SUMMARY FOR AUGUST 19 2016...

CLIMATE NORMAL PERIOD 1981 TO 2010
CLIMATE RECORD PERIOD 1881 TO 2016


WEATHER ITEM   OBSERVED TIME   RECORD YEAR NORMAL DEPARTURE LAST
                VALUE   (LST)  VALUE       VALUE  FROM      YEAR
                                                  NORMAL
..................................................................
TEMPERATURE (F)
 YESTERDAY
  MAXIMUM         78    331 PM 102    1976  84     -6       72
  MINIMUM         56   1159 PM  40    1967  59     -3       51
                                      1890
  AVERAGE         67                        71     -4       62

PRECIPITATION (IN)
  YESTERDAY        0.07          1.65 1886   0.07   0.00     0.17
  MONTH TO DATE    2.64                      1.60   1.04     4.96
  SINCE JUN 1      5.55                      8.45  -2.90    13.17
  SINCE JAN 1     14.36                     16.43  -2.07    19.11

SNOWFALL (IN)
  YESTERDAY        0.0           0.0    MM   0.0    0.0      0.0
  MONTH TO DATE    0.0                       0.0    0.0      0.0
  SINCE JUN 1      0.0                       0.0    0.0       T
  SINCE JUL 1      0.0                       0.0    0.0      0.0
  SNOW DEPTH       0

DEGREE DAYS
 HEATING
  YESTERDAY        0                         1     -1        3
  MONTH TO DATE    0                         3     -3       15
  SINCE JUN 1     23                        62    -39       30
  SINCE JUL 1      6                        11     -5       19

 COOLING
  YESTERDAY        2                         7     -5        0
  MONTH TO DATE  182                       154     28      153
  SINCE JUN 1    704                       564    140      585
  SINCE JAN 1    735                       597    138      605
..................................................................


WIND (MPH)
  HIGHEST WIND SPEED    26   HIGHEST WIND DIRECTION     N (340)
  HIGHEST GUST SPEED    33   HIGHEST GUST DIRECTION     N (350)
  AVERAGE WIND SPEED    11.0


SKY COVER
  POSSIBLE SUNSHINE  MM
  AVERAGE SKY COVER 0.6


WEATHER CONDITIONS
 THE FOLLOWING WEATHER WAS RECORDED YESTERDAY.
  LIGHT RAIN


RELATIVE HUMIDITY (PERCENT)
 HIGHEST    93          1200 AM
 LOWEST     46           300 PM
 AVERAGE    70

..........................................................


THE HURON SD CLIMATE NORMALS FOR TODAY
                         NORMAL    RECORD    YEAR
 MAXIMUM TEMPERATURE (F)   84       102      1955
 MINIMUM TEMPERATURE (F)   59        38      1950


SUNRISE AND SUNSET
AUGUST 20 2016........SUNRISE   642 AM CDT   SUNSET   829 PM CDT
AUGUST 21 2016........SUNRISE   643 AM CDT   SUNSET   827 PM CDT


-  INDICATES NEGATIVE NUMBERS.
R  INDICATES RECORD WAS SET OR TIED.
MM INDICATES DATA IS MISSING.
T  INDICATES TRACE AMOUNT.




$$
