000
CDUS43 KFSD 120628
CLIHON


CLIMATE REPORT
NATIONAL WEATHER SERVICE SIOUX FALLS SD
126 AM CDT THU OCT 12 2017


...................................

...THE HURON SD CLIMATE SUMMARY FOR OCTOBER 11 2017...

CLIMATE NORMAL PERIOD 1981 TO 2010
CLIMATE RECORD PERIOD 1881 TO 2017


WEATHER ITEM   OBSERVED TIME   RECORD YEAR NORMAL DEPARTURE LAST
                VALUE   (LST)  VALUE       VALUE  FROM      YEAR
                                                  NORMAL
..................................................................
TEMPERATURE (F)
 YESTERDAY
  MAXIMUM         63    305 PM  91    1910  63      0       53
  MINIMUM         32    309 AM  19    2009  37     -5       40
  AVERAGE         48                        50     -2       47

PRECIPITATION (IN)
  YESTERDAY        0.00          1.25 1961   0.06  -0.06      T
  MONTH TO DATE    0.91                      0.71   0.20     0.78
  SINCE SEP 1      6.88                      3.17   3.71     2.07
  SINCE JAN 1     19.19                     20.43  -1.24    16.62

SNOWFALL (IN)
  YESTERDAY        0.0           0.1  2009   0.1   -0.1      0.0
  MONTH TO DATE    0.0                       0.2   -0.2      0.0
  SINCE SEP 1      0.0                       0.2   -0.2      0.0
  SINCE JUL 1      0.0                       0.2   -0.2      0.0
  SNOW DEPTH       0

DEGREE DAYS
 HEATING
  YESTERDAY       17                        15      2       18
  MONTH TO DATE  145                       143      2      119
  SINCE SEP 1    268                       310    -42      219
  SINCE JUL 1    277                       339    -62      236

 COOLING
  YESTERDAY        0                         0      0        0
  MONTH TO DATE    2                         0      2        4
  SINCE SEP 1    109                        69     40       80
  SINCE JAN 1    729                       738     -9      886
..................................................................


WIND (MPH)
  HIGHEST WIND SPEED    26   HIGHEST WIND DIRECTION    SE (150)
  HIGHEST GUST SPEED    35   HIGHEST GUST DIRECTION    SE (150)
  AVERAGE WIND SPEED    14.4


SKY COVER
  POSSIBLE SUNSHINE  MM
  AVERAGE SKY COVER 0.0


WEATHER CONDITIONS
 THE FOLLOWING WEATHER WAS RECORDED YESTERDAY.
  NO SIGNIFICANT WEATHER WAS OBSERVED.


RELATIVE HUMIDITY (PERCENT)
 HIGHEST    89           200 AM
 LOWEST     36           100 PM
 AVERAGE    63

..........................................................


THE HURON SD CLIMATE NORMALS FOR TODAY
                         NORMAL    RECORD    YEAR
 MAXIMUM TEMPERATURE (F)   63        86      1958
                                             1956
 MINIMUM TEMPERATURE (F)   37        13      1917


SUNRISE AND SUNSET
OCTOBER 12 2017.......SUNRISE   744 AM CDT   SUNSET   653 PM CDT
OCTOBER 13 2017.......SUNRISE   746 AM CDT   SUNSET   652 PM CDT


-  INDICATES NEGATIVE NUMBERS.
R  INDICATES RECORD WAS SET OR TIED.
MM INDICATES DATA IS MISSING.
T  INDICATES TRACE AMOUNT.




$$
