000
CDUS43 KFSD 070640
CLIHON


CLIMATE REPORT
NATIONAL WEATHER SERVICE SIOUX FALLS SD
1239 AM CST SUN FEB 7 2016


...................................

...THE HURON SD CLIMATE SUMMARY FOR FEBRUARY 6 2016...

CLIMATE NORMAL PERIOD 1981 TO 2010
CLIMATE RECORD PERIOD 1881 TO 2016


WEATHER ITEM   OBSERVED TIME   RECORD YEAR NORMAL DEPARTURE LAST
                VALUE   (LST)  VALUE       VALUE  FROM      YEAR
                                                  NORMAL
..................................................................
TEMPERATURE (F)
 YESTERDAY
  MAXIMUM         42    807 PM  61    1987  29     13       47
  MINIMUM         22    538 AM -30    1889   9     13       18
  AVERAGE         32                        19     13       33

PRECIPITATION (IN)
  YESTERDAY        0.00          0.51 1928   0.02  -0.02     0.00
  MONTH TO DATE    0.06                      0.11  -0.05     0.02
  SINCE DEC 1      1.63                      1.13   0.50     1.07
  SINCE JAN 1      0.35                      0.61  -0.26     0.37

SNOWFALL (IN)
  YESTERDAY        0.0           2.8  1937   0.2   -0.2      0.0
  MONTH TO DATE    0.7                       1.5   -0.8      0.4
  SINCE DEC 1     20.3                      16.8    3.5     10.1
  SINCE JUL 1     25.9                      25.1    0.8     18.0
  SNOW DEPTH       T

DEGREE DAYS
 HEATING
  YESTERDAY       33                        46    -13       32
  MONTH TO DATE  236                       279    -43      312
  SINCE DEC 1   2984                      3194   -210     3012
  SINCE JUL 1   4274                      4896   -622     4869

 COOLING
  YESTERDAY        0                         0      0        0
  MONTH TO DATE    0                         0      0        0
  SINCE DEC 1      0                         0      0        0
  SINCE JAN 1      0                         0      0        0
..................................................................


WIND (MPH)
  HIGHEST WIND SPEED    21   HIGHEST WIND DIRECTION     W (270)
  HIGHEST GUST SPEED    25   HIGHEST GUST DIRECTION     W (270)
  AVERAGE WIND SPEED    11.2


SKY COVER
  POSSIBLE SUNSHINE  MM
  AVERAGE SKY COVER 0.1


WEATHER CONDITIONS
 THE FOLLOWING WEATHER WAS RECORDED YESTERDAY.
  NO SIGNIFICANT WEATHER WAS OBSERVED.


RELATIVE HUMIDITY (PERCENT)
 HIGHEST    92           500 AM
 LOWEST     64           200 PM
 AVERAGE    78

..........................................................


THE HURON SD CLIMATE NORMALS FOR TODAY
                         NORMAL    RECORD    YEAR
 MAXIMUM TEMPERATURE (F)   30        66      1987
 MINIMUM TEMPERATURE (F)    9       -33      1914


SUNRISE AND SUNSET
FEBRUARY  7 2016......SUNRISE   744 AM CST   SUNSET   550 PM CST
FEBRUARY  8 2016......SUNRISE   743 AM CST   SUNSET   552 PM CST


-  INDICATES NEGATIVE NUMBERS.
R  INDICATES RECORD WAS SET OR TIED.
MM INDICATES DATA IS MISSING.
T  INDICATES TRACE AMOUNT.




$$
