000
CDUS43 KFSD 300630
CLIHON


CLIMATE REPORT
NATIONAL WEATHER SERVICE SIOUX FALLS SD
129 AM CDT SAT APR 30 2016


...................................

...THE HURON SD CLIMATE SUMMARY FOR APRIL 29 2016...

CLIMATE NORMAL PERIOD 1981 TO 2010
CLIMATE RECORD PERIOD 1881 TO 2016


WEATHER ITEM   OBSERVED TIME   RECORD YEAR NORMAL DEPARTURE LAST
                VALUE   (LST)  VALUE       VALUE  FROM      YEAR
                                                  NORMAL
..................................................................
TEMPERATURE (F)
 YESTERDAY
  MAXIMUM         56   1245 PM  91    1934  65     -9       72
  MINIMUM         34    245 AM  20    1958  40     -6       32
                                      1907
  AVERAGE         45                        52     -7       52

PRECIPITATION (IN)
  YESTERDAY        0.00          0.89 1991   0.09  -0.09     0.00
  MONTH TO DATE    4.14                      2.22   1.92     0.57
  SINCE MAR 1      5.21                      3.68   1.53     0.73
  SINCE JAN 1      6.08                      4.78   1.30     1.34

SNOWFALL (IN)
  YESTERDAY        0.0           5.3  1950   0.1   -0.1      0.0
  MONTH TO DATE    T                         4.0   -4.0       T
  SINCE MAR 1      2.3                      12.9  -10.6      1.2
  SINCE JUL 1     33.0                      43.9  -10.9     22.8
  SNOW DEPTH       0

DEGREE DAYS
 HEATING
  YESTERDAY       20                        13      7       13
  MONTH TO DATE  511                       546    -35      439
  SINCE MAR 1   1258                      1533   -275     1297
  SINCE JUL 1   6334                      7365  -1031     7234

 COOLING
  YESTERDAY        0                         0      0        0
  MONTH TO DATE    1                         0      1        0
  SINCE MAR 1      1                         0      1        2
  SINCE JAN 1      1                         0      1        2
..................................................................


WIND (MPH)
  HIGHEST WIND SPEED    20   HIGHEST WIND DIRECTION    SE (120)
  HIGHEST GUST SPEED    24   HIGHEST GUST DIRECTION     E (80)
  AVERAGE WIND SPEED     8.0


SKY COVER
  POSSIBLE SUNSHINE  MM
  AVERAGE SKY COVER 0.8


WEATHER CONDITIONS
 THE FOLLOWING WEATHER WAS RECORDED YESTERDAY.
  NO SIGNIFICANT WEATHER WAS OBSERVED.


RELATIVE HUMIDITY (PERCENT)
 HIGHEST   100           100 AM
 LOWEST     59          1200 PM
 AVERAGE    80

..........................................................


THE HURON SD CLIMATE NORMALS FOR TODAY
                         NORMAL    RECORD    YEAR
 MAXIMUM TEMPERATURE (F)   66        95      1992
 MINIMUM TEMPERATURE (F)   40        14      1950


SUNRISE AND SUNSET
APRIL 30 2016.........SUNRISE   624 AM CDT   SUNSET   836 PM CDT
MAY  1 2016...........SUNRISE   623 AM CDT   SUNSET   838 PM CDT


-  INDICATES NEGATIVE NUMBERS.
R  INDICATES RECORD WAS SET OR TIED.
MM INDICATES DATA IS MISSING.
T  INDICATES TRACE AMOUNT.




$$
