000
CDUS43 KFSD 010624
CLIHON


CLIMATE REPORT
NATIONAL WEATHER SERVICE SIOUX FALLS SD
1223 AM CST SUN MAR 1 2015


...................................

...THE HURON SD CLIMATE SUMMARY FOR FEBRUARY 28 2015...

CLIMATE NORMAL PERIOD 1981 TO 2010
CLIMATE RECORD PERIOD 1881 TO 2015


WEATHER ITEM   OBSERVED TIME   RECORD YEAR NORMAL DEPARTURE LAST
                VALUE   (LST)  VALUE       VALUE  FROM      YEAR
                                                  NORMAL
..................................................................
TEMPERATURE (F)
 YESTERDAY
  MAXIMUM         32    541 PM  63    1905  36     -4       21
  MINIMUM          5    751 AM -39    1962  16    -11        5
  AVERAGE         19                        26     -7       13

PRECIPITATION (IN)
  YESTERDAY        0.00          1.20 1930   0.03  -0.03     0.02
  MONTH TO DATE    0.26                      0.60  -0.34     0.41
  SINCE DEC 1      1.31                      1.62  -0.31     1.57
  SINCE JAN 1      0.61                      1.10  -0.49     0.56

SNOWFALL (IN)
  YESTERDAY        0.0          10.1  2007   0.3   -0.3      0.2
  MONTH TO DATE    4.0                       7.4   -3.4      5.7
  SINCE DEC 1     13.7                      22.7   -9.0     19.2
  SINCE JUL 1     21.6                      31.0   -9.4     21.7
  SNOW DEPTH       3

DEGREE DAYS
 HEATING
  YESTERDAY       46                        39      7       52
  MONTH TO DATE 1379                      1215    164     1443
  SINCE DEC 1   4079                      4130    -51     4683
  SINCE JUL 1   5936                      5832    104     6320

 COOLING
  YESTERDAY        0                         0      0        0
  MONTH TO DATE    0                         0      0        0
  SINCE DEC 1      0                         0      0        0
  SINCE JAN 1      0                         0      0        0
..................................................................


WIND (MPH)
  HIGHEST WIND SPEED    21   HIGHEST WIND DIRECTION     S (200)
  HIGHEST GUST SPEED    27   HIGHEST GUST DIRECTION     S (200)
  AVERAGE WIND SPEED    12.8


SKY COVER
  POSSIBLE SUNSHINE  MM
  AVERAGE SKY COVER 0.1


WEATHER CONDITIONS
 THE FOLLOWING WEATHER WAS RECORDED YESTERDAY.
  NO SIGNIFICANT WEATHER WAS OBSERVED.


RELATIVE HUMIDITY (PERCENT)
 HIGHEST    92           900 PM
 LOWEST     45           400 PM
 AVERAGE    69

..........................................................


THE HURON SD CLIMATE NORMALS FOR TODAY
                         NORMAL    RECORD    YEAR
 MAXIMUM TEMPERATURE (F)   37        74      1992
 MINIMUM TEMPERATURE (F)   17       -20      2009


SUNRISE AND SUNSET
MARCH  1 2015.........SUNRISE   710 AM CST   SUNSET   621 PM CST
MARCH  2 2015.........SUNRISE   709 AM CST   SUNSET   622 PM CST


-  INDICATES NEGATIVE NUMBERS.
R  INDICATES RECORD WAS SET OR TIED.
MM INDICATES DATA IS MISSING.
T  INDICATES TRACE AMOUNT.




$$
