000
CDUS43 KFSD 240632
CLIHON


CLIMATE REPORT
NATIONAL WEATHER SERVICE SIOUX FALLS SD
132 AM CDT TUE MAR 24 2015


...................................

...THE HURON SD CLIMATE SUMMARY FOR MARCH 23 2015...

CLIMATE NORMAL PERIOD 1981 TO 2010
CLIMATE RECORD PERIOD 1881 TO 2015


WEATHER ITEM   OBSERVED TIME   RECORD YEAR NORMAL DEPARTURE LAST
                VALUE   (LST)  VALUE       VALUE  FROM      YEAR
                                                  NORMAL
..................................................................
TEMPERATURE (F)
 YESTERDAY
  MAXIMUM         49    425 PM  85    1910  47      2       34
  MINIMUM         17    238 AM -15    1899  25     -8        9
  AVERAGE         33                        36     -3       22

PRECIPITATION (IN)
  YESTERDAY        0.00          0.91 1937   0.06  -0.06     0.01
  MONTH TO DATE    0.13                      0.96  -0.83     0.38
  SINCE MAR 1      0.13                      0.96  -0.83     0.38
  SINCE JAN 1      0.74                      2.06  -1.32     0.94

SNOWFALL (IN)
  YESTERDAY        0.0          12.0  1975   0.3   -0.3      0.1
  MONTH TO DATE    1.2                       7.0   -5.8      3.6
  SINCE MAR 1      1.2                       7.0   -5.8      3.6
  SINCE JUL 1     22.8                      38.0  -15.2     25.3
  SNOW DEPTH       0

DEGREE DAYS
 HEATING
  YESTERDAY       32                        29      3       43
  MONTH TO DATE  660                       772   -112      849
  SINCE MAR 1    660                       772   -112      849
  SINCE JUL 1   6597                      6604     -7     7169

 COOLING
  YESTERDAY        0                         0      0        0
  MONTH TO DATE    2                         0      2        0
  SINCE MAR 1      2                         0      2        0
  SINCE JAN 1      2                         0      2        0
..................................................................


WIND (MPH)
  HIGHEST WIND SPEED    22   HIGHEST WIND DIRECTION     S (160)
  HIGHEST GUST SPEED    31   HIGHEST GUST DIRECTION    SE (150)
  AVERAGE WIND SPEED    11.9


SKY COVER
  POSSIBLE SUNSHINE  MM
  AVERAGE SKY COVER 0.4


WEATHER CONDITIONS
 THE FOLLOWING WEATHER WAS RECORDED YESTERDAY.
  FOG


RELATIVE HUMIDITY (PERCENT)
 HIGHEST   100           300 AM
 LOWEST     49           300 PM
 AVERAGE    75

..........................................................


THE HURON SD CLIMATE NORMALS FOR TODAY
                         NORMAL    RECORD    YEAR
 MAXIMUM TEMPERATURE (F)   48        80      1907
 MINIMUM TEMPERATURE (F)   26        -2      1952


SUNRISE AND SUNSET
MARCH 24 2015.........SUNRISE   729 AM CDT   SUNSET   750 PM CDT
MARCH 25 2015.........SUNRISE   727 AM CDT   SUNSET   751 PM CDT


-  INDICATES NEGATIVE NUMBERS.
R  INDICATES RECORD WAS SET OR TIED.
MM INDICATES DATA IS MISSING.
T  INDICATES TRACE AMOUNT.




$$
