000
CDUS43 KFSD 152235
CLIHON


CLIMATE REPORT
NATIONAL WEATHER SERVICE SIOUX FALLS SD
534 PM CDT MON MAY 15 2017


...................................

...THE HURON SD CLIMATE SUMMARY FOR MAY 15 2017...
VALID TODAY AS OF 0500 PM LOCAL TIME.

CLIMATE NORMAL PERIOD 1981 TO 2010
CLIMATE RECORD PERIOD 1881 TO 2017


WEATHER ITEM   OBSERVED TIME   RECORD YEAR NORMAL DEPARTURE LAST
                VALUE   (LST)  VALUE       VALUE  FROM      YEAR
                                                  NORMAL
..................................................................
TEMPERATURE (F)
 TODAY
  MAXIMUM         79    356 PM  96    1931  70      9       68
                                      1894
  MINIMUM         52    831 AM  24    2014  46      6       33
                                      1959
  AVERAGE         66                        58      8       51

PRECIPITATION (IN)
  TODAY            0.28          1.55 1962   0.09   0.19     0.00
  MONTH TO DATE    0.32                      1.40  -1.08     0.94
  SINCE MAR 1      2.27                      5.17  -2.90     6.15
  SINCE JAN 1      3.07                      6.27  -3.20     7.02

SNOWFALL (IN)
  TODAY            0.0           T    1929   0.0    0.0      0.0
                                      1916
  MONTH TO DATE    0.0                       0.1   -0.1      0.0
  SINCE MAR 1     13.9                      13.0    0.9      2.3
  SINCE JUL 1     35.9                      44.0   -8.1     33.0
  SNOW DEPTH       0

DEGREE DAYS
 HEATING
  TODAY            0                         8     -8       14
  MONTH TO DATE   88                       151    -63      148
  SINCE MAR 1   1578                      1697   -119     1424
  SINCE JUL 1   6727                      7529   -802     6500

 COOLING
  TODAY            1                         1      0        0
  MONTH TO DATE   16                        12      4       10
  SINCE MAR 1     16                        16      0       11
  SINCE JAN 1     16                        16      0       11
..................................................................


WIND (MPH)
  HIGHEST WIND SPEED    31   HIGHEST WIND DIRECTION     N (360)
  HIGHEST GUST SPEED    41   HIGHEST GUST DIRECTION     N (360)
  AVERAGE WIND SPEED    11.3


SKY COVER
  POSSIBLE SUNSHINE  MM
  AVERAGE SKY COVER 0.3


WEATHER CONDITIONS
 THE FOLLOWING WEATHER WAS RECORDED TODAY.
  RAIN
  LIGHT RAIN
  FOG


RELATIVE HUMIDITY (PERCENT)
 HIGHEST    83           900 AM
 LOWEST     39           500 AM
 AVERAGE    61

..........................................................


THE HURON SD CLIMATE NORMALS FOR TOMORROW
                         NORMAL    RECORD    YEAR
 MAXIMUM TEMPERATURE (F)   70        98      1934
 MINIMUM TEMPERATURE (F)   46        29      1929
                                             1891


SUNRISE AND SUNSET
MAY 15 2017...........SUNRISE   605 AM CDT   SUNSET   854 PM CDT
MAY 16 2017...........SUNRISE   604 AM CDT   SUNSET   855 PM CDT


-  INDICATES NEGATIVE NUMBERS.
R  INDICATES RECORD WAS SET OR TIED.
MM INDICATES DATA IS MISSING.
T  INDICATES TRACE AMOUNT.




$$
