000
CDUS43 KFSD 272231
CLIHON


CLIMATE REPORT
NATIONAL WEATHER SERVICE SIOUX FALLS SD
430 PM CST FRI FEB 27 2015


...................................

...THE HURON SD CLIMATE SUMMARY FOR FEBRUARY 27 2015...
VALID TODAY AS OF 0400 PM LOCAL TIME.

CLIMATE NORMAL PERIOD 1981 TO 2010
CLIMATE RECORD PERIOD 1881 TO 2015


WEATHER ITEM   OBSERVED TIME   RECORD YEAR NORMAL DEPARTURE LAST
                VALUE   (LST)  VALUE       VALUE  FROM      YEAR
                                                  NORMAL
..................................................................
TEMPERATURE (F)
 TODAY
  MAXIMUM         19    359 PM  68    1895  36    -17       11
  MINIMUM        -18    735 AM -36    1962  16    -34      -13
  AVERAGE          1                        26    -25       -1

PRECIPITATION (IN)
  TODAY            0.00          1.21 1958   0.03  -0.03     0.00
  MONTH TO DATE    0.26                      0.57  -0.31     0.39
  SINCE DEC 1      1.31                      1.59  -0.28     1.55
  SINCE JAN 1      0.61                      1.07  -0.46     0.54

SNOWFALL (IN)
  TODAY            0.0           6.2  1969   0.3   -0.3      0.0
  MONTH TO DATE    4.0                       7.1   -3.1      5.5
  SINCE DEC 1     13.7                      22.4   -8.7     19.0
  SINCE JUL 1     21.6                      30.7   -9.1     21.5
  SNOW DEPTH       3

DEGREE DAYS
 HEATING
  TODAY           64                        39     25       66
  MONTH TO DATE 1333                      1176    157     1391
  SINCE DEC 1   4033                      4091    -58     4631
  SINCE JUL 1   5890                      5793     97     6268

 COOLING
  TODAY            0                         0      0        0
  MONTH TO DATE    0                         0      0        0
  SINCE DEC 1      0                         0      0        0
  SINCE JAN 1      0                         0      0        0
..................................................................


WIND (MPH)
  HIGHEST WIND SPEED    13   HIGHEST WIND DIRECTION    SE (130)
  HIGHEST GUST SPEED    16   HIGHEST GUST DIRECTION    SE (150)
  AVERAGE WIND SPEED     3.9


SKY COVER
  POSSIBLE SUNSHINE  MM
  AVERAGE SKY COVER 0.0


WEATHER CONDITIONS
 THE FOLLOWING WEATHER WAS RECORDED TODAY.
  FOG
  HAZE


RELATIVE HUMIDITY (PERCENT)
 HIGHEST    91           600 AM
 LOWEST     54           300 PM
 AVERAGE    73

..........................................................


THE HURON SD CLIMATE NORMALS FOR TOMORROW
                         NORMAL    RECORD    YEAR
 MAXIMUM TEMPERATURE (F)   36        63      1905
 MINIMUM TEMPERATURE (F)   16       -39      1962


SUNRISE AND SUNSET
FEBRUARY 27 2015......SUNRISE   714 AM CST   SUNSET   618 PM CST
FEBRUARY 28 2015......SUNRISE   712 AM CST   SUNSET   619 PM CST


-  INDICATES NEGATIVE NUMBERS.
R  INDICATES RECORD WAS SET OR TIED.
MM INDICATES DATA IS MISSING.
T  INDICATES TRACE AMOUNT.




$$
