000
CDUS43 KFSD 180645
CLIHON


CLIMATE REPORT
NATIONAL WEATHER SERVICE SIOUX FALLS SD
145 AM CDT SUN JUN 18 2017


...................................

...THE HURON SD CLIMATE SUMMARY FOR JUNE 17 2017...

CLIMATE NORMAL PERIOD 1981 TO 2010
CLIMATE RECORD PERIOD 1881 TO 2017


WEATHER ITEM   OBSERVED TIME   RECORD YEAR NORMAL DEPARTURE LAST
                VALUE   (LST)  VALUE       VALUE  FROM      YEAR
                                                  NORMAL
..................................................................
TEMPERATURE (F)
 YESTERDAY
  MAXIMUM         73   1200 PM  99    1940  80     -7       95
                                      1933
  MINIMUM         55   1159 PM  40    1974  57     -2       71
  AVERAGE         64                        68     -4       83

PRECIPITATION (IN)
  YESTERDAY        0.01          3.62 1908   0.14  -0.13     0.00
  MONTH TO DATE    2.13                      2.37  -0.24     1.88
  SINCE JUN 1      2.13                      2.37  -0.24     1.88
  SINCE JAN 1      6.22                     10.35  -4.13    10.69

SNOWFALL (IN)
  YESTERDAY        0.0           0.0    MM   0.0    0.0      0.0
  MONTH TO DATE    0.0                       0.0    0.0      0.0
  SINCE JUN 1      0.0                       0.0    0.0      0.0
  SINCE JUL 1     35.9                      43.9   -8.0     33.0
  SNOW DEPTH       0

DEGREE DAYS
 HEATING
  YESTERDAY        1                         1      0        0
  MONTH TO DATE    2                        40    -38       17
  SINCE JUN 1      2                        40    -38       17
  SINCE JUL 1   6882                      7661   -779     6569

 COOLING
  YESTERDAY        0                         5     -5       18
  MONTH TO DATE  129                        53     76      129
  SINCE JUN 1    129                        53     76      129
  SINCE JAN 1    150                        86     64      160
..................................................................


WIND (MPH)
  HIGHEST WIND SPEED    32   HIGHEST WIND DIRECTION     W (290)
  HIGHEST GUST SPEED    41   HIGHEST GUST DIRECTION     W (290)
  AVERAGE WIND SPEED    11.1


SKY COVER
  POSSIBLE SUNSHINE  MM
  AVERAGE SKY COVER 0.5


WEATHER CONDITIONS
 THE FOLLOWING WEATHER WAS RECORDED YESTERDAY.
  THUNDERSTORM
  LIGHT RAIN


RELATIVE HUMIDITY (PERCENT)
 HIGHEST    93          1100 PM
 LOWEST     53          1100 AM
 AVERAGE    73

..........................................................


THE HURON SD CLIMATE NORMALS FOR TODAY
                         NORMAL    RECORD    YEAR
 MAXIMUM TEMPERATURE (F)   81       102      1933
 MINIMUM TEMPERATURE (F)   57        37      1976


SUNRISE AND SUNSET
JUNE 18 2017..........SUNRISE   548 AM CDT   SUNSET   920 PM CDT
JUNE 19 2017..........SUNRISE   548 AM CDT   SUNSET   920 PM CDT


-  INDICATES NEGATIVE NUMBERS.
R  INDICATES RECORD WAS SET OR TIED.
MM INDICATES DATA IS MISSING.
T  INDICATES TRACE AMOUNT.




$$
