000
CDUS43 KFSD 120650
CLIHON


CLIMATE REPORT
NATIONAL WEATHER SERVICE SIOUX FALLS SD
1250 AM CST SUN FEB 12 2017


...................................

...THE HURON SD CLIMATE SUMMARY FOR FEBRUARY 11 2017...

CLIMATE NORMAL PERIOD 1981 TO 2010
CLIMATE RECORD PERIOD 1881 TO 2017


WEATHER ITEM   OBSERVED TIME   RECORD YEAR NORMAL DEPARTURE LAST
                VALUE   (LST)  VALUE       VALUE  FROM      YEAR
                                                  NORMAL
..................................................................
TEMPERATURE (F)
 YESTERDAY
  MAXIMUM         45    143 PM  64    1987  31     14       24
  MINIMUM         34    748 AM -36    1899  10     24       15
  AVERAGE         40                        20     20       20

PRECIPITATION (IN)
  YESTERDAY        0.14          0.38 1992   0.02   0.12     0.05
  MONTH TO DATE    0.14                      0.21  -0.07     0.13
  SINCE DEC 1      2.11                      1.23   0.88     1.70
  SINCE JAN 1      0.72                      0.71   0.01     0.42

SNOWFALL (IN)
  YESTERDAY        0.0           6.5  1992   0.2   -0.2      0.4
  MONTH TO DATE    T                         2.7   -2.7      1.4
  SINCE DEC 1     17.0                      18.0   -1.0     21.0
  SINCE JUL 1     21.7                      26.3   -4.6     26.6
  SNOW DEPTH       0

DEGREE DAYS
 HEATING
  YESTERDAY       25                        45    -20       45
  MONTH TO DATE  485                       506    -21      440
  SINCE DEC 1   3480                      3421     59     3188
  SINCE JUL 1   4688                      5123   -435     4478

 COOLING
  YESTERDAY        0                         0      0        0
  MONTH TO DATE    0                         0      0        0
  SINCE DEC 1      0                         0      0        0
  SINCE JAN 1      0                         0      0        0
..................................................................


WIND (MPH)
  HIGHEST WIND SPEED    24   HIGHEST WIND DIRECTION    NW (310)
  HIGHEST GUST SPEED    31   HIGHEST GUST DIRECTION    NW (300)
  AVERAGE WIND SPEED     6.6


SKY COVER
  POSSIBLE SUNSHINE  MM
  AVERAGE SKY COVER 0.9


WEATHER CONDITIONS
 THE FOLLOWING WEATHER WAS RECORDED YESTERDAY.
  LIGHT RAIN


RELATIVE HUMIDITY (PERCENT)
 HIGHEST   100           500 PM
 LOWEST     70           100 PM
 AVERAGE    85

..........................................................


THE HURON SD CLIMATE NORMALS FOR TODAY
                         NORMAL    RECORD    YEAR
 MAXIMUM TEMPERATURE (F)   31        59      2005
 MINIMUM TEMPERATURE (F)   10       -30      1905
                                             1887


SUNRISE AND SUNSET
FEBRUARY 12 2017......SUNRISE   737 AM CST   SUNSET   558 PM CST
FEBRUARY 13 2017......SUNRISE   735 AM CST   SUNSET   600 PM CST


-  INDICATES NEGATIVE NUMBERS.
R  INDICATES RECORD WAS SET OR TIED.
MM INDICATES DATA IS MISSING.
T  INDICATES TRACE AMOUNT.




$$
