000
CDUS43 KFSD 100640
CLIHON


CLIMATE REPORT
NATIONAL WEATHER SERVICE SIOUX FALLS SD
1239 AM CST SUN DEC 10 2017


...................................

...THE HURON SD CLIMATE SUMMARY FOR DECEMBER 9 2017...

CLIMATE NORMAL PERIOD 1981 TO 2010
CLIMATE RECORD PERIOD 1881 TO 2017


WEATHER ITEM   OBSERVED TIME   RECORD YEAR NORMAL DEPARTURE LAST
                VALUE   (LST)  VALUE       VALUE  FROM      YEAR
                                                  NORMAL
..................................................................
TEMPERATURE (F)
 YESTERDAY
  MAXIMUM         35   1159 PM  64    1939  30      5        7
  MINIMUM         19    448 AM -24    1955  11      8       -5
  AVERAGE         27                        21      6        1

PRECIPITATION (IN)
  YESTERDAY        0.00          0.23 1918   0.02  -0.02     0.01
  MONTH TO DATE    0.16                      0.16   0.00     0.02
  SINCE DEC 1      0.16                      0.16   0.00     0.02
  SINCE JAN 1     20.30                     22.54  -2.24    18.15

SNOWFALL (IN)
  YESTERDAY        0.0           2.0  1893   0.3   -0.3       T
  MONTH TO DATE    2.1                       2.3   -0.2       T
  SINCE DEC 1      2.1                       2.3   -0.2       T
  SINCE JUL 1      3.4                      10.6   -7.2      4.7
  SNOW DEPTH       1

DEGREE DAYS
 HEATING
  YESTERDAY       38                        44     -6       64
  MONTH TO DATE  335                       384    -49      394
  SINCE DEC 1    335                       384    -49      394
  SINCE JUL 1   1900                      2086   -186     1602

 COOLING
  YESTERDAY        0                         0      0        0
  MONTH TO DATE    0                         0      0        0
  SINCE DEC 1      0                         0      0        0
  SINCE JAN 1    730                       742    -12      887
..................................................................


WIND (MPH)
  HIGHEST WIND SPEED    21   HIGHEST WIND DIRECTION     N (360)
  HIGHEST GUST SPEED    27   HIGHEST GUST DIRECTION     N (350)
  AVERAGE WIND SPEED     9.8


SKY COVER
  POSSIBLE SUNSHINE  MM
  AVERAGE SKY COVER 0.4


WEATHER CONDITIONS
 THE FOLLOWING WEATHER WAS RECORDED YESTERDAY.
  NO SIGNIFICANT WEATHER WAS OBSERVED.


RELATIVE HUMIDITY (PERCENT)
 HIGHEST    92           500 AM
 LOWEST     72          1200 AM
 AVERAGE    82

..........................................................


THE HURON SD CLIMATE NORMALS FOR TODAY
                         NORMAL    RECORD    YEAR
 MAXIMUM TEMPERATURE (F)   30        59      1979
 MINIMUM TEMPERATURE (F)   11       -21      1917


SUNRISE AND SUNSET
DECEMBER 10 2017......SUNRISE   758 AM CST   SUNSET   453 PM CST
DECEMBER 11 2017......SUNRISE   759 AM CST   SUNSET   453 PM CST


-  INDICATES NEGATIVE NUMBERS.
R  INDICATES RECORD WAS SET OR TIED.
MM INDICATES DATA IS MISSING.
T  INDICATES TRACE AMOUNT.




$$
