000
CDUS43 KFSD 080632
CLIHON


CLIMATE REPORT
NATIONAL WEATHER SERVICE SIOUX FALLS SD
1231 AM CST FRI DEC 8 2017


...................................

...THE HURON SD CLIMATE SUMMARY FOR DECEMBER 7 2017...

CLIMATE NORMAL PERIOD 1981 TO 2010
CLIMATE RECORD PERIOD 1881 TO 2017


WEATHER ITEM   OBSERVED TIME   RECORD YEAR NORMAL DEPARTURE LAST
                VALUE   (LST)  VALUE       VALUE  FROM      YEAR
                                                  NORMAL
..................................................................
TEMPERATURE (F)
 YESTERDAY
  MAXIMUM         30   1159 PM  60    1918  31     -1       17
  MINIMUM          0    713 AM -21    1976  12    -12        7
  AVERAGE         15                        21     -6       12

PRECIPITATION (IN)
  YESTERDAY        0.00          0.33 1963   0.02  -0.02      T
  MONTH TO DATE    0.16                      0.13   0.03     0.01
  SINCE DEC 1      0.16                      0.13   0.03     0.01
  SINCE JAN 1     20.30                     22.51  -2.21    18.14

SNOWFALL (IN)
  YESTERDAY        0.0           3.9  1963   0.3   -0.3       T
  MONTH TO DATE    2.1                       1.8    0.3       T
  SINCE DEC 1      2.1                       1.8    0.3       T
  SINCE JUL 1      3.4                      10.1   -6.7      4.7
  SNOW DEPTH       2

DEGREE DAYS
 HEATING
  YESTERDAY       50                        44      6       53
  MONTH TO DATE  262                       296    -34      273
  SINCE DEC 1    262                       296    -34      273
  SINCE JUL 1   1827                      1998   -171     1481

 COOLING
  YESTERDAY        0                         0      0        0
  MONTH TO DATE    0                         0      0        0
  SINCE DEC 1      0                         0      0        0
  SINCE JAN 1    730                       742    -12      887
..................................................................


WIND (MPH)
  HIGHEST WIND SPEED    15   HIGHEST WIND DIRECTION    NW (310)
  HIGHEST GUST SPEED    19   HIGHEST GUST DIRECTION    NW (310)
  AVERAGE WIND SPEED     9.3


SKY COVER
  POSSIBLE SUNSHINE  MM
  AVERAGE SKY COVER 0.2


WEATHER CONDITIONS
 THE FOLLOWING WEATHER WAS RECORDED YESTERDAY.
  NO SIGNIFICANT WEATHER WAS OBSERVED.


RELATIVE HUMIDITY (PERCENT)
 HIGHEST    95           700 AM
 LOWEST     73          1100 AM
 AVERAGE    84

..........................................................


THE HURON SD CLIMATE NORMALS FOR TODAY
                         NORMAL    RECORD    YEAR
 MAXIMUM TEMPERATURE (F)   31        60      1939
 MINIMUM TEMPERATURE (F)   11       -22      1976
                                             1927


SUNRISE AND SUNSET
DECEMBER  8 2017......SUNRISE   756 AM CST   SUNSET   453 PM CST
DECEMBER  9 2017......SUNRISE   757 AM CST   SUNSET   453 PM CST


-  INDICATES NEGATIVE NUMBERS.
R  INDICATES RECORD WAS SET OR TIED.
MM INDICATES DATA IS MISSING.
T  INDICATES TRACE AMOUNT.




$$
