000
CDUS43 KFSD 262242
CLIHON


CLIMATE REPORT
NATIONAL WEATHER SERVICE SIOUX FALLS SD
442 PM CST SAT NOV 26 2016


...................................

...THE HURON SD CLIMATE SUMMARY FOR NOVEMBER 26 2016...
VALID TODAY AS OF 0400 PM LOCAL TIME.

CLIMATE NORMAL PERIOD 1981 TO 2010
CLIMATE RECORD PERIOD 1881 TO 2016


WEATHER ITEM   OBSERVED TIME   RECORD YEAR NORMAL DEPARTURE LAST
                VALUE   (LST)  VALUE       VALUE  FROM      YEAR
                                                  NORMAL
..................................................................
TEMPERATURE (F)
 TODAY
  MAXIMUM         52    311 PM  67    1998  36     16       28
  MINIMUM         22    739 AM -17    1985  17      5       11
  AVERAGE         37                        27     10       20

PRECIPITATION (IN)
  TODAY            0.00          0.95 2001   0.02  -0.02      T
  MONTH TO DATE    0.22                      0.79  -0.57     1.02
  SINCE SEP 1      2.56                      5.04  -2.48     4.69
  SINCE JAN 1     17.11                     22.30  -5.19    23.88

SNOWFALL (IN)
  TODAY            0.0           9.5  2001   0.3   -0.3      0.2
  MONTH TO DATE    3.9                       6.1   -2.2      0.2
  SINCE SEP 1      3.9                       7.2   -3.3      0.2
  SINCE JUL 1      3.9                       7.2   -3.3      0.2
  SNOW DEPTH       0

DEGREE DAYS
 HEATING
  TODAY           28                        38    -10       45
  MONTH TO DATE  575                       812   -237      617
  SINCE SEP 1   1067                      1513   -446     1091
  SINCE JUL 1   1084                      1542   -458     1131

 COOLING
  TODAY            0                         0      0        0
  MONTH TO DATE    0                         0      0        0
  SINCE SEP 1     81                        73      8      141
  SINCE JAN 1    887                       742    145      797
..................................................................


WIND (MPH)
  HIGHEST WIND SPEED    13   HIGHEST WIND DIRECTION     S (160)
  HIGHEST GUST SPEED    18   HIGHEST GUST DIRECTION     S (160)
  AVERAGE WIND SPEED     5.8


SKY COVER
  POSSIBLE SUNSHINE  MM
  AVERAGE SKY COVER 0.0


WEATHER CONDITIONS
 THE FOLLOWING WEATHER WAS RECORDED TODAY.
  NO SIGNIFICANT WEATHER WAS OBSERVED.


RELATIVE HUMIDITY (PERCENT)
 HIGHEST   100           600 AM
 LOWEST     52           200 PM
 AVERAGE    76

..........................................................


THE HURON SD CLIMATE NORMALS FOR TOMORROW
                         NORMAL    RECORD    YEAR
 MAXIMUM TEMPERATURE (F)   36        59      1998
 MINIMUM TEMPERATURE (F)   16       -26      1887


SUNRISE AND SUNSET
NOVEMBER 26 2016......SUNRISE   744 AM CST   SUNSET   457 PM CST
NOVEMBER 27 2016......SUNRISE   745 AM CST   SUNSET   456 PM CST


-  INDICATES NEGATIVE NUMBERS.
R  INDICATES RECORD WAS SET OR TIED.
MM INDICATES DATA IS MISSING.
T  INDICATES TRACE AMOUNT.




$$
