000
CDUS43 KFSD 240049
CLIHON


CLIMATE REPORT
NATIONAL WEATHER SERVICE SIOUX FALLS SD
748 PM CDT WED JUL 23 2014


...................................

...THE HURON SD CLIMATE SUMMARY FOR JULY 23 2014...
VALID AS OF 0700 PM LOCAL TIME.

CLIMATE NORMAL PERIOD 1981 TO 2010
CLIMATE RECORD PERIOD 1881 TO 2014


WEATHER ITEM   OBSERVED TIME   RECORD YEAR NORMAL DEPARTURE LAST
                VALUE   (LST)  VALUE       VALUE  FROM      YEAR
                                                  NORMAL
..................................................................
TEMPERATURE (F)
 TODAY
  MAXIMUM         82    317 PM 109    2005  87     -5       76
  MINIMUM         60    533 AM  44    1904  62     -2       57
                                      1887
  AVERAGE         71                        74     -3       67

PRECIPITATION (IN)
  TODAY            0.00          1.57 1926   0.11  -0.11      T
  MONTH TO DATE    3.45                      2.09   1.36     1.85
  SINCE JUN 1      5.82                      6.02  -0.20     5.31
  SINCE JAN 1     10.31                     14.00  -3.69    15.90

SNOWFALL (IN)
  TODAY            0.0           0.0    MM   0.0    0.0      0.0
  MONTH TO DATE    0.0                       0.0    0.0      0.0
  SINCE JUN 1      0.0                       0.0    0.0      0.0
  SINCE JUL 1      0.0                       0.0    0.0      0.0
  SNOW DEPTH       0

DEGREE DAYS
 HEATING
  TODAY            0                         0      0        0
  MONTH TO DATE   16                         0     16        0
  SINCE JUN 1     56                        51      5       66
  SINCE JUL 1     16                         0     16        0

 COOLING
  TODAY            6                         9     -3        2
  MONTH TO DATE  148                       201    -53      240
  SINCE JUN 1    251                       334    -83      375
  SINCE JAN 1    313                       367    -54      413
..................................................................


WIND (MPH)
  HIGHEST WIND SPEED    14   HIGHEST WIND DIRECTION     E (90)
  HIGHEST GUST SPEED    17   HIGHEST GUST DIRECTION     E (90)
  AVERAGE WIND SPEED     7.2


SKY COVER
  POSSIBLE SUNSHINE  MM
  AVERAGE SKY COVER 0.0


WEATHER CONDITIONS
 THE FOLLOWING WEATHER WAS RECORDED TODAY.
  NO SIGNIFICANT WEATHER WAS OBSERVED.


RELATIVE HUMIDITY (PERCENT)
 HIGHEST    MM
 LOWEST     MM
 AVERAGE    MM

..........................................................


THE HURON SD CLIMATE NORMALS FOR TOMORROW
                         NORMAL    RECORD    YEAR
 MAXIMUM TEMPERATURE (F)   86       110      1940
 MINIMUM TEMPERATURE (F)   62        41      1891


SUNRISE AND SUNSET
JULY 23 2014..........SUNRISE   610 AM CDT   SUNSET   908 PM CDT
JULY 24 2014..........SUNRISE   611 AM CDT   SUNSET   907 PM CDT


-  INDICATES NEGATIVE NUMBERS.
R  INDICATES RECORD WAS SET OR TIED.
MM INDICATES DATA IS MISSING.
T  INDICATES TRACE AMOUNT.



&&
.........................................................

ADDITIONAL WEATHER INFORMATION FOR TODAY
        TEMPERATURE / HUMIDITY
AT  4 AM      61    /    89%
AT  7 AM      61    /    86%
AT 10 AM      72    /    63%
AT  1 PM      79    /    43%
AT  4 PM      81    /    40%
AT  7 PM      79    /    43%

$$
