000
CDUS43 KFSD 140634
CLIHON


CLIMATE REPORT
NATIONAL WEATHER SERVICE SIOUX FALLS SD
132 AM CDT THU JUL 14 2016


...................................

...THE HURON SD CLIMATE SUMMARY FOR JULY 13 2016...

CLIMATE NORMAL PERIOD 1981 TO 2010
CLIMATE RECORD PERIOD 1881 TO 2016


WEATHER ITEM   OBSERVED TIME   RECORD YEAR NORMAL DEPARTURE LAST
                VALUE   (LST)  VALUE       VALUE  FROM      YEAR
                                                  NORMAL
..................................................................
TEMPERATURE (F)
 YESTERDAY
  MAXIMUM         87        MM 106    1974  86      1       94
  MINIMUM         56        MM  44    1967  62     -6       65
  AVERAGE         72                        74     -2       80

PRECIPITATION (IN)
  YESTERDAY        0.00          1.33 1970   0.09  -0.09     0.06
  MONTH TO DATE    0.49                      1.14  -0.65     1.35
  SINCE JUN 1      2.40                      5.07  -2.67     5.95
  SINCE JAN 1     11.21                     13.05  -1.84    11.89

SNOWFALL (IN)
  YESTERDAY        0.0           0.0    MM   0.0    0.0      0.0
  MONTH TO DATE    0.0                       0.0    0.0      0.0
  SINCE JUN 1      0.0                       0.0    0.0       T
  SINCE JUL 1      0.0                       0.0    0.0      0.0
  SNOW DEPTH       0

DEGREE DAYS
 HEATING
  YESTERDAY        0                         0      0        0
  MONTH TO DATE    6                         0      6        4
  SINCE JUN 1     23                        51    -28       15
  SINCE JUL 1      6                         0      6        4

 COOLING
  YESTERDAY        7                         9     -2       15
  MONTH TO DATE  101                       111    -10       99
  SINCE JUN 1    329                       244     85      249
  SINCE JAN 1    360                       277     83      269
..................................................................


WIND (MPH)
  HIGHEST WIND SPEED    24   HIGHEST WIND DIRECTION    NW (300)
  HIGHEST GUST SPEED    32   HIGHEST GUST DIRECTION    NW (300)
  AVERAGE WIND SPEED    11.0


SKY COVER
  POSSIBLE SUNSHINE  MM
  AVERAGE SKY COVER 0.1


WEATHER CONDITIONS
 THE FOLLOWING WEATHER WAS RECORDED YESTERDAY.
  NO SIGNIFICANT WEATHER WAS OBSERVED.


RELATIVE HUMIDITY (PERCENT)
 HIGHEST    80           200 AM
 LOWEST     29           300 PM
 AVERAGE    55

..........................................................


THE HURON SD CLIMATE NORMALS FOR TODAY
                         NORMAL    RECORD    YEAR
 MAXIMUM TEMPERATURE (F)   86       104      1931
 MINIMUM TEMPERATURE (F)   62        41      1967


SUNRISE AND SUNSET
JULY 14 2016..........SUNRISE   602 AM CDT   SUNSET   915 PM CDT
JULY 15 2016..........SUNRISE   603 AM CDT   SUNSET   914 PM CDT


-  INDICATES NEGATIVE NUMBERS.
R  INDICATES RECORD WAS SET OR TIED.
MM INDICATES DATA IS MISSING.
T  INDICATES TRACE AMOUNT.




$$
