000
CDUS43 KFSD 022304
CLIHON


CLIMATE REPORT
NATIONAL WEATHER SERVICE SIOUX FALLS SD
503 PM CST TUE FEB 2 2016


...................................

...THE HURON SD CLIMATE SUMMARY FOR FEBRUARY 2 2016...
VALID TODAY AS OF 0500 PM LOCAL TIME.

CLIMATE NORMAL PERIOD 1981 TO 2010
CLIMATE RECORD PERIOD 1881 TO 2016


WEATHER ITEM   OBSERVED TIME   RECORD YEAR NORMAL DEPARTURE LAST
                VALUE   (LST)  VALUE       VALUE  FROM      YEAR
                                                  NORMAL
..................................................................
TEMPERATURE (F)
 TODAY
  MAXIMUM         28    224 PM  65    1991  28      0       20
  MINIMUM         25    704 AM -36    1905   8     17       -8
  AVERAGE         27                        18      9        6

PRECIPITATION (IN)
  TODAY            0.03          0.53 2003   0.02   0.01     0.00
  MONTH TO DATE    0.03                      0.04  -0.01     0.02
  SINCE DEC 1      1.60                      1.06   0.54     1.07
  SINCE JAN 1      0.32                      0.54  -0.22     0.37

SNOWFALL (IN)
  TODAY            0.5           3.4  1974   0.3    0.2      0.0
                                      1936
  MONTH TO DATE    0.5                       0.5    0.0      0.4
  SINCE DEC 1     20.1                      15.8    4.3     10.1
  SINCE JUL 1     25.7                      24.1    1.6     18.0
  SNOW DEPTH       0

DEGREE DAYS
 HEATING
  TODAY           38                        47     -9       59
  MONTH TO DATE   75                        94    -19      122
  SINCE DEC 1   2823                      3009   -186     2822
  SINCE JUL 1   4113                      4711   -598     4679

 COOLING
  TODAY            0                         0      0        0
  MONTH TO DATE    0                         0      0        0
  SINCE DEC 1      0                         0      0        0
  SINCE JAN 1      0                         0      0        0
..................................................................


WIND (MPH)
  HIGHEST WIND SPEED    23   HIGHEST WIND DIRECTION    NE (30)
  HIGHEST GUST SPEED    29   HIGHEST GUST DIRECTION    NE (40)
  AVERAGE WIND SPEED    13.2


SKY COVER
  POSSIBLE SUNSHINE  MM
  AVERAGE SKY COVER 0.7


WEATHER CONDITIONS
 THE FOLLOWING WEATHER WAS RECORDED TODAY.
  LIGHT SNOW
  FOG


RELATIVE HUMIDITY (PERCENT)
 HIGHEST    92           400 PM
 LOWEST     75           800 AM
 AVERAGE    84

..........................................................


THE HURON SD CLIMATE NORMALS FOR TOMORROW
                         NORMAL    RECORD    YEAR
 MAXIMUM TEMPERATURE (F)   29        59      1962
 MINIMUM TEMPERATURE (F)    8       -31      1996


SUNRISE AND SUNSET
FEBRUARY  2 2016......SUNRISE   750 AM CST   SUNSET   543 PM CST
FEBRUARY  3 2016......SUNRISE   749 AM CST   SUNSET   544 PM CST


-  INDICATES NEGATIVE NUMBERS.
R  INDICATES RECORD WAS SET OR TIED.
MM INDICATES DATA IS MISSING.
T  INDICATES TRACE AMOUNT.




$$
