000
CDUS43 KFSD 092220
CLIHON


CLIMATE REPORT
NATIONAL WEATHER SERVICE SIOUX FALLS SD
519 PM CDT MON OCT 9 2017


...................................

...THE HURON SD CLIMATE SUMMARY FOR OCTOBER 9 2017...
VALID TODAY AS OF 0500 PM LOCAL TIME.

CLIMATE NORMAL PERIOD 1981 TO 2010
CLIMATE RECORD PERIOD 1881 TO 2017


WEATHER ITEM   OBSERVED TIME   RECORD YEAR NORMAL DEPARTURE LAST
                VALUE   (LST)  VALUE       VALUE  FROM      YEAR
                                                  NORMAL
..................................................................
TEMPERATURE (F)
 TODAY
  MAXIMUM         54   1258 AM  90    1980  64    -10       69
  MINIMUM         42    956 AM  16    1964  38      4       33
  AVERAGE         48                        51     -3       51

PRECIPITATION (IN)
  TODAY            0.00          1.25 1973   0.06  -0.06     0.00
  MONTH TO DATE    0.91                      0.59   0.32     0.78
  SINCE SEP 1      6.88                      3.05   3.83     2.07
  SINCE JAN 1     19.19                     20.31  -1.12    16.62

SNOWFALL (IN)
  TODAY            0.0           0.8  2009   0.0    0.0      0.0
  MONTH TO DATE    0.0                       0.1   -0.1      0.0
  SINCE SEP 1      0.0                       0.1   -0.1      0.0
  SINCE JUL 1      0.0                       0.1   -0.1      0.0
  SNOW DEPTH       0

DEGREE DAYS
 HEATING
  TODAY           17                        14      3       14
  MONTH TO DATE   97                       113    -16      100
  SINCE SEP 1    220                       280    -60      200
  SINCE JUL 1    229                       309    -80      217

 COOLING
  TODAY            0                         0      0        0
  MONTH TO DATE    2                         0      2        4
  SINCE SEP 1    109                        69     40       80
  SINCE JAN 1    729                       738     -9      886
..................................................................


WIND (MPH)
  HIGHEST WIND SPEED    18   HIGHEST WIND DIRECTION     N (360)
  HIGHEST GUST SPEED    24   HIGHEST GUST DIRECTION     N (10)
  AVERAGE WIND SPEED    11.1


SKY COVER
  POSSIBLE SUNSHINE  MM
  AVERAGE SKY COVER 0.6


WEATHER CONDITIONS
 THE FOLLOWING WEATHER WAS RECORDED TODAY.
  NO SIGNIFICANT WEATHER WAS OBSERVED.


RELATIVE HUMIDITY (PERCENT)
 HIGHEST    77          1200 AM
 LOWEST     39           300 PM
 AVERAGE    58

..........................................................


THE HURON SD CLIMATE NORMALS FOR TOMORROW
                         NORMAL    RECORD    YEAR
 MAXIMUM TEMPERATURE (F)   63        92      1928
 MINIMUM TEMPERATURE (F)   38        15      1987
                                             1906


SUNRISE AND SUNSET
OCTOBER  9 2017.......SUNRISE   741 AM CDT   SUNSET   659 PM CDT
OCTOBER 10 2017.......SUNRISE   742 AM CDT   SUNSET   657 PM CDT


-  INDICATES NEGATIVE NUMBERS.
R  INDICATES RECORD WAS SET OR TIED.
MM INDICATES DATA IS MISSING.
T  INDICATES TRACE AMOUNT.




$$
