000
CDUS43 KFSD 250643
CLIHON


CLIMATE REPORT
NATIONAL WEATHER SERVICE SIOUX FALLS SD
1243 AM CST WED FEB 25 2015


...................................

...THE HURON SD CLIMATE SUMMARY FOR FEBRUARY 24 2015...

CLIMATE NORMAL PERIOD 1981 TO 2010
CLIMATE RECORD PERIOD 1881 TO 2015


WEATHER ITEM   OBSERVED TIME   RECORD YEAR NORMAL DEPARTURE LAST
                VALUE   (LST)  VALUE       VALUE  FROM      YEAR
                                                  NORMAL
..................................................................
TEMPERATURE (F)
 YESTERDAY
  MAXIMUM         40        MM  63    1976  35      5       16
  MINIMUM         25   1159 PM -33    1965  15     10       -8
  AVERAGE         33                        25      8        4

PRECIPITATION (IN)
  YESTERDAY        0.04          0.38 2001   0.02   0.02     0.13
  MONTH TO DATE    0.11                      0.49  -0.38     0.39
  SINCE DEC 1      1.16                      1.51  -0.35     1.55
  SINCE JAN 1      0.46                      0.99  -0.53     0.54

SNOWFALL (IN)
  YESTERDAY        0.6           7.5  2001   0.2    0.4      1.3
  MONTH TO DATE    1.6                       6.2   -4.6      5.5
  SINCE DEC 1     11.3                      21.5  -10.2     19.0
  SINCE JUL 1     19.2                      29.8  -10.6     21.5
  SNOW DEPTH       0

DEGREE DAYS
 HEATING
  YESTERDAY       32                        40     -8       61
  MONTH TO DATE 1140                      1058     82     1203
  SINCE DEC 1   3840                      3973   -133     4443
  SINCE JUL 1   5697                      5675     22     6080

 COOLING
  YESTERDAY        0                         0      0        0
  MONTH TO DATE    0                         0      0        0
  SINCE DEC 1      0                         0      0        0
  SINCE JAN 1      0                         0      0        0
..................................................................


WIND (MPH)
  HIGHEST WIND SPEED    28   HIGHEST WIND DIRECTION    NW (330)
  HIGHEST GUST SPEED    32   HIGHEST GUST DIRECTION    NW (330)
  AVERAGE WIND SPEED    13.4


SKY COVER
  POSSIBLE SUNSHINE  MM
  AVERAGE SKY COVER 0.8


WEATHER CONDITIONS
 THE FOLLOWING WEATHER WAS RECORDED YESTERDAY.
  LIGHT SNOW
  FOG


RELATIVE HUMIDITY (PERCENT)
 HIGHEST    92          1100 PM
 LOWEST     37          1200 PM
 AVERAGE    65

..........................................................


THE HURON SD CLIMATE NORMALS FOR TODAY
                         NORMAL    RECORD    YEAR
 MAXIMUM TEMPERATURE (F)   35        71      1958
 MINIMUM TEMPERATURE (F)   15       -18      1962
                                             1889


SUNRISE AND SUNSET
FEBRUARY 25 2015......SUNRISE   717 AM CST   SUNSET   615 PM CST
FEBRUARY 26 2015......SUNRISE   716 AM CST   SUNSET   617 PM CST


-  INDICATES NEGATIVE NUMBERS.
R  INDICATES RECORD WAS SET OR TIED.
MM INDICATES DATA IS MISSING.
T  INDICATES TRACE AMOUNT.




$$
