000
CDUS43 KFSD 140627
CLIHON


CLIMATE REPORT
NATIONAL WEATHER SERVICE SIOUX FALLS SD
125 AM CDT SAT OCT 14 2017


...................................

...THE HURON SD CLIMATE SUMMARY FOR OCTOBER 13 2017...

CLIMATE NORMAL PERIOD 1981 TO 2010
CLIMATE RECORD PERIOD 1881 TO 2017


WEATHER ITEM   OBSERVED TIME   RECORD YEAR NORMAL DEPARTURE LAST
                VALUE   (LST)  VALUE       VALUE  FROM      YEAR
                                                  NORMAL
..................................................................
TEMPERATURE (F)
 YESTERDAY
  MAXIMUM         60    402 PM  91    1958  62     -2       63
  MINIMUM         38   1159 PM  11    1979  36      2       31
  AVERAGE         49                        49      0       47

PRECIPITATION (IN)
  YESTERDAY        0.00          1.77 1966   0.06  -0.06     0.00
  MONTH TO DATE    0.91                      0.84   0.07     0.78
  SINCE SEP 1      6.88                      3.30   3.58     2.07
  SINCE JAN 1     19.19                     20.56  -1.37    16.62

SNOWFALL (IN)
  YESTERDAY        0.0           0.7  2009   0.0    0.0      0.0
  MONTH TO DATE    0.0                       0.2   -0.2      0.0
  SINCE SEP 1      0.0                       0.2   -0.2      0.0
  SINCE JUL 1      0.0                       0.2   -0.2      0.0
  SNOW DEPTH       0

DEGREE DAYS
 HEATING
  YESTERDAY       16                        16      0       18
  MONTH TO DATE  171                       175     -4      163
  SINCE SEP 1    294                       342    -48      263
  SINCE JUL 1    303                       371    -68      280

 COOLING
  YESTERDAY        0                         0      0        0
  MONTH TO DATE    2                         0      2        4
  SINCE SEP 1    109                        69     40       80
  SINCE JAN 1    729                       738     -9      886
..................................................................


WIND (MPH)
  HIGHEST WIND SPEED    14   HIGHEST WIND DIRECTION     N (340)
  HIGHEST GUST SPEED    18   HIGHEST GUST DIRECTION     N (340)
  AVERAGE WIND SPEED     6.9


SKY COVER
  POSSIBLE SUNSHINE  MM
  AVERAGE SKY COVER 0.3


WEATHER CONDITIONS
 THE FOLLOWING WEATHER WAS RECORDED YESTERDAY.
  FOG
  HAZE


RELATIVE HUMIDITY (PERCENT)
 HIGHEST    92           800 AM
 LOWEST     33           200 PM
 AVERAGE    63

..........................................................


THE HURON SD CLIMATE NORMALS FOR TODAY
                         NORMAL    RECORD    YEAR
 MAXIMUM TEMPERATURE (F)   62        86      1947
 MINIMUM TEMPERATURE (F)   36        13      1937


SUNRISE AND SUNSET
OCTOBER 14 2017.......SUNRISE   747 AM CDT   SUNSET   650 PM CDT
OCTOBER 15 2017.......SUNRISE   748 AM CDT   SUNSET   648 PM CDT


-  INDICATES NEGATIVE NUMBERS.
R  INDICATES RECORD WAS SET OR TIED.
MM INDICATES DATA IS MISSING.
T  INDICATES TRACE AMOUNT.




$$
