000
CDUS43 KFSD 200627
CLIHON


CLIMATE REPORT
NATIONAL WEATHER SERVICE SIOUX FALLS SD
125 AM CDT WED APR 20 2016


...................................

...THE HURON SD CLIMATE SUMMARY FOR APRIL 19 2016...

CLIMATE NORMAL PERIOD 1981 TO 2010
CLIMATE RECORD PERIOD 1881 TO 2016


WEATHER ITEM   OBSERVED TIME   RECORD YEAR NORMAL DEPARTURE LAST
                VALUE   (LST)  VALUE       VALUE  FROM      YEAR
                                                  NORMAL
..................................................................
TEMPERATURE (F)
 YESTERDAY
  MAXIMUM         61    505 PM  88    1923  61      0       57
  MINIMUM         35    704 AM  16    1928  35      0       44
  AVERAGE         48                        48      0       51

PRECIPITATION (IN)
  YESTERDAY        0.00          1.29 1917   0.08  -0.08      T
  MONTH TO DATE    1.73                      1.37   0.36     0.53
  SINCE MAR 1      2.80                      2.83  -0.03     0.69
  SINCE JAN 1      3.67                      3.93  -0.26     1.30

SNOWFALL (IN)
  YESTERDAY        0.0           4.0  1966   0.1   -0.1      0.0
  MONTH TO DATE    T                         3.1   -3.1       T
  SINCE MAR 1      2.3                      12.0   -9.7      1.2
  SINCE JUL 1     33.0                      43.0  -10.0     22.8
  SNOW DEPTH       0

DEGREE DAYS
 HEATING
  YESTERDAY       17                        17      0       14
  MONTH TO DATE  365                       398    -33      279
  SINCE MAR 1   1112                      1385   -273     1137
  SINCE JUL 1   6188                      7217  -1029     7074

 COOLING
  YESTERDAY        0                         0      0        0
  MONTH TO DATE    0                         0      0        0
  SINCE MAR 1      0                         0      0        2
  SINCE JAN 1      0                         0      0        2
..................................................................


WIND (MPH)
  HIGHEST WIND SPEED     8   HIGHEST WIND DIRECTION    SW (230)
  HIGHEST GUST SPEED    24   HIGHEST GUST DIRECTION    SW (220)
  AVERAGE WIND SPEED     3.3


SKY COVER
  POSSIBLE SUNSHINE  MM
  AVERAGE SKY COVER 0.8


WEATHER CONDITIONS
 THE FOLLOWING WEATHER WAS RECORDED YESTERDAY.
  FOG
  FOG W/VISIBILITY <= 1/4 MILE


RELATIVE HUMIDITY (PERCENT)
 HIGHEST   100           100 AM
 LOWEST     55           400 PM
 AVERAGE    78

..........................................................


THE HURON SD CLIMATE NORMALS FOR TODAY
                         NORMAL    RECORD    YEAR
 MAXIMUM TEMPERATURE (F)   61        96      1980
 MINIMUM TEMPERATURE (F)   36        15      1966


SUNRISE AND SUNSET
APRIL 20 2016.........SUNRISE   640 AM CDT   SUNSET   824 PM CDT
APRIL 21 2016.........SUNRISE   638 AM CDT   SUNSET   825 PM CDT


-  INDICATES NEGATIVE NUMBERS.
R  INDICATES RECORD WAS SET OR TIED.
MM INDICATES DATA IS MISSING.
T  INDICATES TRACE AMOUNT.




$$
