000
CDUS43 KFSD 010710
CLIHON


CLIMATE REPORT
NATIONAL WEATHER SERVICE SIOUX FALLS SD
209 AM CDT TUE SEP 1 2015


...................................

...THE HURON SD CLIMATE SUMMARY FOR AUGUST 31 2015...

CLIMATE NORMAL PERIOD 1981 TO 2010
CLIMATE RECORD PERIOD 1881 TO 2015


WEATHER ITEM   OBSERVED TIME   RECORD YEAR NORMAL DEPARTURE LAST
                VALUE   (LST)  VALUE       VALUE  FROM      YEAR
                                                  NORMAL
..................................................................
TEMPERATURE (F)
 YESTERDAY
  MAXIMUM         88    118 PM  99    1948  81      7       80
  MINIMUM         63   1140 PM  33    1886  56      7       59
  AVERAGE         76                        68      8       70

PRECIPITATION (IN)
  YESTERDAY        0.00          1.42 1982   0.07  -0.07      T
  MONTH TO DATE    5.04                      2.43   2.61     3.03
  SINCE JUN 1     13.25                      9.28   3.97     9.07
  SINCE JAN 1     19.19                     17.26   1.93    13.56

SNOWFALL (IN)
  YESTERDAY        0.0           0.0    MM   0.0    0.0      0.0
  MONTH TO DATE    0.0                       0.0    0.0      0.0
  SINCE JUN 1      T                         0.0    0.0      0.0
  SINCE JUL 1      0.0                       0.0    0.0      0.0
  SNOW DEPTH       0

DEGREE DAYS
 HEATING
  YESTERDAY        0                         2     -2        0
  MONTH TO DATE   36                        18     18       10
  SINCE JUN 1     51                        80    -29       73
  SINCE JUL 1     40                        29     11       33

 COOLING
  YESTERDAY       11                         5      6        5
  MONTH TO DATE  204                       226    -22      181
  SINCE JUN 1    636                       636      0      461
  SINCE JAN 1    656                       669    -13      523
..................................................................


WIND (MPH)
  HIGHEST WIND SPEED    21   HIGHEST WIND DIRECTION     S (180)
  HIGHEST GUST SPEED    30   HIGHEST GUST DIRECTION     S (180)
  AVERAGE WIND SPEED    10.2


SKY COVER
  POSSIBLE SUNSHINE  MM
  AVERAGE SKY COVER 0.0


WEATHER CONDITIONS
 THE FOLLOWING WEATHER WAS RECORDED YESTERDAY.
  FOG
  HAZE


RELATIVE HUMIDITY (PERCENT)
 HIGHEST   100          1000 PM
 LOWEST     40           100 PM
 AVERAGE    70

..........................................................


THE HURON SD CLIMATE NORMALS FOR TODAY
                         NORMAL    RECORD    YEAR
 MAXIMUM TEMPERATURE (F)   81       101      1913
 MINIMUM TEMPERATURE (F)   55        33      1946


SUNRISE AND SUNSET
SEPTEMBER  1 2015.....SUNRISE   655 AM CDT   SUNSET   810 PM CDT
SEPTEMBER  2 2015.....SUNRISE   657 AM CDT   SUNSET   808 PM CDT


-  INDICATES NEGATIVE NUMBERS.
R  INDICATES RECORD WAS SET OR TIED.
MM INDICATES DATA IS MISSING.
T  INDICATES TRACE AMOUNT.




$$
