000
CDUS43 KFSD 110634
CLIHON


CLIMATE REPORT
NATIONAL WEATHER SERVICE SIOUX FALLS SD
133 AM CDT FRI APR 11 2014


...................................

...THE HURON SD CLIMATE SUMMARY FOR APRIL 10 2014...

CLIMATE NORMAL PERIOD 1981 TO 2010
CLIMATE RECORD PERIOD 1881 TO 2014


WEATHER ITEM   OBSERVED TIME   RECORD YEAR NORMAL DEPARTURE LAST
                VALUE   (LST)  VALUE       VALUE  FROM      YEAR
                                                  NORMAL
..................................................................
TEMPERATURE (F)
 YESTERDAY
  MAXIMUM         66    302 PM  87    1977  57      9       35
  MINIMUM         34    524 AM   9    1997  32      2       24
  AVERAGE         50                        44      6       30

PRECIPITATION (IN)
  YESTERDAY        T             1.69 1929   0.07  -0.07     0.27
  MONTH TO DATE    T                         0.68  -0.68     0.94
  SINCE MAR 1      0.47                      2.14  -1.67     1.72
  SINCE JAN 1      1.03                      3.24  -2.21     3.10

SNOWFALL (IN)
  YESTERDAY        0.0          11.0  1929   0.2   -0.2      3.5
  MONTH TO DATE    T                         1.8   -1.8      7.5
  SINCE MAR 1      4.7                      10.7   -6.0     14.7
  SINCE JUL 1     26.4                      41.7  -15.3     47.9
  SNOW DEPTH       0

DEGREE DAYS
 HEATING
  YESTERDAY       15                        21     -6       35
  MONTH TO DATE  235                       229      6      278
  SINCE MAR 1   1336                      1216    120     1516
  SINCE JUL 1   7656                      7048    608     7342

 COOLING
  YESTERDAY        0                         0      0        0
  MONTH TO DATE    0                         0      0        0
  SINCE MAR 1      0                         0      0        0
  SINCE JAN 1      0                         0      0        0
..................................................................


WIND (MPH)
  HIGHEST WIND SPEED    24   HIGHEST WIND DIRECTION    NW (310)
  HIGHEST GUST SPEED    32   HIGHEST GUST DIRECTION    NW (330)
  AVERAGE WIND SPEED     9.8


SKY COVER
  POSSIBLE SUNSHINE  MM
  AVERAGE SKY COVER 0.1


WEATHER CONDITIONS
 THE FOLLOWING WEATHER WAS RECORDED YESTERDAY.
  LIGHT RAIN


RELATIVE HUMIDITY (PERCENT)
 HIGHEST    89           500 AM
 LOWEST     15           400 PM
 AVERAGE    52

..........................................................


THE HURON SD CLIMATE NORMALS FOR TODAY
                         NORMAL    RECORD    YEAR
 MAXIMUM TEMPERATURE (F)   57        86      1931
 MINIMUM TEMPERATURE (F)   32         7      1997


SUNRISE AND SUNSET
APRIL 11 2014.........SUNRISE   656 AM CDT   SUNSET   813 PM CDT
APRIL 12 2014.........SUNRISE   654 AM CDT   SUNSET   814 PM CDT


-  INDICATES NEGATIVE NUMBERS.
R  INDICATES RECORD WAS SET OR TIED.
MM INDICATES DATA IS MISSING.
T  INDICATES TRACE AMOUNT.




$$
