000
CDUS43 KFSD 130620
CLIHON


CLIMATE REPORT
NATIONAL WEATHER SERVICE SIOUX FALLS SD
1220 AM CST MON FEB 13 2017


...................................

...THE HURON SD CLIMATE SUMMARY FOR FEBRUARY 12 2017...

CLIMATE NORMAL PERIOD 1981 TO 2010
CLIMATE RECORD PERIOD 1881 TO 2017


WEATHER ITEM   OBSERVED TIME   RECORD YEAR NORMAL DEPARTURE LAST
                VALUE   (LST)  VALUE       VALUE  FROM      YEAR
                                                  NORMAL
..................................................................
TEMPERATURE (F)
 YESTERDAY
  MAXIMUM         42    424 PM  59    2005  31     11       18
  MINIMUM         27    747 AM -30    1905  10     17        1
                                      1887
  AVERAGE         35                        20     15       10

PRECIPITATION (IN)
  YESTERDAY        0.00          0.32 1915   0.02  -0.02      T
  MONTH TO DATE    0.14                      0.23  -0.09     0.13
  SINCE DEC 1      2.11                      1.25   0.86     1.70
  SINCE JAN 1      0.72                      0.73  -0.01     0.42

SNOWFALL (IN)
  YESTERDAY        0.0           3.1  1950   0.3   -0.3       T
  MONTH TO DATE    T                         3.0   -3.0      1.4
  SINCE DEC 1     17.0                      18.3   -1.3     21.0
  SINCE JUL 1     21.7                      26.6   -4.9     26.6
  SNOW DEPTH       0

DEGREE DAYS
 HEATING
  YESTERDAY       30                        44    -14       55
  MONTH TO DATE  515                       550    -35      495
  SINCE DEC 1   3510                      3465     45     3243
  SINCE JUL 1   4718                      5167   -449     4533

 COOLING
  YESTERDAY        0                         0      0        0
  MONTH TO DATE    0                         0      0        0
  SINCE DEC 1      0                         0      0        0
  SINCE JAN 1      0                         0      0        0
..................................................................


WIND (MPH)
  HIGHEST WIND SPEED    28   HIGHEST WIND DIRECTION    NW (320)
  HIGHEST GUST SPEED    34   HIGHEST GUST DIRECTION    NW (320)
  AVERAGE WIND SPEED    12.8


SKY COVER
  POSSIBLE SUNSHINE  MM
  AVERAGE SKY COVER 0.0


WEATHER CONDITIONS
 THE FOLLOWING WEATHER WAS RECORDED YESTERDAY.
  NO SIGNIFICANT WEATHER WAS OBSERVED.


RELATIVE HUMIDITY (PERCENT)
 HIGHEST    85           500 AM
 LOWEST     59          1100 AM
 AVERAGE    72

..........................................................


THE HURON SD CLIMATE NORMALS FOR TODAY
                         NORMAL    RECORD    YEAR
 MAXIMUM TEMPERATURE (F)   31        62      1983
 MINIMUM TEMPERATURE (F)   11       -30      1905


SUNRISE AND SUNSET
FEBRUARY 13 2017......SUNRISE   735 AM CST   SUNSET   600 PM CST
FEBRUARY 14 2017......SUNRISE   734 AM CST   SUNSET   601 PM CST


-  INDICATES NEGATIVE NUMBERS.
R  INDICATES RECORD WAS SET OR TIED.
MM INDICATES DATA IS MISSING.
T  INDICATES TRACE AMOUNT.




$$
