000
CDUS43 KFSD 180633
CLIHON


CLIMATE REPORT
NATIONAL WEATHER SERVICE SIOUX FALLS SD
132 AM CDT WED MAY 18 2016


...................................

...THE HURON SD CLIMATE SUMMARY FOR MAY 17 2016...

CLIMATE NORMAL PERIOD 1981 TO 2010
CLIMATE RECORD PERIOD 1881 TO 2016


WEATHER ITEM   OBSERVED TIME   RECORD YEAR NORMAL DEPARTURE LAST
                VALUE   (LST)  VALUE       VALUE  FROM      YEAR
                                                  NORMAL
..................................................................
TEMPERATURE (F)
 YESTERDAY
  MAXIMUM         70    417 PM 104    1934  71     -1       65
  MINIMUM         36    540 AM  28    1968  47    -11       38
  AVERAGE         53                        58     -5       52

PRECIPITATION (IN)
  YESTERDAY        0.00          2.27 1892   0.10  -0.10     1.24
  MONTH TO DATE    0.94                      1.60  -0.66     4.45
  SINCE MAR 1      6.15                      5.37   0.78     5.21
  SINCE JAN 1      7.02                      6.47   0.55     5.82

SNOWFALL (IN)
  YESTERDAY        0.0           0.0    MM   0.0    0.0      0.0
  MONTH TO DATE    0.0                       0.1   -0.1      0.0
  SINCE MAR 1      2.3                      13.0  -10.7      1.2
  SINCE JUL 1     33.0                      44.0  -11.0     22.8
  SNOW DEPTH       0

DEGREE DAYS
 HEATING
  YESTERDAY       12                         7      5       13
  MONTH TO DATE  170                       166      4      140
  SINCE MAR 1   1446                      1712   -266     1441
  SINCE JUL 1   6522                      7544  -1022     7378

 COOLING
  YESTERDAY        0                         1     -1        0
  MONTH TO DATE   10                        14     -4        8
  SINCE MAR 1     11                        18     -7       10
  SINCE JAN 1     11                        18     -7       10
..................................................................


WIND (MPH)
  HIGHEST WIND SPEED    14   HIGHEST WIND DIRECTION    NE (60)
  HIGHEST GUST SPEED    19   HIGHEST GUST DIRECTION     E (70)
  AVERAGE WIND SPEED     6.1


SKY COVER
  POSSIBLE SUNSHINE  MM
  AVERAGE SKY COVER 0.0


WEATHER CONDITIONS
 THE FOLLOWING WEATHER WAS RECORDED YESTERDAY.
  NO SIGNIFICANT WEATHER WAS OBSERVED.


RELATIVE HUMIDITY (PERCENT)
 HIGHEST    85           500 AM
 LOWEST     24           500 PM
 AVERAGE    55

..........................................................


THE HURON SD CLIMATE NORMALS FOR TODAY
                         NORMAL    RECORD    YEAR
 MAXIMUM TEMPERATURE (F)   71       100      1934
 MINIMUM TEMPERATURE (F)   47        26      2002


SUNRISE AND SUNSET
MAY 18 2016...........SUNRISE   602 AM CDT   SUNSET   857 PM CDT
MAY 19 2016...........SUNRISE   601 AM CDT   SUNSET   858 PM CDT


-  INDICATES NEGATIVE NUMBERS.
R  INDICATES RECORD WAS SET OR TIED.
MM INDICATES DATA IS MISSING.
T  INDICATES TRACE AMOUNT.




$$
