000
CDUS43 KFSD 160655
CLIHON


CLIMATE REPORT
NATIONAL WEATHER SERVICE SIOUX FALLS SD
153 AM CDT SUN APR 16 2017


...................................

...THE HURON SD CLIMATE SUMMARY FOR APRIL 15 2017...

CLIMATE NORMAL PERIOD 1981 TO 2010
CLIMATE RECORD PERIOD 1881 TO 2017


WEATHER ITEM   OBSERVED TIME   RECORD YEAR NORMAL DEPARTURE LAST
                VALUE   (LST)  VALUE       VALUE  FROM      YEAR
                                                  NORMAL
..................................................................
TEMPERATURE (F)
 YESTERDAY
  MAXIMUM         63    551 PM  86    1926  59      4       65
                                      1898
  MINIMUM         39   1157 PM  14    2014  34      5       51
  AVERAGE         51                        46      5       58

PRECIPITATION (IN)
  YESTERDAY        0.11          1.85 2012   0.08   0.03     0.10
  MONTH TO DATE    0.81                      1.06  -0.25     0.19
  SINCE MAR 1      1.58                      2.52  -0.94     1.26
  SINCE JAN 1      2.38                      3.62  -1.24     2.13

SNOWFALL (IN)
  YESTERDAY        0.0           4.0  2011   0.1   -0.1      0.0
  MONTH TO DATE    T                         2.6   -2.6       T
  SINCE MAR 1     13.9                      11.5    2.4      2.3
  SINCE JUL 1     35.9                      42.5   -6.6     33.0
  SNOW DEPTH       0

DEGREE DAYS
 HEATING
  YESTERDAY       14                        19     -5        7
  MONTH TO DATE  250                       328    -78      299
  SINCE MAR 1   1197                      1315   -118     1046
  SINCE JUL 1   6346                      7147   -801     6122

 COOLING
  YESTERDAY        0                         0      0        0
  MONTH TO DATE    0                         0      0        0
  SINCE MAR 1      0                         0      0        0
  SINCE JAN 1      0                         0      0        0
..................................................................


WIND (MPH)
  HIGHEST WIND SPEED    30   HIGHEST WIND DIRECTION     E (110)
  HIGHEST GUST SPEED    34   HIGHEST GUST DIRECTION     E (110)
  AVERAGE WIND SPEED     9.0


SKY COVER
  POSSIBLE SUNSHINE  MM
  AVERAGE SKY COVER 0.7


WEATHER CONDITIONS
 THE FOLLOWING WEATHER WAS RECORDED YESTERDAY.
  THUNDERSTORM
  RAIN
  LIGHT RAIN
  FOG
  FOG W/VISIBILITY <= 1/4 MILE


RELATIVE HUMIDITY (PERCENT)
 HIGHEST   100          1200 AM
 LOWEST     52           600 PM
 AVERAGE    76

..........................................................


THE HURON SD CLIMATE NORMALS FOR TODAY
                         NORMAL    RECORD    YEAR
 MAXIMUM TEMPERATURE (F)   60        92      1964
 MINIMUM TEMPERATURE (F)   34        14      1904


SUNRISE AND SUNSET
APRIL 16 2017.........SUNRISE   647 AM CDT   SUNSET   819 PM CDT
APRIL 17 2017.........SUNRISE   645 AM CDT   SUNSET   820 PM CDT


-  INDICATES NEGATIVE NUMBERS.
R  INDICATES RECORD WAS SET OR TIED.
MM INDICATES DATA IS MISSING.
T  INDICATES TRACE AMOUNT.




$$
