562
CDUS43 KFSD 140635
CLIHON


CLIMATE REPORT
NATIONAL WEATHER SERVICE SIOUX FALLS SD
134 AM CDT MON AUG 14 2017


...................................

...THE HURON SD CLIMATE SUMMARY FOR AUGUST 13 2017...

CLIMATE NORMAL PERIOD 1981 TO 2010
CLIMATE RECORD PERIOD 1881 TO 2017


WEATHER ITEM   OBSERVED TIME   RECORD YEAR NORMAL DEPARTURE LAST
                VALUE   (LST)  VALUE       VALUE  FROM      YEAR
                                                  NORMAL
..................................................................
TEMPERATURE (F)
 YESTERDAY
  MAXIMUM         78    335 PM 110    1965  85     -7       85
  MINIMUM         55   1153 PM  36    1964  60     -5       59
  AVERAGE         67                        72     -5       72

PRECIPITATION (IN)
  YESTERDAY        0.37          1.49 1887   0.08   0.29     0.00
  MONTH TO DATE    0.71                      1.17  -0.46     1.97
  SINCE JUN 1      7.15                      8.02  -0.87     4.88
  SINCE JAN 1     11.24                     16.00  -4.76    13.69

SNOWFALL (IN)
  YESTERDAY        0.0           0.0    MM   0.0    0.0      0.0
  MONTH TO DATE    0.0                       0.0    0.0      0.0
  SINCE JUN 1      0.0                       0.0    0.0      0.0
  SINCE JUL 1      0.0                       0.0    0.0      0.0
  SNOW DEPTH       0

DEGREE DAYS
 HEATING
  YESTERDAY        0                         0      0        0
  MONTH TO DATE    6                         0      6        0
  SINCE JUN 1     37                        59    -22       23
  SINCE JUL 1      6                         8     -2        6

 COOLING
  YESTERDAY        2                         8     -6        7
  MONTH TO DATE   28                       110    -82      136
  SINCE JUN 1    531                       520     11      658
  SINCE JAN 1    552                       553     -1      689
..................................................................


WIND (MPH)
  HIGHEST WIND SPEED    17   HIGHEST WIND DIRECTION    SE (130)
  HIGHEST GUST SPEED    21   HIGHEST GUST DIRECTION    SE (140)
  AVERAGE WIND SPEED     6.5


SKY COVER
  POSSIBLE SUNSHINE  MM
  AVERAGE SKY COVER 0.6


WEATHER CONDITIONS
 THE FOLLOWING WEATHER WAS RECORDED YESTERDAY.
  THUNDERSTORM
  HEAVY RAIN
  RAIN
  LIGHT RAIN
  FOG


RELATIVE HUMIDITY (PERCENT)
 HIGHEST   100           100 AM
 LOWEST     64           300 PM
 AVERAGE    82

..........................................................


THE HURON SD CLIMATE NORMALS FOR TODAY
                         NORMAL    RECORD    YEAR
 MAXIMUM TEMPERATURE (F)   85       102      2000
                                             1935
 MINIMUM TEMPERATURE (F)   60        42      1979
                                             1929


SUNRISE AND SUNSET
AUGUST 14 2017........SUNRISE   635 AM CDT   SUNSET   839 PM CDT
AUGUST 15 2017........SUNRISE   636 AM CDT   SUNSET   837 PM CDT


-  INDICATES NEGATIVE NUMBERS.
R  INDICATES RECORD WAS SET OR TIED.
MM INDICATES DATA IS MISSING.
T  INDICATES TRACE AMOUNT.




$$
