000
CDUS43 KFSD 210633
CLIHON


CLIMATE REPORT
NATIONAL WEATHER SERVICE SIOUX FALLS SD
132 AM CDT SAT MAR 21 2015


...................................

...THE HURON SD CLIMATE SUMMARY FOR MARCH 20 2015...

CLIMATE NORMAL PERIOD 1981 TO 2010
CLIMATE RECORD PERIOD 1881 TO 2015


WEATHER ITEM   OBSERVED TIME   RECORD YEAR NORMAL DEPARTURE LAST
                VALUE   (LST)  VALUE       VALUE  FROM      YEAR
                                                  NORMAL
..................................................................
TEMPERATURE (F)
 YESTERDAY
  MAXIMUM         72    328 PM  75    1911  46     26       58
  MINIMUM         25    544 AM  -5    1965  24      1       24
  AVERAGE         49                        35     14       41

PRECIPITATION (IN)
  YESTERDAY        0.00          0.48 1972   0.05  -0.05     0.00
  MONTH TO DATE    0.13                      0.80  -0.67     0.37
  SINCE MAR 1      0.13                      0.80  -0.67     0.37
  SINCE JAN 1      0.74                      1.90  -1.16     0.93

SNOWFALL (IN)
  YESTERDAY        0.0           4.3  1982   0.2   -0.2      0.0
  MONTH TO DATE    1.2                       6.2   -5.0      3.5
  SINCE MAR 1      1.2                       6.2   -5.0      3.5
  SINCE JUL 1     22.8                      37.2  -14.4     25.2
  SNOW DEPTH       0

DEGREE DAYS
 HEATING
  YESTERDAY       16                        30    -14       24
  MONTH TO DATE  567                       684   -117      729
  SINCE MAR 1    567                       684   -117      729
  SINCE JUL 1   6504                      6516    -12     7049

 COOLING
  YESTERDAY        0                         0      0        0
  MONTH TO DATE    2                         0      2        0
  SINCE MAR 1      2                         0      2        0
  SINCE JAN 1      2                         0      2        0
..................................................................


WIND (MPH)
  HIGHEST WIND SPEED    31   HIGHEST WIND DIRECTION    NW (310)
  HIGHEST GUST SPEED    38   HIGHEST GUST DIRECTION    NW (310)
  AVERAGE WIND SPEED    12.6


SKY COVER
  POSSIBLE SUNSHINE  MM
  AVERAGE SKY COVER 0.0


WEATHER CONDITIONS
 THE FOLLOWING WEATHER WAS RECORDED YESTERDAY.
  NO SIGNIFICANT WEATHER WAS OBSERVED.


RELATIVE HUMIDITY (PERCENT)
 HIGHEST   100          1100 PM
 LOWEST     20           200 PM
 AVERAGE    60

..........................................................


THE HURON SD CLIMATE NORMALS FOR TODAY
                         NORMAL    RECORD    YEAR
 MAXIMUM TEMPERATURE (F)   46        84      1907
 MINIMUM TEMPERATURE (F)   25        -6      1965


SUNRISE AND SUNSET
MARCH 21 2015.........SUNRISE   735 AM CDT   SUNSET   746 PM CDT
MARCH 22 2015.........SUNRISE   733 AM CDT   SUNSET   748 PM CDT


-  INDICATES NEGATIVE NUMBERS.
R  INDICATES RECORD WAS SET OR TIED.
MM INDICATES DATA IS MISSING.
T  INDICATES TRACE AMOUNT.




$$
