000
CDUS43 KFSD 160659
CLIHON


CLIMATE REPORT
NATIONAL WEATHER SERVICE SIOUX FALLS SD
1258 AM CST SUN NOV 16 2014


...................................

...THE HURON SD CLIMATE SUMMARY FOR NOVEMBER 15 2014...

CLIMATE NORMAL PERIOD 1981 TO 2010
CLIMATE RECORD PERIOD 1881 TO 2014


WEATHER ITEM   OBSERVED TIME   RECORD YEAR NORMAL DEPARTURE LAST
                VALUE   (LST)  VALUE       VALUE  FROM      YEAR
                                                  NORMAL
..................................................................
TEMPERATURE (F)
 YESTERDAY
  MAXIMUM         23   1054 AM  75    1953  43    -20       59
  MINIMUM         -2   1116 PM  -4    1883  23    -25       24
  AVERAGE         11                        33    -22       42

PRECIPITATION (IN)
  YESTERDAY        0.27          0.69 1947   0.02   0.25     0.00
  MONTH TO DATE    0.72                      0.49   0.23     0.15
  SINCE SEP 1      2.10                      4.74  -2.64     6.97
  SINCE JAN 1     15.66                     22.00  -6.34    24.17

SNOWFALL (IN)
  YESTERDAY        4.4           7.3  1947   0.2    4.2      0.0
  MONTH TO DATE    7.7                       2.7    5.0      1.6
  SINCE SEP 1      7.7                       3.8    3.9      2.5
  SINCE JUL 1      7.7                       3.8    3.9      2.5
  SNOW DEPTH       5

DEGREE DAYS
 HEATING
  YESTERDAY       54                        32     22       23
  MONTH TO DATE  508                       421     87      435
  SINCE SEP 1   1122                      1122      0     1052
  SINCE JUL 1   1155                      1151      4     1074

 COOLING
  YESTERDAY        0                         0      0        0
  MONTH TO DATE    0                         0      0        0
  SINCE SEP 1     74                        73      1      160
  SINCE JAN 1    597                       742   -145      848
..................................................................


WIND (MPH)
  HIGHEST WIND SPEED    25   HIGHEST WIND DIRECTION    NW (320)
  HIGHEST GUST SPEED    30   HIGHEST GUST DIRECTION    NW (320)
  AVERAGE WIND SPEED    10.3


SKY COVER
  POSSIBLE SUNSHINE  MM
  AVERAGE SKY COVER 0.9


WEATHER CONDITIONS
 THE FOLLOWING WEATHER WAS RECORDED YESTERDAY.
  LIGHT SNOW
  FOG
  BLOWING SNOW


RELATIVE HUMIDITY (PERCENT)
 HIGHEST    92           600 PM
 LOWEST     62          1200 AM
 AVERAGE    77

..........................................................


THE HURON SD CLIMATE NORMALS FOR TODAY
                         NORMAL    RECORD    YEAR
 MAXIMUM TEMPERATURE (F)   43        76      2001
 MINIMUM TEMPERATURE (F)   22        -8      1959
                                             1955


SUNRISE AND SUNSET
NOVEMBER 16 2014......SUNRISE   730 AM CST   SUNSET   505 PM CST
NOVEMBER 17 2014......SUNRISE   732 AM CST   SUNSET   504 PM CST


-  INDICATES NEGATIVE NUMBERS.
R  INDICATES RECORD WAS SET OR TIED.
MM INDICATES DATA IS MISSING.
T  INDICATES TRACE AMOUNT.




$$
