000
CDUS43 KFSD 192220
CLIHON


CLIMATE REPORT
NATIONAL WEATHER SERVICE SIOUX FALLS SD
518 PM CDT TUE SEP 19 2017


...................................

...THE HURON SD CLIMATE SUMMARY FOR SEPTEMBER 19 2017...
VALID TODAY AS OF 0500 PM LOCAL TIME.

CLIMATE NORMAL PERIOD 1981 TO 2010
CLIMATE RECORD PERIOD 1881 TO 2017


WEATHER ITEM   OBSERVED TIME   RECORD YEAR NORMAL DEPARTURE LAST
                VALUE   (LST)  VALUE       VALUE  FROM      YEAR
                                                  NORMAL
..................................................................
TEMPERATURE (F)
 TODAY
  MAXIMUM         82    359 PM 101    1895  73      9       84
  MINIMUM         63    153 AM  23    1991  47     16       54
  AVERAGE         73                        60     13       69

PRECIPITATION (IN)
  TODAY            0.00          1.41 1993   0.08  -0.08     0.00
  MONTH TO DATE    0.26                      1.64  -1.38     1.20
  SINCE SEP 1      0.26                      1.64  -1.38     1.20
  SINCE JAN 1     12.57                     18.90  -6.33    15.75

SNOWFALL (IN)
  TODAY            0.0           0.0    MM   0.0    0.0      0.0
  MONTH TO DATE    0.0                       0.0    0.0      0.0
  SINCE SEP 1      0.0                       0.0    0.0      0.0
  SINCE JUL 1      0.0                       0.0    0.0      0.0
  SNOW DEPTH       0

DEGREE DAYS
 HEATING
  TODAY            0                         6     -6        0
  MONTH TO DATE   50                        72    -22       42
  SINCE SEP 1     50                        72    -22       42
  SINCE JUL 1     59                       101    -42       59

 COOLING
  TODAY            8                         1      7        4
  MONTH TO DATE   97                        60     37       53
  SINCE SEP 1     97                        60     37       53
  SINCE JAN 1    717                       729    -12      859
..................................................................


WIND (MPH)
  HIGHEST WIND SPEED    31   HIGHEST WIND DIRECTION     S (160)
  HIGHEST GUST SPEED    41   HIGHEST GUST DIRECTION    SE (140)
  AVERAGE WIND SPEED    17.6


SKY COVER
  POSSIBLE SUNSHINE  MM
  AVERAGE SKY COVER 0.6


WEATHER CONDITIONS
 THE FOLLOWING WEATHER WAS RECORDED TODAY.
  FOG


RELATIVE HUMIDITY (PERCENT)
 HIGHEST   100           100 AM
 LOWEST     58           400 PM
 AVERAGE    79

..........................................................


THE HURON SD CLIMATE NORMALS FOR TOMORROW
                         NORMAL    RECORD    YEAR
 MAXIMUM TEMPERATURE (F)   73        95      1941
                                             1891
 MINIMUM TEMPERATURE (F)   47        24      1918


SUNRISE AND SUNSET
SEPTEMBER 19 2017.....SUNRISE   717 AM CDT   SUNSET   735 PM CDT
SEPTEMBER 20 2017.....SUNRISE   718 AM CDT   SUNSET   733 PM CDT


-  INDICATES NEGATIVE NUMBERS.
R  INDICATES RECORD WAS SET OR TIED.
MM INDICATES DATA IS MISSING.
T  INDICATES TRACE AMOUNT.




$$
