000
CDUS43 KFSD 202224
CLIHON


CLIMATE REPORT
NATIONAL WEATHER SERVICE SIOUX FALLS SD
523 PM CDT FRI MAY 20 2016


...................................

...THE HURON SD CLIMATE SUMMARY FOR MAY 20 2016...
VALID TODAY AS OF 0500 PM LOCAL TIME.

CLIMATE NORMAL PERIOD 1981 TO 2010
CLIMATE RECORD PERIOD 1881 TO 2016


WEATHER ITEM   OBSERVED TIME   RECORD YEAR NORMAL DEPARTURE LAST
                VALUE   (LST)  VALUE       VALUE  FROM      YEAR
                                                  NORMAL
..................................................................
TEMPERATURE (F)
 TODAY
  MAXIMUM         65    358 PM  98    1934  71     -6       63
  MINIMUM         47    535 AM  24    1895  48     -1       42
  AVERAGE         56                        59     -3       53

PRECIPITATION (IN)
  TODAY            0.00          2.68 1914   0.10  -0.10     0.00
  MONTH TO DATE    0.94                      1.92  -0.98     4.45
  SINCE MAR 1      6.15                      5.69   0.46     5.21
  SINCE JAN 1      7.02                      6.79   0.23     5.82

SNOWFALL (IN)
  TODAY            0.0           T    1931   0.0    0.0      0.0
  MONTH TO DATE    0.0                       0.1   -0.1      0.0
  SINCE MAR 1      2.3                      13.0  -10.7      1.2
  SINCE JUL 1     33.0                      44.0  -11.0     22.8
  SNOW DEPTH       0

DEGREE DAYS
 HEATING
  TODAY            9                         7      2       12
  MONTH TO DATE  190                       187      3      192
  SINCE MAR 1   1466                      1733   -267     1493
  SINCE JUL 1   6542                      7565  -1023     7430

 COOLING
  TODAY            0                         1     -1        0
  MONTH TO DATE   10                        17     -7        8
  SINCE MAR 1     11                        21    -10       10
  SINCE JAN 1     11                        21    -10       10
..................................................................


WIND (MPH)
  HIGHEST WIND SPEED    24   HIGHEST WIND DIRECTION    SE (150)
  HIGHEST GUST SPEED    32   HIGHEST GUST DIRECTION     S (170)
  AVERAGE WIND SPEED    13.9


SKY COVER
  POSSIBLE SUNSHINE  MM
  AVERAGE SKY COVER 0.4


WEATHER CONDITIONS
 THE FOLLOWING WEATHER WAS RECORDED TODAY.
  NO SIGNIFICANT WEATHER WAS OBSERVED.


RELATIVE HUMIDITY (PERCENT)
 HIGHEST    86           600 AM
 LOWEST     56          1200 PM
 AVERAGE    71

..........................................................


THE HURON SD CLIMATE NORMALS FOR TOMORROW
                         NORMAL    RECORD    YEAR
 MAXIMUM TEMPERATURE (F)   72        94      1964
 MINIMUM TEMPERATURE (F)   48        27      1963
                                             1931


SUNRISE AND SUNSET
MAY 20 2016...........SUNRISE   600 AM CDT   SUNSET   859 PM CDT
MAY 21 2016...........SUNRISE   559 AM CDT   SUNSET   900 PM CDT


-  INDICATES NEGATIVE NUMBERS.
R  INDICATES RECORD WAS SET OR TIED.
MM INDICATES DATA IS MISSING.
T  INDICATES TRACE AMOUNT.




$$
