000
CDUS43 KFSD 140630
CLIHON


CLIMATE REPORT
NATIONAL WEATHER SERVICE SIOUX FALLS SD
130 AM CDT SUN MAY 14 2017


...................................

...THE HURON SD CLIMATE SUMMARY FOR MAY 13 2017...

CLIMATE NORMAL PERIOD 1981 TO 2010
CLIMATE RECORD PERIOD 1881 TO 2017


WEATHER ITEM   OBSERVED TIME   RECORD YEAR NORMAL DEPARTURE LAST
                VALUE   (LST)  VALUE       VALUE  FROM      YEAR
                                                  NORMAL
..................................................................
TEMPERATURE (F)
 YESTERDAY
  MAXIMUM         83    355 PM  95    1894  70     13       48
  MINIMUM         53    548 AM  25    1943  45      8       32
  AVERAGE         68                        57     11       40

PRECIPITATION (IN)
  YESTERDAY        0.00          3.20 1908   0.10  -0.10     0.06
  MONTH TO DATE    0.04                      1.21  -1.17     0.94
  SINCE MAR 1      1.99                      4.98  -2.99     6.15
  SINCE JAN 1      2.79                      6.08  -3.29     7.02

SNOWFALL (IN)
  YESTERDAY        0.0           T    1924   0.0    0.0      0.0
  MONTH TO DATE    0.0                       0.1   -0.1      0.0
  SINCE MAR 1     13.9                      13.0    0.9      2.3
  SINCE JUL 1     35.9                      44.0   -8.1     33.0
  SNOW DEPTH       0

DEGREE DAYS
 HEATING
  YESTERDAY        0                         9     -9       25
  MONTH TO DATE   88                       135    -47      114
  SINCE MAR 1   1578                      1681   -103     1390
  SINCE JUL 1   6727                      7513   -786     6466

 COOLING
  YESTERDAY        3                         1      2        0
  MONTH TO DATE    7                        10     -3       10
  SINCE MAR 1      7                        14     -7       11
  SINCE JAN 1      7                        14     -7       11
..................................................................


WIND (MPH)
  HIGHEST WIND SPEED    26   HIGHEST WIND DIRECTION     S (190)
  HIGHEST GUST SPEED    35   HIGHEST GUST DIRECTION     S (190)
  AVERAGE WIND SPEED    14.7


SKY COVER
  POSSIBLE SUNSHINE  MM
  AVERAGE SKY COVER 0.0


WEATHER CONDITIONS
 THE FOLLOWING WEATHER WAS RECORDED YESTERDAY.
  NO SIGNIFICANT WEATHER WAS OBSERVED.


RELATIVE HUMIDITY (PERCENT)
 HIGHEST    66           500 AM
 LOWEST     18           200 PM
 AVERAGE    42

..........................................................


THE HURON SD CLIMATE NORMALS FOR TODAY
                         NORMAL    RECORD    YEAR
 MAXIMUM TEMPERATURE (F)   70        95      1894
 MINIMUM TEMPERATURE (F)   45        24      1888


SUNRISE AND SUNSET
MAY 14 2017...........SUNRISE   606 AM CDT   SUNSET   853 PM CDT
MAY 15 2017...........SUNRISE   605 AM CDT   SUNSET   854 PM CDT


-  INDICATES NEGATIVE NUMBERS.
R  INDICATES RECORD WAS SET OR TIED.
MM INDICATES DATA IS MISSING.
T  INDICATES TRACE AMOUNT.




$$
