000
CDUS43 KFSD 242232
CLIHON


CLIMATE REPORT
NATIONAL WEATHER SERVICE SIOUX FALLS SD
532 PM CDT SUN APR 24 2016


...................................

...THE HURON SD CLIMATE SUMMARY FOR APRIL 24 2016...
VALID TODAY AS OF 0500 PM LOCAL TIME.

CLIMATE NORMAL PERIOD 1981 TO 2010
CLIMATE RECORD PERIOD 1881 TO 2016


WEATHER ITEM   OBSERVED TIME   RECORD YEAR NORMAL DEPARTURE LAST
                VALUE   (LST)  VALUE       VALUE  FROM      YEAR
                                                  NORMAL
..................................................................
TEMPERATURE (F)
 TODAY
  MAXIMUM         76    346 PM  90    1906  63     13       77
  MINIMUM         59    606 AM  21    2005  37     22       49
  AVERAGE         68                        50     18       63

PRECIPITATION (IN)
  TODAY            T             1.29 1935   0.09  -0.09     0.04
  MONTH TO DATE    1.73                      1.78  -0.05     0.57
  SINCE MAR 1      2.80                      3.24  -0.44     0.73
  SINCE JAN 1      3.67                      4.34  -0.67     1.34

SNOWFALL (IN)
  TODAY            0.0           1.0  2009   0.1   -0.1      0.0
                                      1937
  MONTH TO DATE    T                         3.7   -3.7       T
  SINCE MAR 1      2.3                      12.6  -10.3      1.2
  SINCE JUL 1     33.0                      43.6  -10.6     22.8
  SNOW DEPTH       0

DEGREE DAYS
 HEATING
  TODAY            0                        15    -15        2
  MONTH TO DATE  409                       477    -68      375
  SINCE MAR 1   1156                      1464   -308     1233
  SINCE JUL 1   6232                      7296  -1064     7170

 COOLING
  TODAY            3                         0      3        0
  MONTH TO DATE    3                         0      3        0
  SINCE MAR 1      3                         0      3        2
  SINCE JAN 1      3                         0      3        2
..................................................................


WIND (MPH)
  HIGHEST WIND SPEED    22   HIGHEST WIND DIRECTION     S (160)
  HIGHEST GUST SPEED    28   HIGHEST GUST DIRECTION    SE (140)
  AVERAGE WIND SPEED    15.2


SKY COVER
  POSSIBLE SUNSHINE  MM
  AVERAGE SKY COVER 0.1


WEATHER CONDITIONS
 THE FOLLOWING WEATHER WAS RECORDED TODAY.
  LIGHT RAIN


RELATIVE HUMIDITY (PERCENT)
 HIGHEST    75           600 AM
 LOWEST     46           400 PM
 AVERAGE    61

..........................................................


THE HURON SD CLIMATE NORMALS FOR TOMORROW
                         NORMAL    RECORD    YEAR
 MAXIMUM TEMPERATURE (F)   64        93      1962
 MINIMUM TEMPERATURE (F)   38        22      2013


SUNRISE AND SUNSET
APRIL 24 2016.........SUNRISE   633 AM CDT   SUNSET   829 PM CDT
APRIL 25 2016.........SUNRISE   632 AM CDT   SUNSET   830 PM CDT


-  INDICATES NEGATIVE NUMBERS.
R  INDICATES RECORD WAS SET OR TIED.
MM INDICATES DATA IS MISSING.
T  INDICATES TRACE AMOUNT.




$$
