000
CDUS43 KFSD 190651
CLIHON


CLIMATE REPORT
NATIONAL WEATHER SERVICE SIOUX FALLS SD
150 AM CDT FRI AUG 19 2016


...................................

...THE HURON SD CLIMATE SUMMARY FOR AUGUST 18 2016...

CLIMATE NORMAL PERIOD 1981 TO 2010
CLIMATE RECORD PERIOD 1881 TO 2016


WEATHER ITEM   OBSERVED TIME   RECORD YEAR NORMAL DEPARTURE LAST
                VALUE   (LST)  VALUE       VALUE  FROM      YEAR
                                                  NORMAL
..................................................................
TEMPERATURE (F)
 YESTERDAY
  MAXIMUM         87    242 PM 102    1976  84      3       59
                                      1959
  MINIMUM         67   1159 PM  42    2002  59      8       51
  AVERAGE         77                        72      5       55

PRECIPITATION (IN)
  YESTERDAY        0.11          2.97 2015   0.06   0.05     2.97
  MONTH TO DATE    2.57                      1.53   1.04     4.79
  SINCE JUN 1      5.48                      8.38  -2.90    13.00
  SINCE JAN 1     14.29                     16.36  -2.07    18.94

SNOWFALL (IN)
  YESTERDAY        0.0           0.0    MM   0.0    0.0      0.0
  MONTH TO DATE    0.0                       0.0    0.0      0.0
  SINCE JUN 1      0.0                       0.0    0.0       T
  SINCE JUL 1      0.0                       0.0    0.0      0.0
  SNOW DEPTH       0

DEGREE DAYS
 HEATING
  YESTERDAY        0                         1     -1       10
  MONTH TO DATE    0                         2     -2       12
  SINCE JUN 1     23                        61    -38       27
  SINCE JUL 1      6                        10     -4       16

 COOLING
  YESTERDAY       12                         7      5        0
  MONTH TO DATE  180                       147     33      153
  SINCE JUN 1    702                       557    145      585
  SINCE JAN 1    733                       590    143      605
..................................................................


WIND (MPH)
  HIGHEST WIND SPEED    26   HIGHEST WIND DIRECTION     N (360)
  HIGHEST GUST SPEED    33   HIGHEST GUST DIRECTION     N (360)
  AVERAGE WIND SPEED    11.1


SKY COVER
  POSSIBLE SUNSHINE  MM
  AVERAGE SKY COVER 0.5


WEATHER CONDITIONS
 THE FOLLOWING WEATHER WAS RECORDED YESTERDAY.
  THUNDERSTORM
  LIGHT RAIN


RELATIVE HUMIDITY (PERCENT)
 HIGHEST    97           600 AM
 LOWEST     69           100 PM
 AVERAGE    83

..........................................................


THE HURON SD CLIMATE NORMALS FOR TODAY
                         NORMAL    RECORD    YEAR
 MAXIMUM TEMPERATURE (F)   84       102      1976
 MINIMUM TEMPERATURE (F)   59        40      1967
                                             1890


SUNRISE AND SUNSET
AUGUST 19 2016........SUNRISE   641 AM CDT   SUNSET   831 PM CDT
AUGUST 20 2016........SUNRISE   642 AM CDT   SUNSET   829 PM CDT


-  INDICATES NEGATIVE NUMBERS.
R  INDICATES RECORD WAS SET OR TIED.
MM INDICATES DATA IS MISSING.
T  INDICATES TRACE AMOUNT.




$$
