720
CDUS43 KFSD 192226
CLIHON


CLIMATE REPORT
NATIONAL WEATHER SERVICE SIOUX FALLS SD
525 PM CDT WED APR 19 2017


...................................

...THE HURON SD CLIMATE SUMMARY FOR APRIL 19 2017...
VALID TODAY AS OF 0500 PM LOCAL TIME.

CLIMATE NORMAL PERIOD 1981 TO 2010
CLIMATE RECORD PERIOD 1881 TO 2017


WEATHER ITEM   OBSERVED TIME   RECORD YEAR NORMAL DEPARTURE LAST
                VALUE   (LST)  VALUE       VALUE  FROM      YEAR
                                                  NORMAL
..................................................................
TEMPERATURE (F)
 TODAY
  MAXIMUM         49    148 PM  88    1923  61    -12       61
  MINIMUM         41    430 AM  16    1928  35      6       35
  AVERAGE         45                        48     -3       48

PRECIPITATION (IN)
  TODAY            0.24          1.29 1917   0.08   0.16     0.00
  MONTH TO DATE    1.13                      1.37  -0.24     1.73
  SINCE MAR 1      1.90                      2.83  -0.93     2.80
  SINCE JAN 1      2.70                      3.93  -1.23     3.67

SNOWFALL (IN)
  TODAY            0.0           4.0  1966   0.1   -0.1      0.0
  MONTH TO DATE    T                         3.1   -3.1       T
  SINCE MAR 1     13.9                      12.0    1.9      2.3
  SINCE JUL 1     35.9                      43.0   -7.1     33.0
  SNOW DEPTH       0

DEGREE DAYS
 HEATING
  TODAY           20                        17      3       17
  MONTH TO DATE  315                       398    -83      365
  SINCE MAR 1   1262                      1385   -123     1112
  SINCE JUL 1   6411                      7217   -806     6188

 COOLING
  TODAY            0                         0      0        0
  MONTH TO DATE    0                         0      0        0
  SINCE MAR 1      0                         0      0        0
  SINCE JAN 1      0                         0      0        0
..................................................................


WIND (MPH)
  HIGHEST WIND SPEED    21   HIGHEST WIND DIRECTION     E (70)
  HIGHEST GUST SPEED    26   HIGHEST GUST DIRECTION     E (70)
  AVERAGE WIND SPEED     8.3


SKY COVER
  POSSIBLE SUNSHINE  MM
  AVERAGE SKY COVER 0.7


WEATHER CONDITIONS
 THE FOLLOWING WEATHER WAS RECORDED TODAY.
  RAIN
  LIGHT RAIN
  FOG


RELATIVE HUMIDITY (PERCENT)
 HIGHEST   100          1000 AM
 LOWEST     86           200 PM
 AVERAGE    93

..........................................................


THE HURON SD CLIMATE NORMALS FOR TOMORROW
                         NORMAL    RECORD    YEAR
 MAXIMUM TEMPERATURE (F)   61        96      1980
 MINIMUM TEMPERATURE (F)   36        15      1966


SUNRISE AND SUNSET
APRIL 19 2017.........SUNRISE   642 AM CDT   SUNSET   823 PM CDT
APRIL 20 2017.........SUNRISE   640 AM CDT   SUNSET   824 PM CDT


-  INDICATES NEGATIVE NUMBERS.
R  INDICATES RECORD WAS SET OR TIED.
MM INDICATES DATA IS MISSING.
T  INDICATES TRACE AMOUNT.




$$
