000
CDUS43 KFSD 130631
CLIHON


CLIMATE REPORT
NATIONAL WEATHER SERVICE SIOUX FALLS SD
129 AM CDT THU APR 13 2017


...................................

...THE HURON SD CLIMATE SUMMARY FOR APRIL 12 2017...

CLIMATE NORMAL PERIOD 1981 TO 2010
CLIMATE RECORD PERIOD 1881 TO 2017


WEATHER ITEM   OBSERVED TIME   RECORD YEAR NORMAL DEPARTURE LAST
                VALUE   (LST)  VALUE       VALUE  FROM      YEAR
                                                  NORMAL
..................................................................
TEMPERATURE (F)
 YESTERDAY
  MAXIMUM         60    333 PM  89    1931  58      2       76
  MINIMUM         33   1159 PM   6    1961  33      0       27
  AVERAGE         47                        45      2       52

PRECIPITATION (IN)
  YESTERDAY        0.00          2.28 1970   0.08  -0.08     0.04
  MONTH TO DATE    0.70                      0.83  -0.13     0.09
  SINCE MAR 1      1.47                      2.29  -0.82     1.16
  SINCE JAN 1      2.27                      3.39  -1.12     2.03

SNOWFALL (IN)
  YESTERDAY        0.0           4.6  1970   0.1   -0.1      0.0
  MONTH TO DATE    T                         2.1   -2.1       T
  SINCE MAR 1     13.9                      11.0    2.9      2.3
  SINCE JUL 1     35.9                      42.0   -6.1     33.0
  SNOW DEPTH       0

DEGREE DAYS
 HEATING
  YESTERDAY       18                        20     -2       13
  MONTH TO DATE  213                       270    -57      279
  SINCE MAR 1   1160                      1257    -97     1026
  SINCE JUL 1   6309                      7089   -780     6102

 COOLING
  YESTERDAY        0                         0      0        0
  MONTH TO DATE    0                         0      0        0
  SINCE MAR 1      0                         0      0        0
  SINCE JAN 1      0                         0      0        0
..................................................................


WIND (MPH)
  HIGHEST WIND SPEED    21   HIGHEST WIND DIRECTION    NE (60)
  HIGHEST GUST SPEED    26   HIGHEST GUST DIRECTION    NE (50)
  AVERAGE WIND SPEED     7.3


SKY COVER
  POSSIBLE SUNSHINE  MM
  AVERAGE SKY COVER 0.5


WEATHER CONDITIONS
 THE FOLLOWING WEATHER WAS RECORDED YESTERDAY.
  FOG
  FOG W/VISIBILITY <= 1/4 MILE


RELATIVE HUMIDITY (PERCENT)
 HIGHEST    96          1000 PM
 LOWEST     55           300 PM
 AVERAGE    76

..........................................................


THE HURON SD CLIMATE NORMALS FOR TODAY
                         NORMAL    RECORD    YEAR
 MAXIMUM TEMPERATURE (F)   58        90      1908
 MINIMUM TEMPERATURE (F)   33        14      1950
                                             1928


SUNRISE AND SUNSET
APRIL 13 2017.........SUNRISE   652 AM CDT   SUNSET   815 PM CDT
APRIL 14 2017.........SUNRISE   650 AM CDT   SUNSET   817 PM CDT


-  INDICATES NEGATIVE NUMBERS.
R  INDICATES RECORD WAS SET OR TIED.
MM INDICATES DATA IS MISSING.
T  INDICATES TRACE AMOUNT.




$$
