000
CDUS43 KFSD 122228
CLIHON


CLIMATE REPORT
NATIONAL WEATHER SERVICE SIOUX FALLS SD
427 PM CST MON FEB 12 2018


...................................

...THE HURON SD CLIMATE SUMMARY FOR FEBRUARY 12 2018...
VALID TODAY AS OF 0400 PM LOCAL TIME.

CLIMATE NORMAL PERIOD 1981 TO 2010
CLIMATE RECORD PERIOD 1881 TO 2018


WEATHER ITEM   OBSERVED TIME   RECORD YEAR NORMAL DEPARTURE LAST
                VALUE   (LST)  VALUE       VALUE  FROM      YEAR
                                                  NORMAL
..................................................................
TEMPERATURE (F)
 TODAY
  MAXIMUM         15    353 PM  59    2005  31    -16       42
  MINIMUM         -8    421 AM -30    1905  10    -18       27
                                      1887
  AVERAGE          4                        20    -16       35

PRECIPITATION (IN)
  TODAY            0.00          0.32 1915   0.02  -0.02     0.00
  MONTH TO DATE    0.29                      0.23   0.06     0.14
  SINCE DEC 1      1.17                      1.25  -0.08     2.11
  SINCE JAN 1      0.67                      0.73  -0.06     0.72

SNOWFALL (IN)
  TODAY            0.0           3.1  1950   0.3   -0.3      0.0
  MONTH TO DATE    3.7                       3.0    0.7       T
  SINCE DEC 1     16.7                      18.3   -1.6     17.0
  SINCE JUL 1     18.0                      26.6   -8.6     21.7
  SNOW DEPTH       3

DEGREE DAYS
 HEATING
  TODAY           61                        44     17       30
  MONTH TO DATE  724                       550    174      515
  SINCE DEC 1   3590                      3465    125     3510
  SINCE JUL 1   5155                      5167    -12     4718

 COOLING
  TODAY            0                         0      0        0
  MONTH TO DATE    0                         0      0        0
  SINCE DEC 1      0                         0      0        0
  SINCE JAN 1      0                         0      0        0
..................................................................


WIND (MPH)
  HIGHEST WIND SPEED    15   HIGHEST WIND DIRECTION    SE (140)
  HIGHEST GUST SPEED    17   HIGHEST GUST DIRECTION    SE (150)
  AVERAGE WIND SPEED     5.5


SKY COVER
  POSSIBLE SUNSHINE  MM
  AVERAGE SKY COVER 0.6


WEATHER CONDITIONS
 THE FOLLOWING WEATHER WAS RECORDED TODAY.
  NO SIGNIFICANT WEATHER WAS OBSERVED.


RELATIVE HUMIDITY (PERCENT)
 HIGHEST    91           100 AM
 LOWEST     64           400 PM
 AVERAGE    78

..........................................................


THE HURON SD CLIMATE NORMALS FOR TOMORROW
                         NORMAL    RECORD    YEAR
 MAXIMUM TEMPERATURE (F)   31        62      1983
 MINIMUM TEMPERATURE (F)   11       -30      1905


SUNRISE AND SUNSET
FEBRUARY 12 2018......SUNRISE   737 AM CST   SUNSET   558 PM CST
FEBRUARY 13 2018......SUNRISE   735 AM CST   SUNSET   559 PM CST


-  INDICATES NEGATIVE NUMBERS.
R  INDICATES RECORD WAS SET OR TIED.
MM INDICATES DATA IS MISSING.
T  INDICATES TRACE AMOUNT.




$$
