000
CDUS43 KFSD 082230
CLIHON


CLIMATE REPORT
NATIONAL WEATHER SERVICE SIOUX FALLS SD
428 PM CST WED NOV 8 2017


...................................

...THE HURON SD CLIMATE SUMMARY FOR NOVEMBER 8 2017...
VALID TODAY AS OF 0400 PM LOCAL TIME.

CLIMATE NORMAL PERIOD 1981 TO 2010
CLIMATE RECORD PERIOD 1881 TO 2017


WEATHER ITEM   OBSERVED TIME   RECORD YEAR NORMAL DEPARTURE LAST
                VALUE   (LST)  VALUE       VALUE  FROM      YEAR
                                                  NORMAL
..................................................................
TEMPERATURE (F)
 TODAY
  MAXIMUM         37    240 PM  86    1999  48    -11       61
  MINIMUM         14    615 AM  -4    1892  26    -12       26
  AVERAGE         26                        37    -11       44

PRECIPITATION (IN)
  TODAY            0.00          1.19 1977   0.03  -0.03     0.00
  MONTH TO DATE    0.08                      0.28  -0.20      T
  SINCE SEP 1      7.83                      4.53   3.30     2.34
  SINCE JAN 1     20.14                     21.79  -1.65    16.89

SNOWFALL (IN)
  TODAY            0.0           6.8  1985   0.1   -0.1      0.0
  MONTH TO DATE    1.3                       1.2    0.1      0.0
  SINCE SEP 1      1.3                       2.3   -1.0      0.0
  SINCE JUL 1      1.3                       2.3   -1.0      0.0
  SNOW DEPTH       T

DEGREE DAYS
 HEATING
  TODAY           39                        28     11       21
  MONTH TO DATE  270                       208     62       98
  SINCE SEP 1    905                       909     -4      590
  SINCE JUL 1    914                       938    -24      607

 COOLING
  TODAY            0                         0      0        0
  MONTH TO DATE    0                         0      0        0
  SINCE SEP 1    110                        73     37       81
  SINCE JAN 1    730                       742    -12      887
..................................................................


WIND (MPH)
  HIGHEST WIND SPEED    10   HIGHEST WIND DIRECTION     S (170)
  HIGHEST GUST SPEED    12   HIGHEST GUST DIRECTION     S (180)
  AVERAGE WIND SPEED     5.3


SKY COVER
  POSSIBLE SUNSHINE  MM
  AVERAGE SKY COVER 0.0


WEATHER CONDITIONS
 THE FOLLOWING WEATHER WAS RECORDED TODAY.
  NO SIGNIFICANT WEATHER WAS OBSERVED.


RELATIVE HUMIDITY (PERCENT)
 HIGHEST   100          1200 AM
 LOWEST     70           100 PM
 AVERAGE    85

..........................................................


THE HURON SD CLIMATE NORMALS FOR TOMORROW
                         NORMAL    RECORD    YEAR
 MAXIMUM TEMPERATURE (F)   47        71      1937
 MINIMUM TEMPERATURE (F)   26         0      1890


SUNRISE AND SUNSET
NOVEMBER  8 2017......SUNRISE   720 AM CST   SUNSET   513 PM CST
NOVEMBER  9 2017......SUNRISE   721 AM CST   SUNSET   512 PM CST


-  INDICATES NEGATIVE NUMBERS.
R  INDICATES RECORD WAS SET OR TIED.
MM INDICATES DATA IS MISSING.
T  INDICATES TRACE AMOUNT.




$$
