785
CDUS43 KFSD 160630
CLIHON


CLIMATE REPORT
NATIONAL WEATHER SERVICE SIOUX FALLS SD
1229 AM CST FRI FEB 16 2018


...................................

...THE HURON SD CLIMATE SUMMARY FOR FEBRUARY 15 2018...

CLIMATE NORMAL PERIOD 1981 TO 2010
CLIMATE RECORD PERIOD 1881 TO 2018


WEATHER ITEM   OBSERVED TIME   RECORD YEAR NORMAL DEPARTURE LAST
                VALUE   (LST)  VALUE       VALUE  FROM      YEAR
                                                  NORMAL
..................................................................
TEMPERATURE (F)
 YESTERDAY
  MAXIMUM         31    836 AM  66    1921  32     -1       50
  MINIMUM          2   1159 PM -28    1958  11     -9       23
  AVERAGE         17                        21     -4       37

PRECIPITATION (IN)
  YESTERDAY        0.01          0.46 1990   0.02  -0.01     0.00
  MONTH TO DATE    0.30                      0.29   0.01     0.14
  SINCE DEC 1      1.18                      1.31  -0.13     2.11
  SINCE JAN 1      0.68                      0.79  -0.11     0.72

SNOWFALL (IN)
  YESTERDAY        0.7          10.7  1990   0.3    0.4      0.0
  MONTH TO DATE    4.4                       3.7    0.7       T
  SINCE DEC 1     17.4                      19.0   -1.6     17.0
  SINCE JUL 1     18.7                      27.3   -8.6     21.7
  SNOW DEPTH       T

DEGREE DAYS
 HEATING
  YESTERDAY       48                        44      4       28
  MONTH TO DATE  858                       682    176      602
  SINCE DEC 1   3724                      3597    127     3597
  SINCE JUL 1   5289                      5299    -10     4805

 COOLING
  YESTERDAY        0                         0      0        0
  MONTH TO DATE    0                         0      0        0
  SINCE DEC 1      0                         0      0        0
  SINCE JAN 1      0                         0      0        0
..................................................................


WIND (MPH)
  HIGHEST WIND SPEED    31   HIGHEST WIND DIRECTION     N (340)
  HIGHEST GUST SPEED    37   HIGHEST GUST DIRECTION     N (340)
  AVERAGE WIND SPEED    14.2


SKY COVER
  POSSIBLE SUNSHINE  MM
  AVERAGE SKY COVER 0.7


WEATHER CONDITIONS
 THE FOLLOWING WEATHER WAS RECORDED YESTERDAY.
  SNOW
  LIGHT SNOW
  FOG
  BLOWING SNOW


RELATIVE HUMIDITY (PERCENT)
 HIGHEST   100           900 AM
 LOWEST     74           100 PM
 AVERAGE    87

..........................................................


THE HURON SD CLIMATE NORMALS FOR TODAY
                         NORMAL    RECORD    YEAR
 MAXIMUM TEMPERATURE (F)   32        62      2017
 MINIMUM TEMPERATURE (F)   12       -33      1936


SUNRISE AND SUNSET
FEBRUARY 16 2018......SUNRISE   731 AM CST   SUNSET   603 PM CST
FEBRUARY 17 2018......SUNRISE   730 AM CST   SUNSET   605 PM CST


-  INDICATES NEGATIVE NUMBERS.
R  INDICATES RECORD WAS SET OR TIED.
MM INDICATES DATA IS MISSING.
T  INDICATES TRACE AMOUNT.




$$
