000
CDUS43 KFSD 262228
CLIHON


CLIMATE REPORT
NATIONAL WEATHER SERVICE SIOUX FALLS SD
528 PM CDT TUE APR 26 2016


...................................

...THE HURON SD CLIMATE SUMMARY FOR APRIL 26 2016...
VALID TODAY AS OF 0500 PM LOCAL TIME.

CLIMATE NORMAL PERIOD 1981 TO 2010
CLIMATE RECORD PERIOD 1881 TO 2016


WEATHER ITEM   OBSERVED TIME   RECORD YEAR NORMAL DEPARTURE LAST
                VALUE   (LST)  VALUE       VALUE  FROM      YEAR
                                                  NORMAL
..................................................................
TEMPERATURE (F)
 TODAY
  MAXIMUM         54    256 PM  91    1901  64    -10       69
  MINIMUM         36    401 AM  22    1931  38     -2       33
  AVERAGE         45                        51     -6       51

PRECIPITATION (IN)
  TODAY            0.00          1.59 1938   0.09  -0.09     0.00
  MONTH TO DATE    1.98                      1.96   0.02     0.57
  SINCE MAR 1      3.05                      3.42  -0.37     0.73
  SINCE JAN 1      3.92                      4.52  -0.60     1.34

SNOWFALL (IN)
  TODAY            0.0           2.2  1988   0.1   -0.1      0.0
  MONTH TO DATE    T                         3.8   -3.8       T
  SINCE MAR 1      2.3                      12.7  -10.4      1.2
  SINCE JUL 1     33.0                      43.7  -10.7     22.8
  SNOW DEPTH       0

DEGREE DAYS
 HEATING
  TODAY           20                        14      6       14
  MONTH TO DATE  444                       506    -62      399
  SINCE MAR 1   1191                      1493   -302     1257
  SINCE JUL 1   6267                      7325  -1058     7194

 COOLING
  TODAY            0                         0      0        0
  MONTH TO DATE    1                         0      1        0
  SINCE MAR 1      1                         0      1        2
  SINCE JAN 1      1                         0      1        2
..................................................................


WIND (MPH)
  HIGHEST WIND SPEED    21   HIGHEST WIND DIRECTION    NE (60)
  HIGHEST GUST SPEED    26   HIGHEST GUST DIRECTION    NE (40)
  AVERAGE WIND SPEED     7.8


SKY COVER
  POSSIBLE SUNSHINE  MM
  AVERAGE SKY COVER 0.9


WEATHER CONDITIONS
 THE FOLLOWING WEATHER WAS RECORDED TODAY.
  FOG


RELATIVE HUMIDITY (PERCENT)
 HIGHEST   100           400 AM
 LOWEST     66           200 PM
 AVERAGE    83

..........................................................


THE HURON SD CLIMATE NORMALS FOR TOMORROW
                         NORMAL    RECORD    YEAR
 MAXIMUM TEMPERATURE (F)   64        89      1952
 MINIMUM TEMPERATURE (F)   39        18      1909


SUNRISE AND SUNSET
APRIL 26 2016.........SUNRISE   630 AM CDT   SUNSET   832 PM CDT
APRIL 27 2016.........SUNRISE   629 AM CDT   SUNSET   833 PM CDT


-  INDICATES NEGATIVE NUMBERS.
R  INDICATES RECORD WAS SET OR TIED.
MM INDICATES DATA IS MISSING.
T  INDICATES TRACE AMOUNT.




$$
