000
CDUS43 KFSD 190629
CLIHON


CLIMATE REPORT
NATIONAL WEATHER SERVICE SIOUX FALLS SD
127 AM CDT THU MAY 19 2016


...................................

...THE HURON SD CLIMATE SUMMARY FOR MAY 18 2016...

CLIMATE NORMAL PERIOD 1981 TO 2010
CLIMATE RECORD PERIOD 1881 TO 2016


WEATHER ITEM   OBSERVED TIME   RECORD YEAR NORMAL DEPARTURE LAST
                VALUE   (LST)  VALUE       VALUE  FROM      YEAR
                                                  NORMAL
..................................................................
TEMPERATURE (F)
 YESTERDAY
  MAXIMUM         72    514 PM 100    1934  71      1       51
  MINIMUM         41    530 AM  26    2002  47     -6       35
  AVERAGE         57                        59     -2       43

PRECIPITATION (IN)
  YESTERDAY        0.00          1.44 1882   0.11  -0.11     0.00
  MONTH TO DATE    0.94                      1.71  -0.77     4.45
  SINCE MAR 1      6.15                      5.48   0.67     5.21
  SINCE JAN 1      7.02                      6.58   0.44     5.82

SNOWFALL (IN)
  YESTERDAY        0.0           0.3  1968   0.0    0.0      0.0
  MONTH TO DATE    0.0                       0.1   -0.1      0.0
  SINCE MAR 1      2.3                      13.0  -10.7      1.2
  SINCE JUL 1     33.0                      44.0  -11.0     22.8
  SNOW DEPTH       0

DEGREE DAYS
 HEATING
  YESTERDAY        8                         7      1       22
  MONTH TO DATE  178                       173      5      162
  SINCE MAR 1   1454                      1719   -265     1463
  SINCE JUL 1   6530                      7551  -1021     7400

 COOLING
  YESTERDAY        0                         1     -1        0
  MONTH TO DATE   10                        15     -5        8
  SINCE MAR 1     11                        19     -8       10
  SINCE JAN 1     11                        19     -8       10
..................................................................


WIND (MPH)
  HIGHEST WIND SPEED    16   HIGHEST WIND DIRECTION     S (160)
  HIGHEST GUST SPEED    24   HIGHEST GUST DIRECTION     E (110)
  AVERAGE WIND SPEED     8.8


SKY COVER
  POSSIBLE SUNSHINE  MM
  AVERAGE SKY COVER 0.0


WEATHER CONDITIONS
 THE FOLLOWING WEATHER WAS RECORDED YESTERDAY.
  NO SIGNIFICANT WEATHER WAS OBSERVED.


RELATIVE HUMIDITY (PERCENT)
 HIGHEST    76           600 AM
 LOWEST     25           500 PM
 AVERAGE    51

..........................................................


THE HURON SD CLIMATE NORMALS FOR TODAY
                         NORMAL    RECORD    YEAR
 MAXIMUM TEMPERATURE (F)   71        99      1934
 MINIMUM TEMPERATURE (F)   47        26      1895


SUNRISE AND SUNSET
MAY 19 2016...........SUNRISE   601 AM CDT   SUNSET   858 PM CDT
MAY 20 2016...........SUNRISE   600 AM CDT   SUNSET   859 PM CDT


-  INDICATES NEGATIVE NUMBERS.
R  INDICATES RECORD WAS SET OR TIED.
MM INDICATES DATA IS MISSING.
T  INDICATES TRACE AMOUNT.




$$
