000
CDUS43 KFSD 070651
CLIHON


CLIMATE REPORT
NATIONAL WEATHER SERVICE SIOUX FALLS SD
148 AM CDT SAT OCT 7 2017


...................................

...THE HURON SD CLIMATE SUMMARY FOR OCTOBER 6 2017...

CLIMATE NORMAL PERIOD 1981 TO 2010
CLIMATE RECORD PERIOD 1881 TO 2017


WEATHER ITEM   OBSERVED TIME   RECORD YEAR NORMAL DEPARTURE LAST
                VALUE   (LST)  VALUE       VALUE  FROM      YEAR
                                                  NORMAL
..................................................................
TEMPERATURE (F)
 YESTERDAY
  MAXIMUM         66    236 PM  91    1961  65      1       48
  MINIMUM         42   1159 PM  20    2012  39      3       36
  AVERAGE         54                        52      2       42

PRECIPITATION (IN)
  YESTERDAY        0.00          1.79 1882   0.07  -0.07     0.09
  MONTH TO DATE    0.91                      0.41   0.50     0.78
  SINCE SEP 1      6.88                      2.87   4.01     2.07
  SINCE JAN 1     19.19                     20.13  -0.94    16.62

SNOWFALL (IN)
  YESTERDAY        0.0           T    1990   0.1   -0.1      0.0
  MONTH TO DATE    0.0                       0.1   -0.1      0.0
  SINCE SEP 1      0.0                       0.1   -0.1      0.0
  SINCE JUL 1      0.0                       0.1   -0.1      0.0
  SNOW DEPTH       0

DEGREE DAYS
 HEATING
  YESTERDAY       11                        13     -2       23
  MONTH TO DATE   59                        72    -13       44
  SINCE SEP 1    182                       239    -57      144
  SINCE JUL 1    191                       268    -77      161

 COOLING
  YESTERDAY        0                         0      0        0
  MONTH TO DATE    2                         0      2        4
  SINCE SEP 1    109                        69     40       80
  SINCE JAN 1    729                       738     -9      886
..................................................................


WIND (MPH)
  HIGHEST WIND SPEED    15   HIGHEST WIND DIRECTION    NE (40)
  HIGHEST GUST SPEED    19   HIGHEST GUST DIRECTION    NE (50)
  AVERAGE WIND SPEED     4.6


SKY COVER
  POSSIBLE SUNSHINE  MM
  AVERAGE SKY COVER 0.0


WEATHER CONDITIONS
 THE FOLLOWING WEATHER WAS RECORDED YESTERDAY.
  NO SIGNIFICANT WEATHER WAS OBSERVED.


RELATIVE HUMIDITY (PERCENT)
 HIGHEST   100           200 AM
 LOWEST     48           200 PM
 AVERAGE    74

..........................................................


THE HURON SD CLIMATE NORMALS FOR TODAY
                         NORMAL    RECORD    YEAR
 MAXIMUM TEMPERATURE (F)   65        90      2003
 MINIMUM TEMPERATURE (F)   39        18      1952


SUNRISE AND SUNSET
OCTOBER  7 2017.......SUNRISE   738 AM CDT   SUNSET   702 PM CDT
OCTOBER  8 2017.......SUNRISE   739 AM CDT   SUNSET   700 PM CDT


-  INDICATES NEGATIVE NUMBERS.
R  INDICATES RECORD WAS SET OR TIED.
MM INDICATES DATA IS MISSING.
T  INDICATES TRACE AMOUNT.




$$
