000
CDUS43 KFSD 190628
CLIHON


CLIMATE REPORT
NATIONAL WEATHER SERVICE SIOUX FALLS SD
1228 AM CST MON JAN 19 2015


...................................

...THE HURON SD CLIMATE SUMMARY FOR JANUARY 18 2015...

CLIMATE NORMAL PERIOD 1981 TO 2010
CLIMATE RECORD PERIOD 1881 TO 2015


WEATHER ITEM   OBSERVED TIME   RECORD YEAR NORMAL DEPARTURE LAST
                VALUE   (LST)  VALUE       VALUE  FROM      YEAR
                                                  NORMAL
..................................................................
TEMPERATURE (F)
 YESTERDAY
  MAXIMUM         43    239 PM  55    1944  27     16       38
                                      1908
  MINIMUM         22    542 AM -34    1892   6     16       20
  AVERAGE         33                        16     17       29

PRECIPITATION (IN)
  YESTERDAY        0.00          0.26 1926   0.01  -0.01     0.01
  MONTH TO DATE    0.26                      0.29  -0.03     0.10
  SINCE DEC 1      0.96                      0.81   0.15     1.11
  SINCE JAN 1      0.26                      0.29  -0.03     0.10

SNOWFALL (IN)
  YESTERDAY        0.0           3.5  1926   0.2   -0.2       T
  MONTH TO DATE    2.9                       4.2   -1.3      0.5
  SINCE DEC 1      8.3                      12.2   -3.9     13.4
  SINCE JUL 1     16.2                      20.5   -4.3     15.9
  SNOW DEPTH       1

DEGREE DAYS
 HEATING
  YESTERDAY       32                        48    -16       36
  MONTH TO DATE  969                       879     90      903
  SINCE DEC 1   2267                      2297    -30     2589
  SINCE JUL 1   4124                      3999    125     4226

 COOLING
  YESTERDAY        0                         0      0        0
  MONTH TO DATE    0                         0      0        0
  SINCE DEC 1      0                         0      0        0
  SINCE JAN 1      0                         0      0        0
..................................................................


WIND (MPH)
  HIGHEST WIND SPEED    17   HIGHEST WIND DIRECTION     W (280)
  HIGHEST GUST SPEED    22   HIGHEST GUST DIRECTION     W (280)
  AVERAGE WIND SPEED     4.8


SKY COVER
  POSSIBLE SUNSHINE  MM
  AVERAGE SKY COVER 0.1


WEATHER CONDITIONS
 THE FOLLOWING WEATHER WAS RECORDED YESTERDAY.
  NO SIGNIFICANT WEATHER WAS OBSERVED.


RELATIVE HUMIDITY (PERCENT)
 HIGHEST    88           800 AM
 LOWEST     55           200 PM
 AVERAGE    72

..........................................................


THE HURON SD CLIMATE NORMALS FOR TODAY
                         NORMAL    RECORD    YEAR
 MAXIMUM TEMPERATURE (F)   27        64      1900
 MINIMUM TEMPERATURE (F)    6       -35      1970


SUNRISE AND SUNSET
JANUARY 19 2015.......SUNRISE   803 AM CST   SUNSET   524 PM CST
JANUARY 20 2015.......SUNRISE   802 AM CST   SUNSET   526 PM CST


-  INDICATES NEGATIVE NUMBERS.
R  INDICATES RECORD WAS SET OR TIED.
MM INDICATES DATA IS MISSING.
T  INDICATES TRACE AMOUNT.




$$
