000
CDUS43 KFSD 100620
CLIHON


CLIMATE REPORT
NATIONAL WEATHER SERVICE SIOUX FALLS SD
1220 AM CST FRI FEB 10 2017


...................................

...THE HURON SD CLIMATE SUMMARY FOR FEBRUARY 9 2017...

CLIMATE NORMAL PERIOD 1981 TO 2010
CLIMATE RECORD PERIOD 1881 TO 2017


WEATHER ITEM   OBSERVED TIME   RECORD YEAR NORMAL DEPARTURE LAST
                VALUE   (LST)  VALUE       VALUE  FROM      YEAR
                                                  NORMAL
..................................................................
TEMPERATURE (F)
 YESTERDAY
  MAXIMUM         26    321 PM  58    1977  30     -4       32
  MINIMUM          2    635 AM -41    1994   9     -7       12
  AVERAGE         14                        20     -6       22

PRECIPITATION (IN)
  YESTERDAY        0.00          0.66 1909   0.02  -0.02     0.00
  MONTH TO DATE    T                         0.17  -0.17     0.08
  SINCE DEC 1      1.97                      1.19   0.78     1.65
  SINCE JAN 1      0.58                      0.67  -0.09     0.37

SNOWFALL (IN)
  YESTERDAY        0.0           6.8  1909   0.2   -0.2      0.0
  MONTH TO DATE    T                         2.2   -2.2      1.0
  SINCE DEC 1     17.0                      17.5   -0.5     20.6
  SINCE JUL 1     21.7                      25.8   -4.1     26.2
  SNOW DEPTH       T

DEGREE DAYS
 HEATING
  YESTERDAY       51                        45      6       43
  MONTH TO DATE  434                       416     18      352
  SINCE DEC 1   3429                      3331     98     3100
  SINCE JUL 1   4637                      5033   -396     4390

 COOLING
  YESTERDAY        0                         0      0        0
  MONTH TO DATE    0                         0      0        0
  SINCE DEC 1      0                         0      0        0
  SINCE JAN 1      0                         0      0        0
..................................................................


WIND (MPH)
  HIGHEST WIND SPEED    26   HIGHEST WIND DIRECTION     S (160)
  HIGHEST GUST SPEED    36   HIGHEST GUST DIRECTION     S (160)
  AVERAGE WIND SPEED    12.8


SKY COVER
  POSSIBLE SUNSHINE  MM
  AVERAGE SKY COVER 0.1


WEATHER CONDITIONS
 THE FOLLOWING WEATHER WAS RECORDED YESTERDAY.
  NO SIGNIFICANT WEATHER WAS OBSERVED.


RELATIVE HUMIDITY (PERCENT)
 HIGHEST    87           200 AM
 LOWEST     50           300 PM
 AVERAGE    69

..........................................................


THE HURON SD CLIMATE NORMALS FOR TODAY
                         NORMAL    RECORD    YEAR
 MAXIMUM TEMPERATURE (F)   30        61      1951
 MINIMUM TEMPERATURE (F)   10       -32      1884


SUNRISE AND SUNSET
FEBRUARY 10 2017......SUNRISE   739 AM CST   SUNSET   555 PM CST
FEBRUARY 11 2017......SUNRISE   738 AM CST   SUNSET   557 PM CST


-  INDICATES NEGATIVE NUMBERS.
R  INDICATES RECORD WAS SET OR TIED.
MM INDICATES DATA IS MISSING.
T  INDICATES TRACE AMOUNT.




$$
