000
CDUS43 KFSD 060641
CLIHON


CLIMATE REPORT
NATIONAL WEATHER SERVICE SIOUX FALLS SD
141 AM CDT WED SEP 6 2017


...................................

...THE HURON SD CLIMATE SUMMARY FOR SEPTEMBER 5 2017...

CLIMATE NORMAL PERIOD 1981 TO 2010
CLIMATE RECORD PERIOD 1881 TO 2017


WEATHER ITEM   OBSERVED TIME   RECORD YEAR NORMAL DEPARTURE LAST
                VALUE   (LST)  VALUE       VALUE  FROM      YEAR
                                                  NORMAL
..................................................................
TEMPERATURE (F)
 YESTERDAY
  MAXIMUM         70    216 PM 105    1933  79     -9       75
  MINIMUM         40   1154 PM  31    1885  54    -14       62
  AVERAGE         55                        66    -11       69

PRECIPITATION (IN)
  YESTERDAY        0.00          2.33 2005   0.09  -0.09      T
  MONTH TO DATE    0.12                      0.42  -0.30     0.42
  SINCE SEP 1      0.12                      0.42  -0.30     0.42
  SINCE JAN 1     12.43                     17.68  -5.25    14.97

SNOWFALL (IN)
  YESTERDAY        0.0           0.0    MM   0.0    0.0      0.0
  MONTH TO DATE    0.0                       0.0    0.0      0.0
  SINCE SEP 1      0.0                       0.0    0.0      0.0
  SINCE JUL 1      0.0                       0.0    0.0      0.0
  SNOW DEPTH       0

DEGREE DAYS
 HEATING
  YESTERDAY       10                         3      7        0
  MONTH TO DATE   13                        11      2        0
  SINCE SEP 1     13                        11      2        0
  SINCE JUL 1     22                        40    -18       17

 COOLING
  YESTERDAY        0                         4     -4        4
  MONTH TO DATE   21                        23     -2       32
  SINCE SEP 1     21                        23     -2       32
  SINCE JAN 1    641                       692    -51      838
..................................................................


WIND (MPH)
  HIGHEST WIND SPEED    23   HIGHEST WIND DIRECTION     N (350)
  HIGHEST GUST SPEED    28   HIGHEST GUST DIRECTION     N (340)
  AVERAGE WIND SPEED    11.2


SKY COVER
  POSSIBLE SUNSHINE  MM
  AVERAGE SKY COVER 0.3


WEATHER CONDITIONS
 THE FOLLOWING WEATHER WAS RECORDED YESTERDAY.
  NO SIGNIFICANT WEATHER WAS OBSERVED.


RELATIVE HUMIDITY (PERCENT)
 HIGHEST    89           300 AM
 LOWEST     39           200 PM
 AVERAGE    64

..........................................................


THE HURON SD CLIMATE NORMALS FOR TODAY
                         NORMAL    RECORD    YEAR
 MAXIMUM TEMPERATURE (F)   79       106      1970
 MINIMUM TEMPERATURE (F)   53        35      1956


SUNRISE AND SUNSET
SEPTEMBER  6 2017.....SUNRISE   702 AM CDT   SUNSET   800 PM CDT
SEPTEMBER  7 2017.....SUNRISE   703 AM CDT   SUNSET   758 PM CDT


-  INDICATES NEGATIVE NUMBERS.
R  INDICATES RECORD WAS SET OR TIED.
MM INDICATES DATA IS MISSING.
T  INDICATES TRACE AMOUNT.




$$
