000
CDUS43 KFSD 200706
CLIHON


CLIMATE REPORT
NATIONAL WEATHER SERVICE SIOUX FALLS SD
205 AM CDT SAT MAY 20 2017


...................................

...THE HURON SD CLIMATE SUMMARY FOR MAY 19 2017...

CLIMATE NORMAL PERIOD 1981 TO 2010
CLIMATE RECORD PERIOD 1881 TO 2017


WEATHER ITEM   OBSERVED TIME   RECORD YEAR NORMAL DEPARTURE LAST
                VALUE   (LST)  VALUE       VALUE  FROM      YEAR
                                                  NORMAL
..................................................................
TEMPERATURE (F)
 YESTERDAY
  MAXIMUM         56    202 PM  99    1934  71    -15       73
  MINIMUM         47   1159 PM  26    1895  47      0       50
  AVERAGE         52                        59     -7       62

PRECIPITATION (IN)
  YESTERDAY        0.00          3.39 1990   0.11  -0.11     0.00
  MONTH TO DATE    0.53                      1.82  -1.29     0.94
  SINCE MAR 1      2.48                      5.59  -3.11     6.15
  SINCE JAN 1      3.28                      6.69  -3.41     7.02

SNOWFALL (IN)
  YESTERDAY        0.0           0.0    MM   0.0    0.0      0.0
  MONTH TO DATE    0.0                       0.1   -0.1      0.0
  SINCE MAR 1     13.9                      13.0    0.9      2.3
  SINCE JUL 1     35.9                      44.0   -8.1     33.0
  SNOW DEPTH       0

DEGREE DAYS
 HEATING
  YESTERDAY       13                         7      6        3
  MONTH TO DATE  122                       180    -58      181
  SINCE MAR 1   1612                      1726   -114     1457
  SINCE JUL 1   6761                      7558   -797     6533

 COOLING
  YESTERDAY        0                         1     -1        0
  MONTH TO DATE   21                        16      5       10
  SINCE MAR 1     21                        20      1       11
  SINCE JAN 1     21                        20      1       11
..................................................................


WIND (MPH)
  HIGHEST WIND SPEED    20   HIGHEST WIND DIRECTION     E (80)
  HIGHEST GUST SPEED    27   HIGHEST GUST DIRECTION    NE (50)
  AVERAGE WIND SPEED    12.2


SKY COVER
  POSSIBLE SUNSHINE  MM
  AVERAGE SKY COVER 0.8


WEATHER CONDITIONS
 THE FOLLOWING WEATHER WAS RECORDED YESTERDAY.
  NO SIGNIFICANT WEATHER WAS OBSERVED.


RELATIVE HUMIDITY (PERCENT)
 HIGHEST    86           200 AM
 LOWEST     38           400 PM
 AVERAGE    62

..........................................................


THE HURON SD CLIMATE NORMALS FOR TODAY
                         NORMAL    RECORD    YEAR
 MAXIMUM TEMPERATURE (F)   71        98      1934
 MINIMUM TEMPERATURE (F)   48        24      1895


SUNRISE AND SUNSET
MAY 20 2017...........SUNRISE   600 AM CDT   SUNSET   859 PM CDT
MAY 21 2017...........SUNRISE   559 AM CDT   SUNSET   900 PM CDT


-  INDICATES NEGATIVE NUMBERS.
R  INDICATES RECORD WAS SET OR TIED.
MM INDICATES DATA IS MISSING.
T  INDICATES TRACE AMOUNT.




$$
