000
CDUS43 KFSD 212226
CLIHON


CLIMATE REPORT
NATIONAL WEATHER SERVICE SIOUX FALLS SD
524 PM CDT FRI AUG 21 2015


...................................

...THE HURON SD CLIMATE SUMMARY FOR AUGUST 21 2015...
VALID TODAY AS OF 0500 PM LOCAL TIME.

CLIMATE NORMAL PERIOD 1981 TO 2010
CLIMATE RECORD PERIOD 1881 TO 2015


WEATHER ITEM   OBSERVED TIME   RECORD YEAR NORMAL DEPARTURE LAST
                VALUE   (LST)  VALUE       VALUE  FROM      YEAR
                                                  NORMAL
..................................................................
TEMPERATURE (F)
 TODAY
  MAXIMUM         82    359 PM 103    1976  83     -1       88
  MINIMUM         58    621 AM  43    1884  59     -1       64
  AVERAGE         70                        71     -1       76

PRECIPITATION (IN)
  TODAY            0.00          1.69 1916   0.06  -0.06     0.00
  MONTH TO DATE    4.96                      1.73   3.23     0.69
  SINCE JUN 1     13.17                      8.58   4.59     6.73
  SINCE JAN 1     19.11                     16.56   2.55    11.22

SNOWFALL (IN)
  TODAY            0.0           0.0    MM   0.0    0.0      0.0
  MONTH TO DATE    0.0                       0.0    0.0      0.0
  SINCE JUN 1      T                         0.0    0.0      0.0
  SINCE JUL 1      0.0                       0.0    0.0      0.0
  SNOW DEPTH       0

DEGREE DAYS
 HEATING
  TODAY            0                         1     -1        0
  MONTH TO DATE   16                         5     11        1
  SINCE JUN 1     31                        64    -33       64
  SINCE JUL 1     20                        13      7       24

 COOLING
  TODAY            5                         7     -2       11
  MONTH TO DATE  158                       168    -10      133
  SINCE JUN 1    590                       578     12      413
  SINCE JAN 1    610                       611     -1      475
..................................................................


WIND (MPH)
  HIGHEST WIND SPEED    21   HIGHEST WIND DIRECTION     S (160)
  HIGHEST GUST SPEED    29   HIGHEST GUST DIRECTION     S (180)
  AVERAGE WIND SPEED    11.5


SKY COVER
  POSSIBLE SUNSHINE  MM
  AVERAGE SKY COVER 0.0


WEATHER CONDITIONS
 THE FOLLOWING WEATHER WAS RECORDED TODAY.
  NO SIGNIFICANT WEATHER WAS OBSERVED.


RELATIVE HUMIDITY (PERCENT)
 HIGHEST    93           500 AM
 LOWEST     58           300 PM
 AVERAGE    76

..........................................................


THE HURON SD CLIMATE NORMALS FOR TOMORROW
                         NORMAL    RECORD    YEAR
 MAXIMUM TEMPERATURE (F)   83       105      1971
                                             1938
 MINIMUM TEMPERATURE (F)   58        35      1890


SUNRISE AND SUNSET
AUGUST 21 2015........SUNRISE   643 AM CDT   SUNSET   829 PM CDT
AUGUST 22 2015........SUNRISE   644 AM CDT   SUNSET   827 PM CDT


-  INDICATES NEGATIVE NUMBERS.
R  INDICATES RECORD WAS SET OR TIED.
MM INDICATES DATA IS MISSING.
T  INDICATES TRACE AMOUNT.




$$
