502
CDUS43 KFSD 140651
CLIHON


CLIMATE REPORT
NATIONAL WEATHER SERVICE SIOUX FALLS SD
1250 AM CST SUN JAN 14 2018


...................................

...THE HURON SD CLIMATE SUMMARY FOR JANUARY 13 2018...

CLIMATE NORMAL PERIOD 1981 TO 2010
CLIMATE RECORD PERIOD 1881 TO 2018


WEATHER ITEM   OBSERVED TIME   RECORD YEAR NORMAL DEPARTURE LAST
                VALUE   (LST)  VALUE       VALUE  FROM      YEAR
                                                  NORMAL
..................................................................
TEMPERATURE (F)
 YESTERDAY
  MAXIMUM         12   1159 PM  59    1900  26    -14       15
  MINIMUM        -10    759 AM -40    1916   6    -16      -15
  AVERAGE          1                        16    -15        0

PRECIPITATION (IN)
  YESTERDAY        0.00          0.79 2002   0.02  -0.02      T
  MONTH TO DATE    0.02                      0.22  -0.20     0.33
  SINCE DEC 1      0.52                      0.74  -0.22     1.72
  SINCE JAN 1      0.02                      0.22  -0.20     0.33

SNOWFALL (IN)
  YESTERDAY        0.0           4.6  2001   0.2   -0.2       T
  MONTH TO DATE    0.2                       3.1   -2.9      4.0
  SINCE DEC 1      7.1                      11.1   -4.0     14.0
  SINCE JUL 1      8.4                      19.4  -11.0     18.7
  SNOW DEPTH       T

DEGREE DAYS
 HEATING
  YESTERDAY       64                        49     15       65
  MONTH TO DATE  717                       635     82      769
  SINCE DEC 1   2080                      2053     27     2268
  SINCE JUL 1   3645                      3755   -110     3476

 COOLING
  YESTERDAY        0                         0      0        0
  MONTH TO DATE    0                         0      0        0
  SINCE DEC 1      0                         0      0        0
  SINCE JAN 1      0                         0      0        0
..................................................................


WIND (MPH)
  HIGHEST WIND SPEED    16   HIGHEST WIND DIRECTION     S (170)
  HIGHEST GUST SPEED    20   HIGHEST GUST DIRECTION     S (160)
  AVERAGE WIND SPEED     6.4


SKY COVER
  POSSIBLE SUNSHINE  MM
  AVERAGE SKY COVER 0.3


WEATHER CONDITIONS
 THE FOLLOWING WEATHER WAS RECORDED YESTERDAY.
  NO SIGNIFICANT WEATHER WAS OBSERVED.


RELATIVE HUMIDITY (PERCENT)
 HIGHEST    83           900 AM
 LOWEST     55           200 PM
 AVERAGE    69

..........................................................


THE HURON SD CLIMATE NORMALS FOR TODAY
                         NORMAL    RECORD    YEAR
 MAXIMUM TEMPERATURE (F)   27        56      1901
 MINIMUM TEMPERATURE (F)    6       -32      1888


SUNRISE AND SUNSET
JANUARY 14 2018.......SUNRISE   806 AM CST   SUNSET   518 PM CST
JANUARY 15 2018.......SUNRISE   805 AM CST   SUNSET   520 PM CST


-  INDICATES NEGATIVE NUMBERS.
R  INDICATES RECORD WAS SET OR TIED.
MM INDICATES DATA IS MISSING.
T  INDICATES TRACE AMOUNT.




$$
