000
CDUS43 KFSD 010634
CLIHON


CLIMATE REPORT
NATIONAL WEATHER SERVICE SIOUX FALLS SD
1233 AM CST THU DEC 1 2016


...................................

...THE HURON SD CLIMATE SUMMARY FOR NOVEMBER 30 2016...

CLIMATE NORMAL PERIOD 1981 TO 2010
CLIMATE RECORD PERIOD 1881 TO 2016


WEATHER ITEM   OBSERVED TIME   RECORD YEAR NORMAL DEPARTURE LAST
                VALUE   (LST)  VALUE       VALUE  FROM      YEAR
                                                  NORMAL
..................................................................
TEMPERATURE (F)
 YESTERDAY
  MAXIMUM         32    322 PM  63    1932  34     -2       30
  MINIMUM         30   1159 PM -21    1964  15     15       27
  AVERAGE         31                        24      7       29

PRECIPITATION (IN)
  YESTERDAY        T             0.90 1981   0.02  -0.02     0.42
  MONTH TO DATE    1.01                      0.87   0.14     1.44
  SINCE SEP 1      3.35                      5.12  -1.77     5.11
  SINCE JAN 1     17.90                     22.38  -4.48    24.30

SNOWFALL (IN)
  YESTERDAY        T             6.8  1981   0.3   -0.3      5.4
  MONTH TO DATE    4.2                       7.2   -3.0      5.6
  SINCE SEP 1      4.2                       8.3   -4.1      5.6
  SINCE JUL 1      4.2                       8.3   -4.1      5.6
  SNOW DEPTH       1

DEGREE DAYS
 HEATING
  YESTERDAY       34                        40     -6       36
  MONTH TO DATE  699                       970   -271      776
  SINCE SEP 1   1191                      1673   -482     1250
  SINCE JUL 1   1208                      1702   -494     1290

 COOLING
  YESTERDAY        0                         0      0        0
  MONTH TO DATE    0                         0      0        0
  SINCE SEP 1     81                        73      8      141
  SINCE JAN 1    887                       742    145      797
..................................................................


WIND (MPH)
  HIGHEST WIND SPEED    25   HIGHEST WIND DIRECTION    NW (320)
  HIGHEST GUST SPEED    31   HIGHEST GUST DIRECTION    NW (310)
  AVERAGE WIND SPEED    19.4


SKY COVER
  POSSIBLE SUNSHINE  MM
  AVERAGE SKY COVER 1.0


WEATHER CONDITIONS
 THE FOLLOWING WEATHER WAS RECORDED YESTERDAY.
  LIGHT SNOW
  FOG


RELATIVE HUMIDITY (PERCENT)
 HIGHEST    92           100 AM
 LOWEST     85          1200 PM
 AVERAGE    89

..........................................................


THE HURON SD CLIMATE NORMALS FOR TODAY
                         NORMAL    RECORD    YEAR
 MAXIMUM TEMPERATURE (F)   34        66      1998
 MINIMUM TEMPERATURE (F)   14       -16      1893


SUNRISE AND SUNSET
DECEMBER  1 2016......SUNRISE   749 AM CST   SUNSET   455 PM CST
DECEMBER  2 2016......SUNRISE   750 AM CST   SUNSET   454 PM CST


-  INDICATES NEGATIVE NUMBERS.
R  INDICATES RECORD WAS SET OR TIED.
MM INDICATES DATA IS MISSING.
T  INDICATES TRACE AMOUNT.




$$
