000
CDUS43 KFSD 260648
CLIHON


CLIMATE REPORT
NATIONAL WEATHER SERVICE SIOUX FALLS SD
147 AM CDT THU MAY 26 2016


...................................

...THE HURON SD CLIMATE SUMMARY FOR MAY 25 2016...

CLIMATE NORMAL PERIOD 1981 TO 2010
CLIMATE RECORD PERIOD 1881 TO 2016


WEATHER ITEM   OBSERVED TIME   RECORD YEAR NORMAL DEPARTURE LAST
                VALUE   (LST)  VALUE       VALUE  FROM      YEAR
                                                  NORMAL
..................................................................
TEMPERATURE (F)
 YESTERDAY
  MAXIMUM         79    514 PM  93    1967  73      6       68
  MINIMUM         57    657 PM  32    1924  49      8       53
                                      1893
  AVERAGE         68                        61      7       61

PRECIPITATION (IN)
  YESTERDAY        0.53          1.98 1907   0.11   0.42     0.01
  MONTH TO DATE    1.95                      2.45  -0.50     4.54
  SINCE MAR 1      7.16                      6.22   0.94     5.30
  SINCE JAN 1      8.03                      7.32   0.71     5.91

SNOWFALL (IN)
  YESTERDAY        0.0           0.0    MM   0.0    0.0      0.0
  MONTH TO DATE    0.0                       0.1   -0.1      0.0
  SINCE MAR 1      2.3                      13.0  -10.7      1.2
  SINCE JUL 1     33.0                      44.0  -11.0     22.8
  SNOW DEPTH       0

DEGREE DAYS
 HEATING
  YESTERDAY        0                         5     -5        4
  MONTH TO DATE  192                       216    -24      222
  SINCE MAR 1   1468                      1762   -294     1523
  SINCE JUL 1   6544                      7594  -1050     7460

 COOLING
  YESTERDAY        3                         1      2        0
  MONTH TO DATE   24                        22      2        8
  SINCE MAR 1     25                        26     -1       10
  SINCE JAN 1     25                        26     -1       10
..................................................................


WIND (MPH)
  HIGHEST WIND SPEED    29   HIGHEST WIND DIRECTION     W (280)
  HIGHEST GUST SPEED    37   HIGHEST GUST DIRECTION     W (280)
  AVERAGE WIND SPEED     9.7


SKY COVER
  POSSIBLE SUNSHINE  MM
  AVERAGE SKY COVER 0.5


WEATHER CONDITIONS
 THE FOLLOWING WEATHER WAS RECORDED YESTERDAY.
  THUNDERSTORM
  HEAVY RAIN
  RAIN
  LIGHT RAIN
  FOG


RELATIVE HUMIDITY (PERCENT)
 HIGHEST    97           400 AM
 LOWEST     50           500 PM
 AVERAGE    74

..........................................................


THE HURON SD CLIMATE NORMALS FOR TODAY
                         NORMAL    RECORD    YEAR
 MAXIMUM TEMPERATURE (F)   73        95      1931
 MINIMUM TEMPERATURE (F)   50        28      1992


SUNRISE AND SUNSET
MAY 26 2016...........SUNRISE   555 AM CDT   SUNSET   905 PM CDT
MAY 27 2016...........SUNRISE   554 AM CDT   SUNSET   906 PM CDT


-  INDICATES NEGATIVE NUMBERS.
R  INDICATES RECORD WAS SET OR TIED.
MM INDICATES DATA IS MISSING.
T  INDICATES TRACE AMOUNT.




$$
