000
CDUS43 KFSD 250640
CLIHON


CLIMATE REPORT
NATIONAL WEATHER SERVICE SIOUX FALLS SD
139 AM CDT THU MAY 25 2017


...................................

...THE HURON SD CLIMATE SUMMARY FOR MAY 24 2017...

CLIMATE NORMAL PERIOD 1981 TO 2010
CLIMATE RECORD PERIOD 1881 TO 2017


WEATHER ITEM   OBSERVED TIME   RECORD YEAR NORMAL DEPARTURE LAST
                VALUE   (LST)  VALUE       VALUE  FROM      YEAR
                                                  NORMAL
..................................................................
TEMPERATURE (F)
 YESTERDAY
  MAXIMUM         66    418 PM  97    1926  72     -6       85
  MINIMUM         33    509 AM  27    1897  49    -16       51
  AVERAGE         50                        61    -11       68

PRECIPITATION (IN)
  YESTERDAY        0.00          2.02 1909   0.10  -0.10     0.00
  MONTH TO DATE    1.32                      2.34  -1.02     1.42
  SINCE MAR 1      3.27                      6.11  -2.84     6.63
  SINCE JAN 1      4.07                      7.21  -3.14     7.50

SNOWFALL (IN)
  YESTERDAY        0.0           0.0    MM   0.0    0.0      0.0
  MONTH TO DATE    0.0                       0.1   -0.1      0.0
  SINCE MAR 1     13.9                      13.0    0.9      2.3
  SINCE JUL 1     35.9                      44.0   -8.1     33.0
  SNOW DEPTH       0

DEGREE DAYS
 HEATING
  YESTERDAY       15                         6      9        0
  MONTH TO DATE  204                       211     -7      192
  SINCE MAR 1   1694                      1757    -63     1468
  SINCE JUL 1   6843                      7589   -746     6544

 COOLING
  YESTERDAY        0                         1     -1        3
  MONTH TO DATE   21                        21      0       21
  SINCE MAR 1     21                        25     -4       22
  SINCE JAN 1     21                        25     -4       22
..................................................................


WIND (MPH)
  HIGHEST WIND SPEED    20   HIGHEST WIND DIRECTION    SE (150)
  HIGHEST GUST SPEED    27   HIGHEST GUST DIRECTION    SE (150)
  AVERAGE WIND SPEED     9.2


SKY COVER
  POSSIBLE SUNSHINE  MM
  AVERAGE SKY COVER 0.3


WEATHER CONDITIONS
 THE FOLLOWING WEATHER WAS RECORDED YESTERDAY.
  FOG


RELATIVE HUMIDITY (PERCENT)
 HIGHEST   100          1200 AM
 LOWEST     45           400 PM
 AVERAGE    73

..........................................................


THE HURON SD CLIMATE NORMALS FOR TODAY
                         NORMAL    RECORD    YEAR
 MAXIMUM TEMPERATURE (F)   73        93      1967
 MINIMUM TEMPERATURE (F)   49        32      1924
                                             1893


SUNRISE AND SUNSET
MAY 25 2017...........SUNRISE   556 AM CDT   SUNSET   904 PM CDT
MAY 26 2017...........SUNRISE   555 AM CDT   SUNSET   905 PM CDT


-  INDICATES NEGATIVE NUMBERS.
R  INDICATES RECORD WAS SET OR TIED.
MM INDICATES DATA IS MISSING.
T  INDICATES TRACE AMOUNT.




$$
