764
CDUS43 KFSD 172222
CLIHON


CLIMATE REPORT
NATIONAL WEATHER SERVICE SIOUX FALLS SD
421 PM CST FRI NOV 17 2017


...................................

...THE HURON SD CLIMATE SUMMARY FOR NOVEMBER 17 2017...
VALID TODAY AS OF 0400 PM LOCAL TIME.

CLIMATE NORMAL PERIOD 1981 TO 2010
CLIMATE RECORD PERIOD 1881 TO 2017


WEATHER ITEM   OBSERVED TIME   RECORD YEAR NORMAL DEPARTURE LAST
                VALUE   (LST)  VALUE       VALUE  FROM      YEAR
                                                  NORMAL
..................................................................
TEMPERATURE (F)
 TODAY
  MAXIMUM         50    130 PM  71    1953  42      8       44
  MINIMUM         29    714 AM  -9    1891  22      7       31
  AVERAGE         40                        32      8       38

PRECIPITATION (IN)
  TODAY            T             0.72 1952   0.03  -0.03     0.02
  MONTH TO DATE    0.08                      0.55  -0.47     0.02
  SINCE SEP 1      7.83                      4.80   3.03     2.36
  SINCE JAN 1     20.14                     22.06  -1.92    16.91

SNOWFALL (IN)
  TODAY            0.0           4.4  1986   0.3   -0.3       T
  MONTH TO DATE    1.3                       3.3   -2.0       T
  SINCE SEP 1      1.3                       4.4   -3.1       T
  SINCE JUL 1      1.3                       4.4   -3.1       T
  SNOW DEPTH       0

DEGREE DAYS
 HEATING
  TODAY           25                        33     -8       27
  MONTH TO DATE  563                       487     76      270
  SINCE SEP 1   1198                      1188     10      762
  SINCE JUL 1   1207                      1217    -10      779

 COOLING
  TODAY            0                         0      0        0
  MONTH TO DATE    0                         0      0        0
  SINCE SEP 1    110                        73     37       81
  SINCE JAN 1    730                       742    -12      887
..................................................................


WIND (MPH)
  HIGHEST WIND SPEED    23   HIGHEST WIND DIRECTION     S (160)
  HIGHEST GUST SPEED    32   HIGHEST GUST DIRECTION     S (170)
  AVERAGE WIND SPEED    12.0


SKY COVER
  POSSIBLE SUNSHINE  MM
  AVERAGE SKY COVER 0.3


WEATHER CONDITIONS
 THE FOLLOWING WEATHER WAS RECORDED TODAY.
  LIGHT RAIN


RELATIVE HUMIDITY (PERCENT)
 HIGHEST    89           800 AM
 LOWEST     56           300 PM
 AVERAGE    73

..........................................................


THE HURON SD CLIMATE NORMALS FOR TOMORROW
                         NORMAL    RECORD    YEAR
 MAXIMUM TEMPERATURE (F)   41        74      1908
 MINIMUM TEMPERATURE (F)   21        -5      1891


SUNRISE AND SUNSET
NOVEMBER 17 2017......SUNRISE   732 AM CST   SUNSET   503 PM CST
NOVEMBER 18 2017......SUNRISE   733 AM CST   SUNSET   503 PM CST


-  INDICATES NEGATIVE NUMBERS.
R  INDICATES RECORD WAS SET OR TIED.
MM INDICATES DATA IS MISSING.
T  INDICATES TRACE AMOUNT.




$$
