000
CDUS43 KFSD 220638
CLIHON


CLIMATE REPORT
NATIONAL WEATHER SERVICE SIOUX FALLS SD
137 AM CDT FRI APR 22 2016


...................................

...THE HURON SD CLIMATE SUMMARY FOR APRIL 21 2016...

CLIMATE NORMAL PERIOD 1981 TO 2010
CLIMATE RECORD PERIOD 1881 TO 2016


WEATHER ITEM   OBSERVED TIME   RECORD YEAR NORMAL DEPARTURE LAST
                VALUE   (LST)  VALUE       VALUE  FROM      YEAR
                                                  NORMAL
..................................................................
TEMPERATURE (F)
 YESTERDAY
  MAXIMUM         63    359 PM  97    1980  62      1       53
  MINIMUM         38    554 AM  13    1927  36      2       23
  AVERAGE         51                        49      2       38

PRECIPITATION (IN)
  YESTERDAY        0.00          1.19 1964   0.08  -0.08     0.00
  MONTH TO DATE    1.73                      1.53   0.20     0.53
  SINCE MAR 1      2.80                      2.99  -0.19     0.69
  SINCE JAN 1      3.67                      4.09  -0.42     1.30

SNOWFALL (IN)
  YESTERDAY        0.0           1.4  2002   0.1   -0.1      0.0
  MONTH TO DATE    T                         3.4   -3.4       T
  SINCE MAR 1      2.3                      12.3  -10.0      1.2
  SINCE JUL 1     33.0                      43.3  -10.3     22.8
  SNOW DEPTH       0

DEGREE DAYS
 HEATING
  YESTERDAY       14                        16     -2       27
  MONTH TO DATE  391                       431    -40      330
  SINCE MAR 1   1138                      1418   -280     1188
  SINCE JUL 1   6214                      7250  -1036     7125

 COOLING
  YESTERDAY        0                         0      0        0
  MONTH TO DATE    0                         0      0        0
  SINCE MAR 1      0                         0      0        2
  SINCE JAN 1      0                         0      0        2
..................................................................


WIND (MPH)
  HIGHEST WIND SPEED    25   HIGHEST WIND DIRECTION     N (360)
  HIGHEST GUST SPEED    32   HIGHEST GUST DIRECTION     N (340)
  AVERAGE WIND SPEED    13.4


SKY COVER
  POSSIBLE SUNSHINE  MM
  AVERAGE SKY COVER 0.2


WEATHER CONDITIONS
 THE FOLLOWING WEATHER WAS RECORDED YESTERDAY.
  NO SIGNIFICANT WEATHER WAS OBSERVED.


RELATIVE HUMIDITY (PERCENT)
 HIGHEST   100           100 AM
 LOWEST     39           500 PM
 AVERAGE    70

..........................................................


THE HURON SD CLIMATE NORMALS FOR TODAY
                         NORMAL    RECORD    YEAR
 MAXIMUM TEMPERATURE (F)   62        92      1990
 MINIMUM TEMPERATURE (F)   37        19      2015


SUNRISE AND SUNSET
APRIL 22 2016.........SUNRISE   637 AM CDT   SUNSET   827 PM CDT
APRIL 23 2016.........SUNRISE   635 AM CDT   SUNSET   828 PM CDT


-  INDICATES NEGATIVE NUMBERS.
R  INDICATES RECORD WAS SET OR TIED.
MM INDICATES DATA IS MISSING.
T  INDICATES TRACE AMOUNT.




$$
