000
CDUS43 KFSD 090640
CLIHON


CLIMATE REPORT
NATIONAL WEATHER SERVICE SIOUX FALLS SD
138 AM CDT SAT JUL 9 2016


...................................

...THE HURON SD CLIMATE SUMMARY FOR JULY 8 2016...

CLIMATE NORMAL PERIOD 1981 TO 2010
CLIMATE RECORD PERIOD 1881 TO 2016


WEATHER ITEM   OBSERVED TIME   RECORD YEAR NORMAL DEPARTURE LAST
                VALUE   (LST)  VALUE       VALUE  FROM      YEAR
                                                  NORMAL
..................................................................
TEMPERATURE (F)
 YESTERDAY
  MAXIMUM         83    610 PM 101    2000  86     -3       79
  MINIMUM         54    533 AM  45    1971  61     -7       54
                                      1953
  AVERAGE         69                        73     -4       67

PRECIPITATION (IN)
  YESTERDAY        0.00          0.94 1898   0.09  -0.09     0.00
  MONTH TO DATE    0.48                      0.69  -0.21     1.14
  SINCE JUN 1      2.39                      4.62  -2.23     5.74
  SINCE JAN 1     11.20                     12.60  -1.40    11.68

SNOWFALL (IN)
  YESTERDAY        0.0           0.0    MM   0.0    0.0      0.0
  MONTH TO DATE    0.0                       0.0    0.0      0.0
  SINCE JUN 1      0.0                       0.0    0.0       T
  SINCE JUL 1      0.0                       0.0    0.0      0.0
  SNOW DEPTH       0

DEGREE DAYS
 HEATING
  YESTERDAY        0                         0      0        0
  MONTH TO DATE    6                         0      6        4
  SINCE JUN 1     23                        51    -28       15
  SINCE JUL 1      6                         0      6        4

 COOLING
  YESTERDAY        4                         9     -5        2
  MONTH TO DATE   53                        66    -13       39
  SINCE JUN 1    281                       199     82      189
  SINCE JAN 1    312                       232     80      209
..................................................................


WIND (MPH)
  HIGHEST WIND SPEED    13   HIGHEST WIND DIRECTION    NW (330)
  HIGHEST GUST SPEED    24   HIGHEST GUST DIRECTION    NW (330)
  AVERAGE WIND SPEED     6.7


SKY COVER
  POSSIBLE SUNSHINE  MM
  AVERAGE SKY COVER 0.0


WEATHER CONDITIONS
 THE FOLLOWING WEATHER WAS RECORDED YESTERDAY.
  NO SIGNIFICANT WEATHER WAS OBSERVED.


RELATIVE HUMIDITY (PERCENT)
 HIGHEST    93           400 AM
 LOWEST     34           400 PM
 AVERAGE    64

..........................................................


THE HURON SD CLIMATE NORMALS FOR TODAY
                         NORMAL    RECORD    YEAR
 MAXIMUM TEMPERATURE (F)   86       107      1936
 MINIMUM TEMPERATURE (F)   61        43      1895


SUNRISE AND SUNSET
JULY  9 2016..........SUNRISE   558 AM CDT   SUNSET   918 PM CDT
JULY 10 2016..........SUNRISE   559 AM CDT   SUNSET   917 PM CDT


-  INDICATES NEGATIVE NUMBERS.
R  INDICATES RECORD WAS SET OR TIED.
MM INDICATES DATA IS MISSING.
T  INDICATES TRACE AMOUNT.




$$
