984
CDUS43 KFSD 140634
CLIHON


CLIMATE REPORT
NATIONAL WEATHER SERVICE SIOUX FALLS SD
1233 AM CST SAT JAN 14 2017


...................................

...THE HURON SD CLIMATE SUMMARY FOR JANUARY 13 2017...

CLIMATE NORMAL PERIOD 1981 TO 2010
CLIMATE RECORD PERIOD 1881 TO 2017


WEATHER ITEM   OBSERVED TIME   RECORD YEAR NORMAL DEPARTURE LAST
                VALUE   (LST)  VALUE       VALUE  FROM      YEAR
                                                  NORMAL
..................................................................
TEMPERATURE (F)
 YESTERDAY
  MAXIMUM         15    440 PM  59    1900  26    -11       36
  MINIMUM        -15   1223 AM -40    1916   6    -21        6
  AVERAGE          0                        16    -16       21

PRECIPITATION (IN)
  YESTERDAY        T             0.79 2002   0.02  -0.02     0.00
  MONTH TO DATE    0.33                      0.22   0.11     0.05
  SINCE DEC 1      1.72                      0.74   0.98     1.33
  SINCE JAN 1      0.33                      0.22   0.11     0.05

SNOWFALL (IN)
  YESTERDAY        T             4.6  2001   0.2   -0.2      0.0
  MONTH TO DATE    4.0                       3.1    0.9      0.7
  SINCE DEC 1     14.0                      11.1    2.9     15.0
  SINCE JUL 1     18.7                      19.4   -0.7     20.6
  SNOW DEPTH       3

DEGREE DAYS
 HEATING
  YESTERDAY       65                        49     16       44
  MONTH TO DATE  769                       635    134      659
  SINCE DEC 1   2268                      2053    215     1917
  SINCE JUL 1   3476                      3755   -279     3207

 COOLING
  YESTERDAY        0                         0      0        0
  MONTH TO DATE    0                         0      0        0
  SINCE DEC 1      0                         0      0        0
  SINCE JAN 1      0                         0      0        0
..................................................................


WIND (MPH)
  HIGHEST WIND SPEED    21   HIGHEST WIND DIRECTION    SE (150)
  HIGHEST GUST SPEED    26   HIGHEST GUST DIRECTION    SE (150)
  AVERAGE WIND SPEED    10.1


SKY COVER
  POSSIBLE SUNSHINE  MM
  AVERAGE SKY COVER 0.4


WEATHER CONDITIONS
 THE FOLLOWING WEATHER WAS RECORDED YESTERDAY.
  LIGHT SNOW


RELATIVE HUMIDITY (PERCENT)
 HIGHEST    87          1200 AM
 LOWEST     59           400 PM
 AVERAGE    73

..........................................................


THE HURON SD CLIMATE NORMALS FOR TODAY
                         NORMAL    RECORD    YEAR
 MAXIMUM TEMPERATURE (F)   27        56      1901
 MINIMUM TEMPERATURE (F)    6       -32      1888


SUNRISE AND SUNSET
JANUARY 14 2017.......SUNRISE   806 AM CST   SUNSET   519 PM CST
JANUARY 15 2017.......SUNRISE   805 AM CST   SUNSET   520 PM CST


-  INDICATES NEGATIVE NUMBERS.
R  INDICATES RECORD WAS SET OR TIED.
MM INDICATES DATA IS MISSING.
T  INDICATES TRACE AMOUNT.




$$
