000
CDUS43 KFSD 120635
CLIHON


CLIMATE REPORT
NATIONAL WEATHER SERVICE SIOUX FALLS SD
1234 AM CST WED NOV 12 2014


...................................

...THE HURON SD CLIMATE SUMMARY FOR NOVEMBER 11 2014...

CLIMATE NORMAL PERIOD 1981 TO 2010
CLIMATE RECORD PERIOD 1881 TO 2014


WEATHER ITEM   OBSERVED TIME   RECORD YEAR NORMAL DEPARTURE LAST
                VALUE   (LST)  VALUE       VALUE  FROM      YEAR
                                                  NORMAL
..................................................................
TEMPERATURE (F)
 YESTERDAY
  MAXIMUM         18    342 PM  71    1999  46    -28       29
  MINIMUM          9   1159 PM -10    1986  25    -16        2
  AVERAGE         14                        35    -21       16

PRECIPITATION (IN)
  YESTERDAY        0.00          0.45 2000   0.03  -0.03     0.06
  MONTH TO DATE    0.44                      0.38   0.06     0.15
  SINCE SEP 1      1.82                      4.63  -2.81     6.97
  SINCE JAN 1     15.38                     21.89  -6.51    24.17

SNOWFALL (IN)
  YESTERDAY        0.0           4.5  2000   0.2   -0.2      1.0
  MONTH TO DATE    3.2                       1.8    1.4      1.6
  SINCE SEP 1      3.2                       2.9    0.3      2.5
  SINCE JUL 1      3.2                       2.9    0.3      2.5
  SNOW DEPTH       3

DEGREE DAYS
 HEATING
  YESTERDAY       51                        30     21       49
  MONTH TO DATE  285                       296    -11      323
  SINCE SEP 1    899                       997    -98      940
  SINCE JUL 1    932                      1026    -94      962

 COOLING
  YESTERDAY        0                         0      0        0
  MONTH TO DATE    0                         0      0        0
  SINCE SEP 1     74                        73      1      160
  SINCE JAN 1    597                       742   -145      848
..................................................................


WIND (MPH)
  HIGHEST WIND SPEED    26   HIGHEST WIND DIRECTION    NW (320)
  HIGHEST GUST SPEED    30   HIGHEST GUST DIRECTION    NW (310)
  AVERAGE WIND SPEED    17.7


SKY COVER
  POSSIBLE SUNSHINE  MM
  AVERAGE SKY COVER 0.6


WEATHER CONDITIONS
 THE FOLLOWING WEATHER WAS RECORDED YESTERDAY.
  NO SIGNIFICANT WEATHER WAS OBSERVED.


RELATIVE HUMIDITY (PERCENT)
 HIGHEST    80          1000 PM
 LOWEST     67          1100 AM
 AVERAGE    74

..........................................................


THE HURON SD CLIMATE NORMALS FOR TODAY
                         NORMAL    RECORD    YEAR
 MAXIMUM TEMPERATURE (F)   45        71      1887
 MINIMUM TEMPERATURE (F)   24        -6      1986
                                             1940
                                             1911


SUNRISE AND SUNSET
NOVEMBER 12 2014......SUNRISE   725 AM CST   SUNSET   509 PM CST
NOVEMBER 13 2014......SUNRISE   726 AM CST   SUNSET   508 PM CST


-  INDICATES NEGATIVE NUMBERS.
R  INDICATES RECORD WAS SET OR TIED.
MM INDICATES DATA IS MISSING.
T  INDICATES TRACE AMOUNT.




$$
