170
CDUS43 KFSD 162221
CLIHON


CLIMATE REPORT
NATIONAL WEATHER SERVICE SIOUX FALLS SD
520 PM CDT FRI JUN 16 2017


...................................

...THE HURON SD CLIMATE SUMMARY FOR JUNE 16 2017...
VALID TODAY AS OF 0500 PM LOCAL TIME.

CLIMATE NORMAL PERIOD 1981 TO 2010
CLIMATE RECORD PERIOD 1881 TO 2017


WEATHER ITEM   OBSERVED TIME   RECORD YEAR NORMAL DEPARTURE LAST
                VALUE   (LST)  VALUE       VALUE  FROM      YEAR
                                                  NORMAL
..................................................................
TEMPERATURE (F)
 TODAY
  MAXIMUM         83   1217 PM 101    1933  80      3       93
  MINIMUM         60    240 AM  38    1974  56      4       60
  AVERAGE         72                        68      4       77

PRECIPITATION (IN)
  TODAY            0.00          1.98 1891   0.13  -0.13     0.00
  MONTH TO DATE    2.12                      2.23  -0.11     1.88
  SINCE JUN 1      2.12                      2.23  -0.11     1.88
  SINCE JAN 1      6.21                     10.21  -4.00    10.69

SNOWFALL (IN)
  TODAY            0.0           0.0    MM   0.0    0.0      0.0
  MONTH TO DATE    0.0                       0.0    0.0      0.0
  SINCE JUN 1      0.0                       0.0    0.0      0.0
  SINCE JUL 1     35.9                      43.9   -8.0     33.0
  SNOW DEPTH       0

DEGREE DAYS
 HEATING
  TODAY            0                         1     -1        0
  MONTH TO DATE    1                        39    -38       17
  SINCE JUN 1      1                        39    -38       17
  SINCE JUL 1   6881                      7660   -779     6569

 COOLING
  TODAY            7                         4      3       12
  MONTH TO DATE  129                        48     81      111
  SINCE JUN 1    129                        48     81      111
  SINCE JAN 1    150                        81     69      142
..................................................................


WIND (MPH)
  HIGHEST WIND SPEED    16   HIGHEST WIND DIRECTION     N (350)
  HIGHEST GUST SPEED    20   HIGHEST GUST DIRECTION     N (350)
  AVERAGE WIND SPEED     5.5


SKY COVER
  POSSIBLE SUNSHINE  MM
  AVERAGE SKY COVER 0.4


WEATHER CONDITIONS
 THE FOLLOWING WEATHER WAS RECORDED TODAY.
  NO SIGNIFICANT WEATHER WAS OBSERVED.


RELATIVE HUMIDITY (PERCENT)
 HIGHEST    90           500 AM
 LOWEST     35           100 PM
 AVERAGE    63

..........................................................


THE HURON SD CLIMATE NORMALS FOR TOMORROW
                         NORMAL    RECORD    YEAR
 MAXIMUM TEMPERATURE (F)   80        99      1940
                                             1933
 MINIMUM TEMPERATURE (F)   57        40      1974


SUNRISE AND SUNSET
JUNE 16 2017..........SUNRISE   548 AM CDT   SUNSET   919 PM CDT
JUNE 17 2017..........SUNRISE   548 AM CDT   SUNSET   920 PM CDT


-  INDICATES NEGATIVE NUMBERS.
R  INDICATES RECORD WAS SET OR TIED.
MM INDICATES DATA IS MISSING.
T  INDICATES TRACE AMOUNT.




$$
