000
CDUS43 KFSD 192224
CLIHON


CLIMATE REPORT
NATIONAL WEATHER SERVICE SIOUX FALLS SD
523 PM CDT MON SEP 19 2016


...................................

...THE HURON SD CLIMATE SUMMARY FOR SEPTEMBER 19 2016...
VALID TODAY AS OF 0500 PM LOCAL TIME.

CLIMATE NORMAL PERIOD 1981 TO 2010
CLIMATE RECORD PERIOD 1881 TO 2016


WEATHER ITEM   OBSERVED TIME   RECORD YEAR NORMAL DEPARTURE LAST
                VALUE   (LST)  VALUE       VALUE  FROM      YEAR
                                                  NORMAL
..................................................................
TEMPERATURE (F)
 TODAY
  MAXIMUM         84    359 PM 101    1895  73     11       70
  MINIMUM         54    112 AM  23    1991  47      7       37
  AVERAGE         69                        60      9       54

PRECIPITATION (IN)
  TODAY            0.00          1.41 1993   0.08  -0.08     0.00
  MONTH TO DATE    1.20                      1.64  -0.44     0.24
  SINCE SEP 1      1.20                      1.64  -0.44     0.24
  SINCE JAN 1     15.75                     18.90  -3.15    19.43

SNOWFALL (IN)
  TODAY            0.0           0.0    MM   0.0    0.0      0.0
  MONTH TO DATE    0.0                       0.0    0.0      0.0
  SINCE SEP 1      0.0                       0.0    0.0      0.0
  SINCE JUL 1      0.0                       0.0    0.0      0.0
  SNOW DEPTH       0

DEGREE DAYS
 HEATING
  TODAY            0                         6     -6       11
  MONTH TO DATE   42                        72    -30       60
  SINCE SEP 1     42                        72    -30       60
  SINCE JUL 1     59                       101    -42      100

 COOLING
  TODAY            4                         1      3        0
  MONTH TO DATE   53                        60     -7      104
  SINCE SEP 1     53                        60     -7      104
  SINCE JAN 1    859                       729    130      760
..................................................................


WIND (MPH)
  HIGHEST WIND SPEED    16   HIGHEST WIND DIRECTION     W (290)
  HIGHEST GUST SPEED    24   HIGHEST GUST DIRECTION     N (360)
  AVERAGE WIND SPEED     7.9


SKY COVER
  POSSIBLE SUNSHINE  MM
  AVERAGE SKY COVER 0.0


WEATHER CONDITIONS
 THE FOLLOWING WEATHER WAS RECORDED TODAY.
  NO SIGNIFICANT WEATHER WAS OBSERVED.


RELATIVE HUMIDITY (PERCENT)
 HIGHEST    86          1200 AM
 LOWEST     25           400 PM
 AVERAGE    56

..........................................................


THE HURON SD CLIMATE NORMALS FOR TOMORROW
                         NORMAL    RECORD    YEAR
 MAXIMUM TEMPERATURE (F)   73        95      1941
                                             1891
 MINIMUM TEMPERATURE (F)   47        24      1918


SUNRISE AND SUNSET
SEPTEMBER 19 2016.....SUNRISE   717 AM CDT   SUNSET   735 PM CDT
SEPTEMBER 20 2016.....SUNRISE   718 AM CDT   SUNSET   733 PM CDT


-  INDICATES NEGATIVE NUMBERS.
R  INDICATES RECORD WAS SET OR TIED.
MM INDICATES DATA IS MISSING.
T  INDICATES TRACE AMOUNT.




$$
