000
CDUS43 KFSD 070645
CLIHON


CLIMATE REPORT
NATIONAL WEATHER SERVICE SIOUX FALLS SD
144 AM CDT MON APR 7 2014


...................................

...THE HURON SD CLIMATE SUMMARY FOR APRIL 6 2014...

CLIMATE NORMAL PERIOD 1981 TO 2010
CLIMATE RECORD PERIOD 1881 TO 2014


WEATHER ITEM   OBSERVED TIME   RECORD YEAR NORMAL DEPARTURE LAST
                VALUE   (LST)  VALUE       VALUE  FROM      YEAR
                                                  NORMAL
..................................................................
TEMPERATURE (F)
 YESTERDAY
  MAXIMUM         64    311 PM  88    1991  54     10       66
  MINIMUM         23    626 AM   8    1990  30     -7       34
  AVERAGE         44                        42      2       50

PRECIPITATION (IN)
  YESTERDAY        T             1.63 2001   0.07  -0.07     0.00
  MONTH TO DATE    T                         0.39  -0.39     0.00
  SINCE MAR 1      0.47                      1.85  -1.38     0.78
  SINCE JAN 1      1.03                      2.95  -1.92     2.16

SNOWFALL (IN)
  YESTERDAY        0.0           6.0  1935   0.2   -0.2      0.0
  MONTH TO DATE    T                         1.1   -1.1      0.0
  SINCE MAR 1      4.7                      10.0   -5.3      7.2
  SINCE JUL 1     26.4                      41.0  -14.6     40.4
  SNOW DEPTH       0

DEGREE DAYS
 HEATING
  YESTERDAY       21                        23     -2       15
  MONTH TO DATE  172                       143     29      148
  SINCE MAR 1   1273                      1130    143     1386
  SINCE JUL 1   7593                      6962    631     7212

 COOLING
  YESTERDAY        0                         0      0        0
  MONTH TO DATE    0                         0      0        0
  SINCE MAR 1      0                         0      0        0
  SINCE JAN 1      0                         0      0        0
..................................................................


WIND (MPH)
  HIGHEST WIND SPEED    22   HIGHEST WIND DIRECTION    NW (320)
  HIGHEST GUST SPEED    27   HIGHEST GUST DIRECTION    NW (320)
  AVERAGE WIND SPEED     4.6


SKY COVER
  POSSIBLE SUNSHINE  MM
  AVERAGE SKY COVER 0.1


WEATHER CONDITIONS
 THE FOLLOWING WEATHER WAS RECORDED YESTERDAY.
  FOG


RELATIVE HUMIDITY (PERCENT)
 HIGHEST    92           100 AM
 LOWEST     29           200 PM
 AVERAGE    61

..........................................................


THE HURON SD CLIMATE NORMALS FOR TODAY
                         NORMAL    RECORD    YEAR
 MAXIMUM TEMPERATURE (F)   55        82      1988
                                             1970
 MINIMUM TEMPERATURE (F)   31         9      1936


SUNRISE AND SUNSET
APRIL  7 2014.........SUNRISE   703 AM CDT   SUNSET   808 PM CDT
APRIL  8 2014.........SUNRISE   701 AM CDT   SUNSET   809 PM CDT


-  INDICATES NEGATIVE NUMBERS.
R  INDICATES RECORD WAS SET OR TIED.
MM INDICATES DATA IS MISSING.
T  INDICATES TRACE AMOUNT.




$$
