000
CDUS43 KFSD 130633
CLIHON


CLIMATE REPORT
NATIONAL WEATHER SERVICE SIOUX FALLS SD
133 AM CDT MON OCT 13 2014


...................................

...THE HURON SD CLIMATE SUMMARY FOR OCTOBER 12 2014...

CLIMATE NORMAL PERIOD 1981 TO 2010
CLIMATE RECORD PERIOD 1881 TO 2014


WEATHER ITEM   OBSERVED TIME   RECORD YEAR NORMAL DEPARTURE LAST
                VALUE   (LST)  VALUE       VALUE  FROM      YEAR
                                                  NORMAL
..................................................................
TEMPERATURE (F)
 YESTERDAY
  MAXIMUM         65    422 PM  86    1958  63      2       61
                                      1956
  MINIMUM         47    716 AM  13    1917  37     10       37
  AVERAGE         56                        50      6       49

PRECIPITATION (IN)
  YESTERDAY        0.04          1.69 1997   0.07  -0.03     0.00
  MONTH TO DATE    0.06                      0.78  -0.72     1.73
  SINCE SEP 1      1.16                      3.24  -2.08     3.14
  SINCE JAN 1     14.72                     20.50  -5.78    20.34

SNOWFALL (IN)
  YESTERDAY        0.0           1.0  2009   0.0    0.0      0.0
  MONTH TO DATE    0.0                       0.2   -0.2      0.0
  SINCE SEP 1      0.0                       0.2   -0.2      0.0
  SINCE JUL 1      0.0                       0.2   -0.2      0.0
  SNOW DEPTH       0

DEGREE DAYS
 HEATING
  YESTERDAY        9                        16     -7       16
  MONTH TO DATE  187                       159     28      104
  SINCE SEP 1    326                       326      0      157
  SINCE JUL 1    359                       355      4      179

 COOLING
  YESTERDAY        0                         0      0        0
  MONTH TO DATE    0                         0      0        0
  SINCE SEP 1     74                        69      5      160
  SINCE JAN 1    597                       738   -141      848
..................................................................


WIND (MPH)
  HIGHEST WIND SPEED    23   HIGHEST WIND DIRECTION    NW (320)
  HIGHEST GUST SPEED    28   HIGHEST GUST DIRECTION     S (170)
  AVERAGE WIND SPEED    13.3


SKY COVER
  POSSIBLE SUNSHINE  MM
  AVERAGE SKY COVER 0.3


WEATHER CONDITIONS
 THE FOLLOWING WEATHER WAS RECORDED YESTERDAY.
  LIGHT RAIN
  FOG


RELATIVE HUMIDITY (PERCENT)
 HIGHEST    89          1000 PM
 LOWEST     43           100 PM
 AVERAGE    66

..........................................................


THE HURON SD CLIMATE NORMALS FOR TODAY
                         NORMAL    RECORD    YEAR
 MAXIMUM TEMPERATURE (F)   62        91      1958
 MINIMUM TEMPERATURE (F)   36        11      1979


SUNRISE AND SUNSET
OCTOBER 13 2014.......SUNRISE   745 AM CDT   SUNSET   652 PM CDT
OCTOBER 14 2014.......SUNRISE   747 AM CDT   SUNSET   650 PM CDT


-  INDICATES NEGATIVE NUMBERS.
R  INDICATES RECORD WAS SET OR TIED.
MM INDICATES DATA IS MISSING.
T  INDICATES TRACE AMOUNT.




$$
