000
CDUS43 KFSD 120640
CLIHON


CLIMATE REPORT
NATIONAL WEATHER SERVICE SIOUX FALLS SD
1238 AM CST SUN MAR 12 2017


...................................

...THE HURON SD CLIMATE SUMMARY FOR MARCH 11 2017...

CLIMATE NORMAL PERIOD 1981 TO 2010
CLIMATE RECORD PERIOD 1881 TO 2017


WEATHER ITEM   OBSERVED TIME   RECORD YEAR NORMAL DEPARTURE LAST
                VALUE   (LST)  VALUE       VALUE  FROM      YEAR
                                                  NORMAL
..................................................................
TEMPERATURE (F)
 YESTERDAY
  MAXIMUM         19    411 PM  79    2016  41    -22       79
  MINIMUM         12    746 AM -17    1998  21     -9       37
  AVERAGE         16                        31    -15       58

PRECIPITATION (IN)
  YESTERDAY        0.05          2.34 1977   0.04   0.01     0.00
  MONTH TO DATE    0.37                      0.38  -0.01      T
  SINCE MAR 1      0.37                      0.38  -0.01      T
  SINCE JAN 1      1.17                      1.48  -0.31     0.87

SNOWFALL (IN)
  YESTERDAY        1.0           7.5  1927   0.3    0.7      0.0
  MONTH TO DATE    8.0                       3.6    4.4       T
  SINCE MAR 1      8.0                       3.6    4.4       T
  SINCE JUL 1     30.0                      34.6   -4.6     30.7
  SNOW DEPTH       3

DEGREE DAYS
 HEATING
  YESTERDAY       49                        34     15        7
  MONTH TO DATE  395                       397     -2      281
  SINCE MAR 1    395                       397     -2      281
  SINCE JUL 1   5544                      6229   -685     5357

 COOLING
  YESTERDAY        0                         0      0        0
  MONTH TO DATE    0                         0      0        0
  SINCE MAR 1      0                         0      0        0
  SINCE JAN 1      0                         0      0        0
..................................................................


WIND (MPH)
  HIGHEST WIND SPEED    14   HIGHEST WIND DIRECTION     E (90)
  HIGHEST GUST SPEED    23   HIGHEST GUST DIRECTION     S (190)
  AVERAGE WIND SPEED     6.3


SKY COVER
  POSSIBLE SUNSHINE  MM
  AVERAGE SKY COVER 0.9


WEATHER CONDITIONS
 THE FOLLOWING WEATHER WAS RECORDED YESTERDAY.
  LIGHT SNOW
  FOG


RELATIVE HUMIDITY (PERCENT)
 HIGHEST    92           500 AM
 LOWEST     73           200 AM
 AVERAGE    83

..........................................................


THE HURON SD CLIMATE NORMALS FOR TODAY
                         NORMAL    RECORD    YEAR
 MAXIMUM TEMPERATURE (F)   42        74      2015
 MINIMUM TEMPERATURE (F)   21       -16      1956


SUNRISE AND SUNSET
MARCH 12 2017.........SUNRISE   750 AM CDT   SUNSET   736 PM CDT
MARCH 13 2017.........SUNRISE   748 AM CDT   SUNSET   737 PM CDT


-  INDICATES NEGATIVE NUMBERS.
R  INDICATES RECORD WAS SET OR TIED.
MM INDICATES DATA IS MISSING.
T  INDICATES TRACE AMOUNT.




$$
