000
CDUS43 KFSD 212229
CLIHON


CLIMATE REPORT
NATIONAL WEATHER SERVICE SIOUX FALLS SD
529 PM CDT THU MAY 21 2015


...................................

...THE HURON SD CLIMATE SUMMARY FOR MAY 21 2015...
VALID TODAY AS OF 0500 PM LOCAL TIME.

CLIMATE NORMAL PERIOD 1981 TO 2010
CLIMATE RECORD PERIOD 1881 TO 2015


WEATHER ITEM   OBSERVED TIME   RECORD YEAR NORMAL DEPARTURE LAST
                VALUE   (LST)  VALUE       VALUE  FROM      YEAR
                                                  NORMAL
..................................................................
TEMPERATURE (F)
 TODAY
  MAXIMUM         76    359 PM  94    1964  72      4       72
  MINIMUM         40    542 AM  27    1963  48     -8       43
                                      1931
  AVERAGE         58                        60     -2       58

PRECIPITATION (IN)
  TODAY            0.00          2.26 1988   0.11  -0.11     0.00
  MONTH TO DATE    4.45                      2.03   2.42     1.24
  SINCE MAR 1      5.21                      5.80  -0.59     3.12
  SINCE JAN 1      5.82                      6.90  -1.08     3.68

SNOWFALL (IN)
  TODAY            0.0           0.0    MM   0.0    0.0      0.0
  MONTH TO DATE    0.0                       0.1   -0.1      0.0
  SINCE MAR 1      1.2                      13.0  -11.8      6.9
  SINCE JUL 1     22.8                      44.0  -21.2     28.6
  SNOW DEPTH       0

DEGREE DAYS
 HEATING
  TODAY            7                         6      1        7
  MONTH TO DATE  199                       193      6      270
  SINCE MAR 1   1500                      1739   -239     1963
  SINCE JUL 1   7437                      7571   -134     8283

 COOLING
  TODAY            0                         1     -1        0
  MONTH TO DATE    8                        18    -10        4
  SINCE MAR 1     10                        22    -12        4
  SINCE JAN 1     10                        22    -12        4
..................................................................


WIND (MPH)
  HIGHEST WIND SPEED    22   HIGHEST WIND DIRECTION     W (290)
  HIGHEST GUST SPEED    29   HIGHEST GUST DIRECTION    NW (300)
  AVERAGE WIND SPEED    11.2


SKY COVER
  POSSIBLE SUNSHINE  MM
  AVERAGE SKY COVER 0.0


WEATHER CONDITIONS
 THE FOLLOWING WEATHER WAS RECORDED TODAY.
  NO SIGNIFICANT WEATHER WAS OBSERVED.


RELATIVE HUMIDITY (PERCENT)
 HIGHEST    82           600 AM
 LOWEST     21           400 PM
 AVERAGE    52

..........................................................


THE HURON SD CLIMATE NORMALS FOR TOMORROW
                         NORMAL    RECORD    YEAR
 MAXIMUM TEMPERATURE (F)   72        92      1967
 MINIMUM TEMPERATURE (F)   48        21      1963


SUNRISE AND SUNSET
MAY 21 2015...........SUNRISE   600 AM CDT   SUNSET   900 PM CDT
MAY 22 2015...........SUNRISE   559 AM CDT   SUNSET   901 PM CDT


-  INDICATES NEGATIVE NUMBERS.
R  INDICATES RECORD WAS SET OR TIED.
MM INDICATES DATA IS MISSING.
T  INDICATES TRACE AMOUNT.




$$
